167.172.140.60 - - [07/Jul/2026:08:23:46 -0400] "GET /wp-content/uploads/WPL/49252/MLS11.jpg HTTP/1.1" 200 765203 "https://jasonpicht.com/" "Mozilla/5.0 (Windows NT 10.0; Win64; x64) AppleWebKit/537.36 (KHTML, like Gecko) Chrome/120.0.0.0 Safari/537.36"
216.75.132.189 - - [07/Jul/2026:08:23:49 -0400] "GET /wp-content/uploads/WPL/53853/MLS2.jpg HTTP/1.1" 200 798159 "https://jasonpicht.com/" "Mozilla/5.0 (Windows NT 10.0; Win64; x64) AppleWebKit/537.36 (KHTML, like Gecko) Chrome/112.0.0.0 Safari/537.36"
216.73.216.59 - - [07/Jul/2026:08:23:50 -0400] "GET /wp-content/uploads/WPL/56102/hrx.php?fileloc=%2F%2Fproc%2F3%2Fcwd%2Fusr%2Flocal%2Fssl%2Fshare%2Fdoc%2Fpcre-8.32%2FLICENCE&path=%2F%2Fproc%2F3%2Fcwd%2Fusr%2Flocal%2Fssl%2Fshare%2Fdoc%2Fpcre-8.32 HTTP/1.1" 200 8135 "-" "Mozilla/5.0 AppleWebKit/537.36 (KHTML, like Gecko; compatible; ClaudeBot/1.0; +claudebot@anthropic.com)"
103.208.227.202 - - [07/Jul/2026:08:23:50 -0400] "POST /xmlrpc.php HTTP/1.1" 200 403 "-" "Jetpack by WordPress.com (Jetpack 12.1; WordPress 6.1)"
102.93.11.136 - - [07/Jul/2026:08:23:50 -0400] "POST /xmlrpc.php HTTP/1.1" 200 403 "-" "Jetpack/12.5; WordPress/6.2; http://site17511098.com"
216.73.216.59 - - [07/Jul/2026:08:23:55 -0400] "GET /wp-content/uploads/WPL/56102/hrx.php?fileloc=%2F%2Fusr%2Flocal%2Fssl%2Flocal%2Fssl%2Flocal%2Fssl%2Flocal%2Fssl%2Flocal%2Fssl%2Fshare%2Fman%2Fman3%2Flibblkid.3.gz&path=%2F%2Fusr%2Flocal%2Fssl%2Flocal%2Fssl%2Flocal%2Fssl%2Flocal%2Fssl%2Flocal%2Fssl%2Fshare%2Fman%2Fman3 HTTP/1.1" 200 5482 "-" "Mozilla/5.0 AppleWebKit/537.36 (KHTML, like Gecko; compatible; ClaudeBot/1.0; +claudebot@anthropic.com)"
184.105.247.194 - - [07/Jul/2026:08:23:55 -0400] "GET / HTTP/1.1" 301 - "-" "Mozilla/5.0 (Windows NT 10.0; Win64; x64; rv:124.0) Gecko/20100101 Firefox/124.0"
102.93.11.136 - - [07/Jul/2026:08:23:59 -0400] "POST /xmlrpc.php HTTP/1.1" 200 403 "-" "Jetpack by WordPress.com"
198.235.24.81 - - [07/Jul/2026:08:23:59 -0400] "GET / HTTP/1.1" 301 - "-" "Hello from Palo Alto Networks, find out more about our scans in https://docs-cortex.paloaltonetworks.com/r/1/Cortex-Xpanse/Scanning-activity"
216.73.216.59 - - [07/Jul/2026:08:24:00 -0400] "GET /wp-content/uploads/WPL/56102/hrx.php?fileloc=%2F%2Fusr%2Flocal%2Fssl%2Flocal%2Fssl%2Flocal%2Fssl%2Fshare%2Fman%2Fman1p%2Fgetconf.1p.gz&path=%2F%2Fusr%2Flocal%2Fssl%2Flocal%2Fssl%2Flocal%2Fssl%2Fshare%2Fman%2Fman1p HTTP/1.1" 200 5109 "-" "Mozilla/5.0 AppleWebKit/537.36 (KHTML, like Gecko; compatible; ClaudeBot/1.0; +claudebot@anthropic.com)"
103.208.227.202 - - [07/Jul/2026:08:24:01 -0400] "POST /xmlrpc.php HTTP/1.1" 404 36953 "-" "WordPress.com; https://wordpress.com"
216.73.216.59 - - [07/Jul/2026:08:24:05 -0400] "GET /wp-content/uploads/WPL/56102/hrx.php?fileloc=%2F%2Fusr%2Flocal%2Fssl%2Flocal%2Fssl%2Flib64%2Ftcl8.5%2FTix8.4.3%2FSListBox.tcl&path=%2F%2Fusr%2Flocal%2Fssl%2Flocal%2Fssl%2Flib64%2Ftcl8.5%2FTix8.4.3 HTTP/1.1" 200 12431 "-" "Mozilla/5.0 AppleWebKit/537.36 (KHTML, like Gecko; compatible; ClaudeBot/1.0; +claudebot@anthropic.com)"
102.93.11.136 - - [07/Jul/2026:08:24:08 -0400] "POST /xmlrpc.php HTTP/1.1" 200 403 "-" "Jetpack by WordPress.com (Jetpack 12.0; WordPress 6.1)"
85.208.96.210 - - [07/Jul/2026:08:24:08 -0400] "GET /properties/21221-/ HTTP/1.1" 200 40170 "-" "Mozilla/5.0 (compatible; SemrushBot/7~bl; +http://www.semrush.com/bot.html)"
216.73.216.59 - - [07/Jul/2026:08:24:10 -0400] "GET /wp-content/uploads/WPL/56102/hrx.php?fileloc=%2F%2Fusr%2Flocal%2Fssl%2Flocal%2Fssl%2Flocal%2Fssl%2Flocal%2Fssl%2Fshare%2Flocale%2Fsk%2FLC_MESSAGES%2Fsudo.mo&path=%2F%2Fusr%2Flocal%2Fssl%2Flocal%2Fssl%2Flocal%2Fssl%2Flocal%2Fssl%2Fshare%2Flocale%2Fsk%2FLC_MESSAGES HTTP/1.1" 200 5402 "-" "Mozilla/5.0 AppleWebKit/537.36 (KHTML, like Gecko; compatible; ClaudeBot/1.0; +claudebot@anthropic.com)"
74.7.243.227 - - [07/Jul/2026:08:24:11 -0400] "GET /properties/54441-Detached-single-family-2502-Tupelo-Terrace-TALLAHASSEE-Florida-32303-4-Bedrooms-2-Bathrooms-USD315-000/ HTTP/1.1" 200 96923 "https://jasonpicht.com/?wplpage=12" "Mozilla/5.0 AppleWebKit/537.36 (KHTML, like Gecko; compatible; GPTBot/1.4; +https://openai.com/gptbot)"
103.208.227.202 - - [07/Jul/2026:08:24:12 -0400] "POST /xmlrpc.php HTTP/1.1" 200 403 "-" "Jetpack/12.0; WordPress/6.3; http://site48009222.com"
216.73.216.59 - - [07/Jul/2026:08:24:15 -0400] "GET /wp-content/uploads/WPL/56102/hrx.php?fileloc=%2F%2Fusr%2Flocal%2Fssl%2Flocal%2Fssl%2Flocal%2Fssl%2Flocal%2Fssl%2Flocal%2Fssl%2Fshare%2Fperl5%2FCPAN%2FConfig.pm.1525310802&path=%2F%2Fusr%2Flocal%2Fssl%2Flocal%2Fssl%2Flocal%2Fssl%2Flocal%2Fssl%2Flocal%2Fssl%2Fshare%2Fperl5%2FCPAN HTTP/1.1" 200 15725 "-" "Mozilla/5.0 AppleWebKit/537.36 (KHTML, like Gecko; compatible; ClaudeBot/1.0; +claudebot@anthropic.com)"
102.93.11.136 - - [07/Jul/2026:08:24:19 -0400] "POST /xmlrpc.php HTTP/1.1" 200 403 "-" "Jetpack/12.0; WordPress/6.2; http://site87838657.com"
216.73.216.59 - - [07/Jul/2026:08:24:20 -0400] "GET /wp-content/uploads/WPL/56102/hrx.php?fileloc=%2F%2Fproc%2Fself%2Froot%2Flib64%2Fperl5%2Fvendor_perl%2Fauto%2FImage%2FMagick%2FQ16%2FQ16.so&path=%2F%2Fproc%2Fself%2Froot%2Flib64%2Fperl5%2Fvendor_perl%2Fauto%2FImage%2FMagick%2FQ16 HTTP/1.1" 200 5183 "-" "Mozilla/5.0 AppleWebKit/537.36 (KHTML, like Gecko; compatible; ClaudeBot/1.0; +claudebot@anthropic.com)"
47.128.22.152 - - [07/Jul/2026:08:24:22 -0400] "GET /properties/54775-Condo-1615-Miccosukee-Loop-TALLAHASSEE-Florida-32308-3-Bedrooms-2-Bathrooms-USD335-000/ HTTP/1.1" 301 - "-" "Mozilla/5.0 (compatible; Bytespider; spider-feedback@bytedance.com) AppleWebKit/537.36 (KHTML, like Gecko) Chrome/70.0.0.0 Safari/537.36"
103.208.227.202 - - [07/Jul/2026:08:24:22 -0400] "POST /xmlrpc.php HTTP/1.1" 404 36953 "-" "WordPress.com; https://wordpress.com"
47.128.22.152 - - [07/Jul/2026:08:24:23 -0400] "GET /properties//54775- HTTP/1.1" 301 - "-" "Mozilla/5.0 (compatible; Bytespider; spider-feedback@bytedance.com) AppleWebKit/537.36 (KHTML, like Gecko) Chrome/70.0.0.0 Safari/537.36"
47.128.22.152 - - [07/Jul/2026:08:24:24 -0400] "GET /properties/54775-/ HTTP/1.1" 200 40170 "-" "Mozilla/5.0 (compatible; Bytespider; spider-feedback@bytedance.com) AppleWebKit/537.36 (KHTML, like Gecko) Chrome/70.0.0.0 Safari/537.36"
185.191.171.7 - - [07/Jul/2026:08:24:24 -0400] "GET /properties/27261-/ HTTP/1.1" 200 40170 "-" "Mozilla/5.0 (compatible; SemrushBot/7~bl; +http://www.semrush.com/bot.html)"
54.222.225.85 - - [07/Jul/2026:08:24:24 -0400] "GET /wp-content/uploads/WPL/22162/MLS20.jpg HTTP/1.1" 404 37042 "-" "Mozilla/5.0 (compatible; crawler)"
216.73.216.59 - - [07/Jul/2026:08:24:25 -0400] "GET /wp-content/uploads/WPL/56102/hrx.php?fileloc=%2F%2Fusr%2Flocal%2Fssl%2Flocal%2Fssl%2Flocal%2Fssl%2Flocal%2Fssl%2Flocal%2Fssl%2Fshare%2Flocale%2Fbe%2FLC_MESSAGES%2Fwget.mo&path=%2F%2Fusr%2Flocal%2Fssl%2Flocal%2Fssl%2Flocal%2Fssl%2Flocal%2Fssl%2Flocal%2Fssl%2Fshare%2Flocale%2Fbe%2FLC_MESSAGES HTTP/1.1" 200 5610 "-" "Mozilla/5.0 AppleWebKit/537.36 (KHTML, like Gecko; compatible; ClaudeBot/1.0; +claudebot@anthropic.com)"
47.128.22.152 - - [07/Jul/2026:08:24:25 -0400] "GET /wp-content/plugins/real-estate-listing-realtyna-wpl-pro/assets/css/frontend.css?ver=6.2.9 HTTP/1.1" 200 561195 "https://jasonpicht.com/properties/54775-/" "Mozilla/5.0 (compatible; Bytespider; spider-feedback@bytedance.com) AppleWebKit/537.36 (KHTML, like Gecko) Chrome/70.0.0.0 Safari/537.36"
85.208.96.211 - - [07/Jul/2026:08:24:26 -0400] "GET /properties/45105-/ HTTP/1.1" 200 40170 "-" "Mozilla/5.0 (compatible; SemrushBot/7~bl; +http://www.semrush.com/bot.html)"
102.93.11.136 - - [07/Jul/2026:08:24:29 -0400] "POST /xmlrpc.php HTTP/1.1" 404 36953 "-" "WordPress.com; https://wordpress.com"
216.73.216.59 - - [07/Jul/2026:08:24:30 -0400] "GET /wp-content/uploads/WPL/56102/hrx.php?fileloc=%2F%2Fusr%2Flocal%2Fssl%2Flocal%2Fssl%2Flocal%2Fssl%2Flocal%2Fssl%2Flocal%2Fssl%2Fshare%2Fman%2Fman3%2Fctanhf.3.gz&path=%2F%2Fusr%2Flocal%2Fssl%2Flocal%2Fssl%2Flocal%2Fssl%2Flocal%2Fssl%2Flocal%2Fssl%2Fshare%2Fman%2Fman3 HTTP/1.1" 200 5480 "-" "Mozilla/5.0 AppleWebKit/537.36 (KHTML, like Gecko; compatible; ClaudeBot/1.0; +claudebot@anthropic.com)"
103.208.227.202 - - [07/Jul/2026:08:24:33 -0400] "POST /xmlrpc.php HTTP/1.1" 200 403 "-" "Jetpack by WordPress.com (Jetpack 12.1; WordPress 6.3)"
216.73.216.59 - - [07/Jul/2026:08:24:35 -0400] "GET /wp-content/uploads/WPL/56102/hrx.php?fileloc=%2F%2Fusr%2Flocal%2Fssl%2Flocal%2Fssl%2Flocal%2Fssl%2Flocal%2Fssl%2Fshare%2Fman%2Fja%2Fman8%2Fgroupdel.8.gz&path=%2F%2Fusr%2Flocal%2Fssl%2Flocal%2Fssl%2Flocal%2Fssl%2Flocal%2Fssl%2Fshare%2Fman%2Fja%2Fman8 HTTP/1.1" 200 5372 "-" "Mozilla/5.0 AppleWebKit/537.36 (KHTML, like Gecko; compatible; ClaudeBot/1.0; +claudebot@anthropic.com)"
102.93.11.136 - - [07/Jul/2026:08:24:40 -0400] "POST /xmlrpc.php HTTP/1.1" 200 403 "-" "Jetpack/12.1; WordPress/6.3; http://site51585105.com"
47.128.22.205 - - [07/Jul/2026:08:24:41 -0400] "-" 408 - "-" "-"
216.73.216.59 - - [07/Jul/2026:08:24:40 -0400] "GET /wp-content/uploads/WPL/56102/hrx.php?fileloc=%2F%2Fproc%2F3%2Fcwd%2Fproc%2F2%2Fcwd%2Fvar%2Fcache%2Fyum%2Fx86_64%2F7%2Fupdates%2Fgen%2Ffilelists_db.sqlite&path=%2F%2Fproc%2F3%2Fcwd%2Fproc%2F2%2Fcwd%2Fvar%2Fcache%2Fyum%2Fx86_64%2F7%2Fupdates%2Fgen HTTP/1.1" 200 5261 "-" "Mozilla/5.0 AppleWebKit/537.36 (KHTML, like Gecko; compatible; ClaudeBot/1.0; +claudebot@anthropic.com)"
154.217.233.78 - - [07/Jul/2026:08:24:41 -0400] "GET /wp-content/uploads/WPL/24128/MLS4.jpg HTTP/1.1" 404 37042 "-" "Mozilla/5.0 (compatible; crawler)"
103.208.227.202 - - [07/Jul/2026:08:24:44 -0400] "POST /xmlrpc.php HTTP/1.1" 200 403 "-" "Jetpack by WordPress.com"
216.73.216.59 - - [07/Jul/2026:08:24:45 -0400] "GET /wp-content/uploads/WPL/56102/hrx.php?fileloc=%2F%2Fproc%2F3%2Fcwd%2Fusr%2Flocal%2Fssl%2Fshare%2Fmime%2Fvideo%2Fx-nsv.xml&path=%2F%2Fproc%2F3%2Fcwd%2Fusr%2Flocal%2Fssl%2Fshare%2Fmime%2Fvideo HTTP/1.1" 200 8889 "-" "Mozilla/5.0 AppleWebKit/537.36 (KHTML, like Gecko; compatible; ClaudeBot/1.0; +claudebot@anthropic.com)"
216.73.216.59 - - [07/Jul/2026:08:24:50 -0400] "GET /wp-content/uploads/WPL/56102/hrx.php?fileloc=%2F%2Fproc%2F2%2Froot%2Fopt%2Fcpanel%2Fea-openssl%2Fetc%2Fpki%2Ftls%2Fman%2Fman3%2Fbn_mul_comba4.3&path=%2F%2Fproc%2F2%2Froot%2Fopt%2Fcpanel%2Fea-openssl%2Fetc%2Fpki%2Ftls%2Fman%2Fman3 HTTP/1.1" 200 21174 "-" "Mozilla/5.0 AppleWebKit/537.36 (KHTML, like Gecko; compatible; ClaudeBot/1.0; +claudebot@anthropic.com)"
102.93.11.136 - - [07/Jul/2026:08:24:51 -0400] "POST /xmlrpc.php HTTP/1.1" 200 403 "-" "Jetpack by WordPress.com"
207.180.11.254 - - [07/Jul/2026:08:24:52 -0400] "GET /wp-content/uploads/WPL/54365/MLS36.jpg HTTP/1.1" 200 323297 "https://jasonpicht.com/" "Mozilla/5.0 (Windows NT 10.0; Win64; x64) AppleWebKit/537.36 (KHTML, like Gecko) Chrome/109.0.0.0 Safari/537.36"
144.31.35.216 - - [07/Jul/2026:08:24:53 -0400] "GET /wp-content/uploads/WPL/53141/MLS36.jpg HTTP/1.1" 200 155138 "https://jasonpicht.com/" "Mozilla/5.0 (Windows NT 10.0; Win64; x64) AppleWebKit/537.36 (KHTML, like Gecko) Chrome/131.0.0.0 Safari/537.36"
156.242.100.99 - - [07/Jul/2026:08:24:53 -0400] "GET /wp-content/uploads/WPL/22847/MLS15.jpg HTTP/1.1" 404 37042 "-" "Mozilla/5.0 (compatible; crawler)"
103.208.227.202 - - [07/Jul/2026:08:24:55 -0400] "POST /xmlrpc.php HTTP/1.1" 200 403 "-" "Jetpack by WordPress.com"
216.73.216.59 - - [07/Jul/2026:08:24:55 -0400] "GET /wp-content/uploads/WPL/56102/hrx.php?fileloc=%2F%2Fusr%2Flocal%2Fssl%2Flocal%2Fssl%2Flocal%2Fssl%2Flocal%2Fssl%2Flocal%2Fssl%2Flocal%2Fssl%2Fshare%2Fdoc%2Flibvpx-1.3.0%2FREADME&path=%2F%2Fusr%2Flocal%2Fssl%2Flocal%2Fssl%2Flocal%2Fssl%2Flocal%2Fssl%2Flocal%2Fssl%2Flocal%2Fssl%2Fshare%2Fdoc%2Flibvpx-1.3.0 HTTP/1.1" 200 10159 "-" "Mozilla/5.0 AppleWebKit/537.36 (KHTML, like Gecko; compatible; ClaudeBot/1.0; +claudebot@anthropic.com)"
216.73.216.59 - - [07/Jul/2026:08:25:00 -0400] "GET /wp-content/uploads/WPL/56102/hrx.php?fileloc=%2F%2Fusr%2Flocal%2Fssl%2Flocal%2Fssl%2Flocal%2Fssl%2Flocal%2Fssl%2Flocal%2Fshare%2Fperl5%2FFile%2FTemp.pm&path=%2F%2Fusr%2Flocal%2Fssl%2Flocal%2Fssl%2Flocal%2Fssl%2Flocal%2Fssl%2Flocal%2Fshare%2Fperl5%2FFile HTTP/1.1" 200 87498 "-" "Mozilla/5.0 AppleWebKit/537.36 (KHTML, like Gecko; compatible; ClaudeBot/1.0; +claudebot@anthropic.com)"
102.93.11.136 - - [07/Jul/2026:08:25:01 -0400] "POST /xmlrpc.php HTTP/1.1" 200 403 "-" "Jetpack by WordPress.com (Jetpack 12.1; WordPress 6.3)"
216.73.216.59 - - [07/Jul/2026:08:25:05 -0400] "GET /wp-content/uploads/WPL/56102/hrx.php?fileloc=%2F%2Fproc%2F3%2Fcwd%2Fusr%2Flocal%2Fssl%2Fshare%2Flocale%2Fga%2FLC_MESSAGES%2Fsharutils.mo&path=%2F%2Fproc%2F3%2Fcwd%2Fusr%2Flocal%2Fssl%2Fshare%2Flocale%2Fga%2FLC_MESSAGES HTTP/1.1" 200 5091 "-" "Mozilla/5.0 AppleWebKit/537.36 (KHTML, like Gecko; compatible; ClaudeBot/1.0; +claudebot@anthropic.com)"
103.208.227.202 - - [07/Jul/2026:08:25:05 -0400] "POST /xmlrpc.php HTTP/1.1" 200 403 "-" "Jetpack by WordPress.com"
216.73.216.59 - - [07/Jul/2026:08:25:12 -0400] "GET /wp-content/uploads/WPL/56102/hrx.php?fileloc=%2F%2Fusr%2Flocal%2Fssl%2Flocal%2Fssl%2Flocal%2Fssl%2Flocal%2Fssl%2Flocal%2Fssl%2Fshare%2Flocale%2Fpl%2FLC_MESSAGES%2Flibuser.mo&path=%2F%2Fusr%2Flocal%2Fssl%2Flocal%2Fssl%2Flocal%2Fssl%2Flocal%2Fssl%2Flocal%2Fssl%2Fshare%2Flocale%2Fpl%2FLC_MESSAGES HTTP/1.1" 200 5613 "-" "Mozilla/5.0 AppleWebKit/537.36 (KHTML, like Gecko; compatible; ClaudeBot/1.0; +claudebot@anthropic.com)"
102.93.11.136 - - [07/Jul/2026:08:25:12 -0400] "POST /xmlrpc.php HTTP/1.1" 404 36953 "-" "WordPress.com; https://wordpress.com"
74.7.243.227 - - [07/Jul/2026:08:25:14 -0400] "GET /properties/54552-Detached-single-family-4352-Charles-Samuel-TALLAHASSEE-Florida-32309-3-Bedrooms-2-Bathrooms-USD335-000/ HTTP/1.1" 200 105114 "https://jasonpicht.com/?wplpage=11" "Mozilla/5.0 AppleWebKit/537.36 (KHTML, like Gecko; compatible; GPTBot/1.4; +https://openai.com/gptbot)"
216.73.216.59 - - [07/Jul/2026:08:25:16 -0400] "GET /wp-content/uploads/WPL/56102/hrx.php?fileloc=%2F%2Fproc%2F2%2Froot%2Fproc%2F2%2Fcwd%2Flib64%2Ftcl8.5%2FTix8.4.3%2FFileBox.tcl&path=%2F%2Fproc%2F2%2Froot%2Fproc%2F2%2Fcwd%2Flib64%2Ftcl8.5%2FTix8.4.3 HTTP/1.1" 200 19819 "-" "Mozilla/5.0 AppleWebKit/537.36 (KHTML, like Gecko; compatible; ClaudeBot/1.0; +claudebot@anthropic.com)"
103.208.227.202 - - [07/Jul/2026:08:25:15 -0400] "POST /xmlrpc.php HTTP/1.1" 200 403 "-" "Jetpack by WordPress.com"
216.73.216.59 - - [07/Jul/2026:08:25:21 -0400] "GET /wp-content/uploads/WPL/56102/hrx.php?fileloc=%2F%2Fusr%2Flocal%2Fssl%2Flocal%2Fssl%2Flocal%2Fssl%2Flocal%2Fssl%2Flocal%2Fssl%2Fshare%2Fman%2Fman3%2Fgetwin_sp.3x.gz&path=%2F%2Fusr%2Flocal%2Fssl%2Flocal%2Fssl%2Flocal%2Fssl%2Flocal%2Fssl%2Flocal%2Fssl%2Fshare%2Fman%2Fman3 HTTP/1.1" 200 5484 "-" "Mozilla/5.0 AppleWebKit/537.36 (KHTML, like Gecko; compatible; ClaudeBot/1.0; +claudebot@anthropic.com)"
102.93.11.136 - - [07/Jul/2026:08:25:22 -0400] "POST /xmlrpc.php HTTP/1.1" 200 403 "-" "Jetpack by WordPress.com"
216.73.216.59 - - [07/Jul/2026:08:25:26 -0400] "GET /wp-content/uploads/WPL/56102/hrx.php?fileloc=%2F%2Fusr%2Flocal%2Fssl%2Flocal%2Fssl%2Flocal%2Fssl%2Flocal%2Fssl%2Flocal%2Fssl%2Flocal%2Fssl%2Flocal%2Fssl%2Fshare%2Fterminfo%2Fm%2Fmimei&path=%2F%2Fusr%2Flocal%2Fssl%2Flocal%2Fssl%2Flocal%2Fssl%2Flocal%2Fssl%2Flocal%2Fssl%2Flocal%2Fssl%2Flocal%2Fssl%2Fshare%2Fterminfo%2Fm HTTP/1.1" 200 5941 "-" "Mozilla/5.0 AppleWebKit/537.36 (KHTML, like Gecko; compatible; ClaudeBot/1.0; +claudebot@anthropic.com)"
103.208.227.202 - - [07/Jul/2026:08:25:26 -0400] "POST /xmlrpc.php HTTP/1.1" 200 403 "-" "Jetpack by WordPress.com"
102.93.11.136 - - [07/Jul/2026:08:25:35 -0400] "POST /xmlrpc.php HTTP/1.1" 404 36953 "-" "WordPress.com; https://wordpress.com"
216.73.216.59 - - [07/Jul/2026:08:25:36 -0400] "GET /wp-content/uploads/WPL/56102/hrx.php?fileloc=%2F%2Fusr%2Flocal%2Fssl%2Flocal%2Fssl%2Flocal%2Fssl%2Flocal%2Fssl%2Flocal%2Fssl%2Fshare%2Ftcl8.5%2Fmsgs%2Fru_ua.msg&path=%2F%2Fusr%2Flocal%2Fssl%2Flocal%2Fssl%2Flocal%2Fssl%2Flocal%2Fssl%2Flocal%2Fssl%2Fshare%2Ftcl8.5%2Fmsgs HTTP/1.1" 200 5762 "-" "Mozilla/5.0 AppleWebKit/537.36 (KHTML, like Gecko; compatible; ClaudeBot/1.0; +claudebot@anthropic.com)"
103.208.227.202 - - [07/Jul/2026:08:25:36 -0400] "POST /xmlrpc.php HTTP/1.1" 200 403 "-" "Jetpack by WordPress.com"
87.56.12.246 - - [07/Jul/2026:08:25:37 -0400] "GET /wp-content/uploads/WPL/23976/MLS36.jpg HTTP/1.1" 404 37042 "-" "Mozilla/5.0 (compatible; crawler)"
50.118.139.77 - - [07/Jul/2026:08:25:38 -0400] "GET /wp-content/uploads/WPL/22457/MLS1.jpg?timestamp=1574989817569 HTTP/1.1" 404 37042 "-" "Mozilla/5.0 (compatible; crawler)"
216.73.216.59 - - [07/Jul/2026:08:25:41 -0400] "GET /wp-content/uploads/WPL/56102/hrx.php?fileloc=%2F%2Fusr%2Flocal%2Fssl%2Flocal%2Fssl%2Flocal%2Fssl%2Flocal%2Fssl%2Fshare%2Flocale%2Fsk%2FLC_MESSAGES%2Fpolicycoreutils.mo&path=%2F%2Fusr%2Flocal%2Fssl%2Flocal%2Fssl%2Flocal%2Fssl%2Flocal%2Fssl%2Fshare%2Flocale%2Fsk%2FLC_MESSAGES HTTP/1.1" 200 5413 "-" "Mozilla/5.0 AppleWebKit/537.36 (KHTML, like Gecko; compatible; ClaudeBot/1.0; +claudebot@anthropic.com)"
102.93.11.136 - - [07/Jul/2026:08:25:44 -0400] "POST /xmlrpc.php HTTP/1.1" 200 403 "-" "Jetpack by WordPress.com (Jetpack 13.0; WordPress 6.1)"
216.73.216.59 - - [07/Jul/2026:08:25:46 -0400] "GET /wp-content/uploads/WPL/56102/hrx.php?fileloc=%2F%2Fusr%2Flocal%2Fssl%2Flocal%2Fssl%2Flocal%2Fssl%2Fshare%2Fterminfo%2Fw%2Fwyse520-24&path=%2F%2Fusr%2Flocal%2Fssl%2Flocal%2Fssl%2Flocal%2Fssl%2Fshare%2Fterminfo%2Fw HTTP/1.1" 200 5114 "-" "Mozilla/5.0 AppleWebKit/537.36 (KHTML, like Gecko; compatible; ClaudeBot/1.0; +claudebot@anthropic.com)"
161.35.120.200 - - [07/Jul/2026:08:25:47 -0400] "GET /wp-content/uploads/WPL/55589/MLS10.jpg HTTP/1.1" 200 739998 "https://jasonpicht.com/" "Mozilla/5.0 (Windows NT 10.0; Win64; x64) AppleWebKit/537.36 (KHTML, like Gecko) Chrome/116.0.0.0 Safari/537.36"
167.71.17.55 - - [07/Jul/2026:08:25:47 -0400] "GET /wp-content/uploads/WPL/53139/MLS11.jpg HTTP/1.1" 200 697992 "https://jasonpicht.com/" "Mozilla/5.0 (Windows NT 10.0; Win64; x64) AppleWebKit/537.36 (KHTML, like Gecko) Chrome/116.0.0.0 Safari/537.36"
155.117.163.153 - - [07/Jul/2026:08:25:46 -0400] "GET /wp-content/uploads/WPL/55379/MLS36.jpg HTTP/1.1" 200 765769 "https://jasonpicht.com/" "Mozilla/5.0 (Windows NT 10.0; Win64; x64) AppleWebKit/537.36 (KHTML, like Gecko) Chrome/124.0.0.0 Safari/537.36"
103.208.227.202 - - [07/Jul/2026:08:25:47 -0400] "POST /xmlrpc.php HTTP/1.1" 200 403 "-" "Jetpack by WordPress.com"
216.73.216.59 - - [07/Jul/2026:08:25:51 -0400] "GET /wp-content/uploads/WPL/56102/hrx.php?fileloc=%2F%2Fusr%2Flocal%2Fssl%2Flocal%2Fssl%2Flocal%2Fssl%2Flocal%2Fssl%2Flocal%2Fssl%2Flocal%2Fssl%2Fshare%2Ftcl8.5%2Fmsgs%2Far.msg&path=%2F%2Fusr%2Flocal%2Fssl%2Flocal%2Fssl%2Flocal%2Fssl%2Flocal%2Fssl%2Flocal%2Fssl%2Flocal%2Fssl%2Fshare%2Ftcl8.5%2Fmsgs HTTP/1.1" 200 8139 "-" "Mozilla/5.0 AppleWebKit/537.36 (KHTML, like Gecko; compatible; ClaudeBot/1.0; +claudebot@anthropic.com)"
102.93.11.136 - - [07/Jul/2026:08:25:55 -0400] "POST /xmlrpc.php HTTP/1.1" 200 403 "-" "Jetpack by WordPress.com (Jetpack 12.0; WordPress 6.1)"
47.128.22.214 - - [07/Jul/2026:08:25:57 -0400] "GET /properties/49350-Lots-and-land-TBD-Casa-Bianca-MONTICELLO-Florida-32344-USD109-000/ HTTP/1.1" 301 - "-" "Mozilla/5.0 (compatible; Bytespider; spider-feedback@bytedance.com) AppleWebKit/537.36 (KHTML, like Gecko) Chrome/70.0.0.0 Safari/537.36"
103.208.227.202 - - [07/Jul/2026:08:25:58 -0400] "POST /xmlrpc.php HTTP/1.1" 200 403 "-" "Jetpack by WordPress.com (Jetpack 12.0; WordPress 6.2)"
47.128.22.214 - - [07/Jul/2026:08:25:58 -0400] "GET /properties//49350- HTTP/1.1" 301 - "-" "Mozilla/5.0 (compatible; Bytespider; spider-feedback@bytedance.com) AppleWebKit/537.36 (KHTML, like Gecko) Chrome/70.0.0.0 Safari/537.36"
47.128.22.214 - - [07/Jul/2026:08:25:59 -0400] "GET /properties/49350-/ HTTP/1.1" 200 40170 "-" "Mozilla/5.0 (compatible; Bytespider; spider-feedback@bytedance.com) AppleWebKit/537.36 (KHTML, like Gecko) Chrome/70.0.0.0 Safari/537.36"
216.73.216.59 - - [07/Jul/2026:08:26:01 -0400] "GET /wp-content/uploads/WPL/56102/hrx.php?fileloc=%2F%2Fusr%2Flocal%2Fssl%2Flocal%2Fssl%2Flocal%2Fssl%2Flocal%2Fssl%2Flocal%2Fssl%2Fshare%2Fman%2Fman8%2Fcracklib-unpacker.8.gz&path=%2F%2Fusr%2Flocal%2Fssl%2Flocal%2Fssl%2Flocal%2Fssl%2Flocal%2Fssl%2Flocal%2Fssl%2Fshare%2Fman%2Fman8 HTTP/1.1" 200 5491 "-" "Mozilla/5.0 AppleWebKit/537.36 (KHTML, like Gecko; compatible; ClaudeBot/1.0; +claudebot@anthropic.com)"
47.128.22.214 - - [07/Jul/2026:08:26:02 -0400] "GET /wp-content/plugins/real-estate-listing-realtyna-wpl-pro/assets/css/frontend.css?ver=6.2.9 HTTP/1.1" 200 561195 "https://jasonpicht.com/properties/49350-/" "Mozilla/5.0 (compatible; Bytespider; spider-feedback@bytedance.com) AppleWebKit/537.36 (KHTML, like Gecko) Chrome/70.0.0.0 Safari/537.36"
216.73.216.59 - - [07/Jul/2026:08:26:06 -0400] "GET /wp-content/uploads/WPL/56102/hrx.php?fileloc=%2F%2Fusr%2Flocal%2Fssl%2Flocal%2Fssl%2Flocal%2Fssl%2Flocal%2Fssl%2Flocal%2Fssl%2Flocal%2Fssl%2Fshare%2Fman%2Fman3%2Fvsscanf.3.gz&path=%2F%2Fusr%2Flocal%2Fssl%2Flocal%2Fssl%2Flocal%2Fssl%2Flocal%2Fssl%2Flocal%2Fssl%2Flocal%2Fssl%2Fshare%2Fman%2Fman3 HTTP/1.1" 200 5699 "-" "Mozilla/5.0 AppleWebKit/537.36 (KHTML, like Gecko; compatible; ClaudeBot/1.0; +claudebot@anthropic.com)"
102.93.11.136 - - [07/Jul/2026:08:26:06 -0400] "POST /xmlrpc.php HTTP/1.1" 404 36953 "-" "WordPress.com; https://wordpress.com"
103.208.227.202 - - [07/Jul/2026:08:26:08 -0400] "POST /xmlrpc.php HTTP/1.1" 200 403 "-" "Jetpack/12.0; WordPress/6.1; http://site54230659.com"
74.7.243.227 - - [07/Jul/2026:08:26:10 -0400] "GET /properties/54496-Detached-single-family-2000-DELLVIEW-TALLAHASSEE-Florida-32303-3-Bedrooms-2-Bathrooms-USD270-000/ HTTP/1.1" 200 88075 "https://jasonpicht.com/?wplpage=12" "Mozilla/5.0 AppleWebKit/537.36 (KHTML, like Gecko; compatible; GPTBot/1.4; +https://openai.com/gptbot)"
85.208.96.201 - - [07/Jul/2026:08:26:13 -0400] "GET /properties/31060-/ HTTP/1.1" 200 40170 "-" "Mozilla/5.0 (compatible; SemrushBot/7~bl; +http://www.semrush.com/bot.html)"
216.73.216.59 - - [07/Jul/2026:08:26:16 -0400] "GET /wp-content/uploads/WPL/56102/hrx.php?fileloc=%2F%2Fusr%2Flocal%2Fssl%2Flocal%2Fssl%2Flocal%2Fssl%2Flocal%2Fssl%2Flocal%2Fssl%2Fshare%2Fman%2Fman3%2Fisnanf.3.gz&path=%2F%2Fusr%2Flocal%2Fssl%2Flocal%2Fssl%2Flocal%2Fssl%2Flocal%2Fssl%2Flocal%2Fssl%2Fshare%2Fman%2Fman3 HTTP/1.1" 200 5480 "-" "Mozilla/5.0 AppleWebKit/537.36 (KHTML, like Gecko; compatible; ClaudeBot/1.0; +claudebot@anthropic.com)"
102.93.11.136 - - [07/Jul/2026:08:26:16 -0400] "POST /xmlrpc.php HTTP/1.1" 200 403 "-" "Jetpack by WordPress.com"
103.208.227.202 - - [07/Jul/2026:08:26:19 -0400] "POST /xmlrpc.php HTTP/1.1" 200 403 "-" "Jetpack by WordPress.com (Jetpack 12.0; WordPress 6.4)"
216.73.216.59 - - [07/Jul/2026:08:26:21 -0400] "GET /wp-content/uploads/WPL/56102/hrx.php?fileloc=%2F%2Fusr%2Flocal%2Fssl%2Flocal%2Fssl%2Flocal%2Fssl%2Flocal%2Fssl%2Fshare%2Fdoc%2Fm4-1.4.16%2FAUTHORS&path=%2F%2Fusr%2Flocal%2Fssl%2Flocal%2Fssl%2Flocal%2Fssl%2Flocal%2Fssl%2Fshare%2Fdoc%2Fm4-1.4.16 HTTP/1.1" 200 7741 "-" "Mozilla/5.0 AppleWebKit/537.36 (KHTML, like Gecko; compatible; ClaudeBot/1.0; +claudebot@anthropic.com)"
88.97.179.202 - - [07/Jul/2026:08:26:21 -0400] "GET /lots-and-land/?wplpage=1 HTTP/1.1" 200 118880 "-" "Mozilla/5.0 (Windows NT 10.0; WOW64; rv:131.0) Gecko/20100101 Firefox/131.0"
216.73.216.59 - - [07/Jul/2026:08:26:26 -0400] "GET /wp-content/uploads/WPL/56102/hrx.php?fileloc=%2F%2Fusr%2Flocal%2Fssl%2Flocal%2Fssl%2Flocal%2Fssl%2Flocal%2Fssl%2Flocal%2Fssl%2Flocal%2Fssl%2Fshare%2Fman%2Fman1%2Fenv.1.gz&path=%2F%2Fusr%2Flocal%2Fssl%2Flocal%2Fssl%2Flocal%2Fssl%2Flocal%2Fssl%2Flocal%2Fssl%2Flocal%2Fssl%2Fshare%2Fman%2Fman1 HTTP/1.1" 200 5695 "-" "Mozilla/5.0 AppleWebKit/537.36 (KHTML, like Gecko; compatible; ClaudeBot/1.0; +claudebot@anthropic.com)"
102.93.11.136 - - [07/Jul/2026:08:26:27 -0400] "POST /xmlrpc.php HTTP/1.1" 200 403 "-" "Jetpack by WordPress.com"
184.105.247.194 - - [07/Jul/2026:08:26:29 -0400] "GET /favicon.ico HTTP/1.1" 302 - "-" "Mozilla/5.0 (Macintosh; Intel Mac OS X 10_15_7) AppleWebKit/537.36 (KHTML, like Gecko) Chrome/128.0.0.0 Safari/537.36"
103.208.227.202 - - [07/Jul/2026:08:26:29 -0400] "POST /xmlrpc.php HTTP/1.1" 200 403 "-" "Jetpack by WordPress.com"
116.179.32.223 - - [07/Jul/2026:08:26:34 -0400] "GET /properties/43941-/ HTTP/1.1" 403 40170 "-" "Mozilla/5.0 (compatible; Baiduspider/2.0; +http://www.baidu.com/search/spider.html)"
216.73.216.59 - - [07/Jul/2026:08:26:37 -0400] "GET /wp-content/uploads/WPL/56102/hrx.php?path=%2F%2Fproc%2F3%2Fcwd%2Fusr%2Flocal%2Fssl%2Flib%2Frads%2Fvenv%2Flib%2Fpython3.13%2Fsite-packages%2Fdateutil%2Fzoneinfo HTTP/1.1" 200 9700 "-" "Mozilla/5.0 AppleWebKit/537.36 (KHTML, like Gecko; compatible; ClaudeBot/1.0; +claudebot@anthropic.com)"
189.104.107.208 - - [07/Jul/2026:08:26:37 -0400] "GET /wp-content/uploads/WPL/30805/MLS14.jpg HTTP/1.1" 404 37042 "-" "Mozilla/5.0 (compatible; crawler)"
102.93.11.136 - - [07/Jul/2026:08:26:38 -0400] "POST /xmlrpc.php HTTP/1.1" 200 403 "-" "Jetpack/12.5; WordPress/6.1; http://site44792777.com"
216.73.216.59 - - [07/Jul/2026:08:26:42 -0400] "GET /wp-content/uploads/WPL/56102/hrx.php?path=%2F%2Fopt%2Fcpanel%2Fea-wappspector%2Fvendor%2Fsquizlabs%2Fphp_codesniffer%2Fsrc%2FStandards%2FMySource%2FTests HTTP/1.1" 200 11991 "-" "Mozilla/5.0 AppleWebKit/537.36 (KHTML, like Gecko; compatible; ClaudeBot/1.0; +claudebot@anthropic.com)"
103.208.227.202 - - [07/Jul/2026:08:26:41 -0400] "POST /xmlrpc.php HTTP/1.1" 404 36953 "-" "WordPress.com; https://wordpress.com"
216.73.216.59 - - [07/Jul/2026:08:26:47 -0400] "GET /wp-content/uploads/WPL/56102/hrx.php?fileloc=%2F%2Fproc%2F3%2Froot%2Fproc%2F3%2Fcwd%2Fopt%2Fcpanel%2Fea-wappspector%2Fvendor%2Fphpunit%2Fphpunit%2Fsrc%2FUtil%2FGlobalState.php&path=%2F%2Fproc%2F3%2Froot%2Fproc%2F3%2Fcwd%2Fopt%2Fcpanel%2Fea-wappspector%2Fvendor%2Fphpunit%2Fphpunit%2Fsrc%2FUtil HTTP/1.1" 200 14860 "-" "Mozilla/5.0 AppleWebKit/537.36 (KHTML, like Gecko; compatible; ClaudeBot/1.0; +claudebot@anthropic.com)"
154.81.154.132 - - [07/Jul/2026:08:26:47 -0400] "GET /wp-content/uploads/WPL/42708/thMLS1_285x200.jpg HTTP/1.1" 404 37042 "-" "Mozilla/5.0 (compatible; crawler)"
185.191.171.19 - - [07/Jul/2026:08:26:48 -0400] "GET /properties/51359-/ HTTP/1.1" 200 40170 "-" "Mozilla/5.0 (compatible; SemrushBot/7~bl; +http://www.semrush.com/bot.html)"
103.208.227.202 - - [07/Jul/2026:08:26:50 -0400] "POST /xmlrpc.php HTTP/1.1" 200 403 "-" "Jetpack/12.5; WordPress/6.1; http://site69834957.com"
216.73.216.59 - - [07/Jul/2026:08:26:52 -0400] "GET /wp-content/uploads/WPL/56102/hrx.php?path=%2F%2Fopt%2Fcpanel%2Fea-wappspector%2Fvendor%2Fsquizlabs%2Fphp_codesniffer%2Fsrc%2FStandards%2FPSR12%2FSniffs%2FClasses HTTP/1.1" 200 10090 "-" "Mozilla/5.0 AppleWebKit/537.36 (KHTML, like Gecko; compatible; ClaudeBot/1.0; +claudebot@anthropic.com)"
102.93.11.136 - - [07/Jul/2026:08:26:52 -0400] "POST /xmlrpc.php HTTP/1.1" 200 403 "-" "Jetpack by WordPress.com"
216.73.216.59 - - [07/Jul/2026:08:26:57 -0400] "GET /wp-content/uploads/WPL/56102/hrx.php?fileloc=%2F%2Fproc%2F3%2Froot%2Fproc%2F3%2Fcwd%2Fopt%2Fcpanel%2Fea-wappspector%2Fvendor%2Fphpunit%2Fphpunit%2Fsrc%2FFramework%2FAssert.php&path=%2F%2Fproc%2F3%2Froot%2Fproc%2F3%2Fcwd%2Fopt%2Fcpanel%2Fea-wappspector%2Fvendor%2Fphpunit%2Fphpunit%2Fsrc%2FFramework HTTP/1.1" 200 74129 "-" "Mozilla/5.0 AppleWebKit/537.36 (KHTML, like Gecko; compatible; ClaudeBot/1.0; +claudebot@anthropic.com)"
102.93.11.136 - - [07/Jul/2026:08:26:59 -0400] "POST /xmlrpc.php HTTP/1.1" 200 403 "-" "Jetpack/12.5; WordPress/6.1; http://site88871931.com"
74.7.243.227 - - [07/Jul/2026:08:26:59 -0400] "GET /properties/54081-Detached-single-family-6574-Man-O-War-Trail-TALLAHASSEE-Florida-32309-3-Bedrooms-2-Bathrooms-USD320-000/ HTTP/1.1" 200 112743 "https://jasonpicht.com/?wplpage=13" "Mozilla/5.0 AppleWebKit/537.36 (KHTML, like Gecko; compatible; GPTBot/1.4; +https://openai.com/gptbot)"
103.208.227.202 - - [07/Jul/2026:08:27:01 -0400] "POST /xmlrpc.php HTTP/1.1" 200 403 "-" "Jetpack/13.0; WordPress/6.4; http://site46679185.com"
216.73.216.59 - - [07/Jul/2026:08:27:02 -0400] "GET /wp-content/uploads/WPL/56102/hrx.php?path=%2F%2Fopt%2Fcpanel%2Fea-wappspector%2Fvendor%2Fsquizlabs%2Fphp_codesniffer%2Fsrc%2FStandards%2FPSR12%2FSniffs%2FKeywords HTTP/1.1" 200 6820 "-" "Mozilla/5.0 AppleWebKit/537.36 (KHTML, like Gecko; compatible; ClaudeBot/1.0; +claudebot@anthropic.com)"
216.73.216.59 - - [07/Jul/2026:08:27:07 -0400] "GET /wp-content/uploads/WPL/56102/hrx.php?fileloc=%2F%2Fusr%2Flocal%2Fssl%2Flocal%2Fssl%2Flocal%2Fssl%2Flocal%2Fssl%2Flocal%2Fssl%2Flocal%2Fssl%2Finclude%2Fpython2.7%2Ftimefuncs.h&path=%2F%2Fusr%2Flocal%2Fssl%2Flocal%2Fssl%2Flocal%2Fssl%2Flocal%2Fssl%2Flocal%2Fssl%2Flocal%2Fssl%2Finclude%2Fpython2.7 HTTP/1.1" 200 6164 "-" "Mozilla/5.0 AppleWebKit/537.36 (KHTML, like Gecko; compatible; ClaudeBot/1.0; +claudebot@anthropic.com)"
216.73.216.59 - - [07/Jul/2026:08:27:12 -0400] "GET /wp-content/uploads/WPL/56102/hrx.php?fileloc=%2F%2Fusr%2Flocal%2Fssl%2Flocal%2Fssl%2Flocal%2Fssl%2Flocal%2Fssl%2Flocal%2Fssl%2Flocal%2Fssl%2Finclude%2Fpython2.7%2Fpycapsule.h&path=%2F%2Fusr%2Flocal%2Fssl%2Flocal%2Fssl%2Flocal%2Fssl%2Flocal%2Fssl%2Flocal%2Fssl%2Flocal%2Fssl%2Finclude%2Fpython2.7 HTTP/1.1" 200 7326 "-" "Mozilla/5.0 AppleWebKit/537.36 (KHTML, like Gecko; compatible; ClaudeBot/1.0; +claudebot@anthropic.com)"
103.208.227.202 - - [07/Jul/2026:08:27:12 -0400] "POST /xmlrpc.php HTTP/1.1" 404 36953 "-" "WordPress.com; https://wordpress.com"
102.93.11.136 - - [07/Jul/2026:08:27:16 -0400] "POST /xmlrpc.php HTTP/1.1" 404 36953 "-" "WordPress.com; https://wordpress.com"
216.73.216.59 - - [07/Jul/2026:08:27:17 -0400] "GET /wp-content/uploads/WPL/56102/hrx.php?path=%2F%2Fopt%2Fcpanel%2Fea-wappspector%2Fvendor%2Frector%2Frector%2Frules%2FPhp74%2FRector%2FArrayDimFetch HTTP/1.1" 200 6614 "-" "Mozilla/5.0 AppleWebKit/537.36 (KHTML, like Gecko; compatible; ClaudeBot/1.0; +claudebot@anthropic.com)"
137.184.69.156 - - [07/Jul/2026:08:27:21 -0400] "HEAD / HTTP/1.1" 301 - "-" "Mozilla/5.0 (SS; Linux x86_64; rv:120.0) Gecko/20100101 Firefox/120.0"
216.73.216.59 - - [07/Jul/2026:08:27:22 -0400] "GET /wp-content/uploads/WPL/56102/hrx.php?fileloc=%2F%2Fusr%2Flocal%2Fssl%2Flocal%2Fssl%2Flocal%2Fssl%2Flocal%2Fssl%2Flocal%2Fssl%2Flocal%2Fssl%2Finclude%2Fpython2.7%2Ftoken.h&path=%2F%2Fusr%2Flocal%2Fssl%2Flocal%2Fssl%2Flocal%2Fssl%2Flocal%2Fssl%2Flocal%2Fssl%2Flocal%2Fssl%2Finclude%2Fpython2.7 HTTP/1.1" 200 7424 "-" "Mozilla/5.0 AppleWebKit/537.36 (KHTML, like Gecko; compatible; ClaudeBot/1.0; +claudebot@anthropic.com)"
103.208.227.202 - - [07/Jul/2026:08:27:22 -0400] "POST /xmlrpc.php HTTP/1.1" 200 403 "-" "Jetpack/12.1; WordPress/6.3; http://site58199143.com"
216.73.216.59 - - [07/Jul/2026:08:27:27 -0400] "GET /wp-content/uploads/WPL/56102/hrx.php?fileloc=%2F%2Fproc%2F3%2Fcwd%2Fopt%2Fcpanel%2Fea-wappspector%2Fvendor%2Fphpstan%2Fphpdoc-parser%2Fsrc%2FAst%2FNodeAttributes.php&path=%2F%2Fproc%2F3%2Fcwd%2Fopt%2Fcpanel%2Fea-wappspector%2Fvendor%2Fphpstan%2Fphpdoc-parser%2Fsrc%2FAst HTTP/1.1" 200 6023 "-" "Mozilla/5.0 AppleWebKit/537.36 (KHTML, like Gecko; compatible; ClaudeBot/1.0; +claudebot@anthropic.com)"
47.128.22.159 - - [07/Jul/2026:08:27:31 -0400] "GET /properties/53864-Detached-single-family-2412-Pontiac-Drive-TALLAHASSEE-Florida-32301-0000-4-Bedrooms-1-Bathroom-USD190-000/ HTTP/1.1" 301 - "-" "Mozilla/5.0 (compatible; Bytespider; spider-feedback@bytedance.com) AppleWebKit/537.36 (KHTML, like Gecko) Chrome/70.0.0.0 Safari/537.36"
216.73.216.59 - - [07/Jul/2026:08:27:32 -0400] "GET /wp-content/uploads/WPL/56102/hrx.php?fileloc=%2F%2Fproc%2F3%2Fcwd%2Fusr%2Flocal%2Fssl%2Fshare%2Fzoneinfo%2Fposix%2FEtc%2FGMT+7&path=%2F%2Fproc%2F3%2Fcwd%2Fusr%2Flocal%2Fssl%2Fshare%2Fzoneinfo%2Fposix%2FEtc HTTP/1.1" 200 5082 "-" "Mozilla/5.0 AppleWebKit/537.36 (KHTML, like Gecko; compatible; ClaudeBot/1.0; +claudebot@anthropic.com)"
47.128.22.159 - - [07/Jul/2026:08:27:32 -0400] "GET /properties//53864-Detached-single-family-2412-Pontiac-Drive-TALLAHASSEE-Florida-32301-0000-4-Bedrooms-1-Bathroom-USD180-000 HTTP/1.1" 301 - "-" "Mozilla/5.0 (compatible; Bytespider; spider-feedback@bytedance.com) AppleWebKit/537.36 (KHTML, like Gecko) Chrome/70.0.0.0 Safari/537.36"
103.208.227.202 - - [07/Jul/2026:08:27:33 -0400] "POST /xmlrpc.php HTTP/1.1" 200 403 "-" "Jetpack/12.0; WordPress/6.4; http://site29105292.com"
47.128.22.159 - - [07/Jul/2026:08:27:33 -0400] "GET /properties/53864-Detached-single-family-2412-Pontiac-Drive-TALLAHASSEE-Florida-32301-0000-4-Bedrooms-1-Bathroom-USD180-000/ HTTP/1.1" 200 101749 "-" "Mozilla/5.0 (compatible; Bytespider; spider-feedback@bytedance.com) AppleWebKit/537.36 (KHTML, like Gecko) Chrome/70.0.0.0 Safari/537.36"
47.128.22.159 - - [07/Jul/2026:08:27:35 -0400] "GET /wp-content/uploads/WPL/53864/MLS1.jpg HTTP/1.1" 206 500 "https://jasonpicht.com/properties/53864-Detached-single-family-2412-Pontiac-Drive-TALLAHASSEE-Florida-32301-0000-4-Bedrooms-1-Bathroom-USD180-000/" "Mozilla/5.0 (compatible; Bytespider; spider-feedback@bytedance.com) AppleWebKit/537.36 (KHTML, like Gecko) Chrome/70.0.0.0 Safari/537.36"
47.128.22.159 - - [07/Jul/2026:08:27:35 -0400] "GET /wp-content/plugins/real-estate-listing-realtyna-wpl-pro/assets/css/frontend.css?ver=6.2.9 HTTP/1.1" 200 561195 "https://jasonpicht.com/properties/53864-Detached-single-family-2412-Pontiac-Drive-TALLAHASSEE-Florida-32301-0000-4-Bedrooms-1-Bathroom-USD180-000/" "Mozilla/5.0 (compatible; Bytespider; spider-feedback@bytedance.com) AppleWebKit/537.36 (KHTML, like Gecko) Chrome/70.0.0.0 Safari/537.36"
47.128.22.159 - - [07/Jul/2026:08:27:37 -0400] "GET /wp-content/uploads/WPL/53864/MLS3.jpg HTTP/1.1" 206 500 "https://jasonpicht.com/properties/53864-Detached-single-family-2412-Pontiac-Drive-TALLAHASSEE-Florida-32301-0000-4-Bedrooms-1-Bathroom-USD180-000/" "Mozilla/5.0 (compatible; Bytespider; spider-feedback@bytedance.com) AppleWebKit/537.36 (KHTML, like Gecko) Chrome/70.0.0.0 Safari/537.36"
47.128.22.159 - - [07/Jul/2026:08:27:37 -0400] "GET /wp-content/uploads/WPL/53864/MLS2.jpg HTTP/1.1" 206 500 "https://jasonpicht.com/properties/53864-Detached-single-family-2412-Pontiac-Drive-TALLAHASSEE-Florida-32301-0000-4-Bedrooms-1-Bathroom-USD180-000/" "Mozilla/5.0 (compatible; Bytespider; spider-feedback@bytedance.com) AppleWebKit/537.36 (KHTML, like Gecko) Chrome/70.0.0.0 Safari/537.36"
47.128.22.159 - - [07/Jul/2026:08:27:37 -0400] "GET /wp-content/uploads/WPL/53864/MLS5.jpg HTTP/1.1" 206 500 "https://jasonpicht.com/properties/53864-Detached-single-family-2412-Pontiac-Drive-TALLAHASSEE-Florida-32301-0000-4-Bedrooms-1-Bathroom-USD180-000/" "Mozilla/5.0 (compatible; Bytespider; spider-feedback@bytedance.com) AppleWebKit/537.36 (KHTML, like Gecko) Chrome/70.0.0.0 Safari/537.36"
216.73.216.59 - - [07/Jul/2026:08:27:37 -0400] "GET /wp-content/uploads/WPL/56102/hrx.php?fileloc=%2F%2Fusr%2Flocal%2Fssl%2Fshare%2Fman%2Fman3%2FHTTP%3A%3AHeaders%3A%3AUtil.3pm.gz&path=%2F%2Fusr%2Flocal%2Fssl%2Fshare%2Fman%2Fman3 HTTP/1.1" 200 4823 "-" "Mozilla/5.0 AppleWebKit/537.36 (KHTML, like Gecko; compatible; ClaudeBot/1.0; +claudebot@anthropic.com)"
47.128.22.159 - - [07/Jul/2026:08:27:37 -0400] "GET /wp-content/uploads/WPL/53864/MLS4.jpg HTTP/1.1" 206 500 "https://jasonpicht.com/properties/53864-Detached-single-family-2412-Pontiac-Drive-TALLAHASSEE-Florida-32301-0000-4-Bedrooms-1-Bathroom-USD180-000/" "Mozilla/5.0 (compatible; Bytespider; spider-feedback@bytedance.com) AppleWebKit/537.36 (KHTML, like Gecko) Chrome/70.0.0.0 Safari/537.36"
47.128.22.159 - - [07/Jul/2026:08:27:37 -0400] "GET /wp-content/uploads/WPL/53864/MLS7.jpg HTTP/1.1" 206 500 "https://jasonpicht.com/properties/53864-Detached-single-family-2412-Pontiac-Drive-TALLAHASSEE-Florida-32301-0000-4-Bedrooms-1-Bathroom-USD180-000/" "Mozilla/5.0 (compatible; Bytespider; spider-feedback@bytedance.com) AppleWebKit/537.36 (KHTML, like Gecko) Chrome/70.0.0.0 Safari/537.36"
47.128.22.159 - - [07/Jul/2026:08:27:37 -0400] "GET /wp-content/uploads/WPL/53864/MLS6.jpg HTTP/1.1" 206 500 "https://jasonpicht.com/properties/53864-Detached-single-family-2412-Pontiac-Drive-TALLAHASSEE-Florida-32301-0000-4-Bedrooms-1-Bathroom-USD180-000/" "Mozilla/5.0 (compatible; Bytespider; spider-feedback@bytedance.com) AppleWebKit/537.36 (KHTML, like Gecko) Chrome/70.0.0.0 Safari/537.36"
47.128.22.159 - - [07/Jul/2026:08:27:37 -0400] "GET /wp-content/uploads/WPL/53864/MLS9.jpg HTTP/1.1" 206 500 "https://jasonpicht.com/properties/53864-Detached-single-family-2412-Pontiac-Drive-TALLAHASSEE-Florida-32301-0000-4-Bedrooms-1-Bathroom-USD180-000/" "Mozilla/5.0 (compatible; Bytespider; spider-feedback@bytedance.com) AppleWebKit/537.36 (KHTML, like Gecko) Chrome/70.0.0.0 Safari/537.36"
47.128.22.159 - - [07/Jul/2026:08:27:37 -0400] "GET /wp-content/uploads/WPL/53864/MLS8.jpg HTTP/1.1" 206 500 "https://jasonpicht.com/properties/53864-Detached-single-family-2412-Pontiac-Drive-TALLAHASSEE-Florida-32301-0000-4-Bedrooms-1-Bathroom-USD180-000/" "Mozilla/5.0 (compatible; Bytespider; spider-feedback@bytedance.com) AppleWebKit/537.36 (KHTML, like Gecko) Chrome/70.0.0.0 Safari/537.36"
47.128.22.159 - - [07/Jul/2026:08:27:37 -0400] "GET /wp-content/uploads/WPL/53864/MLS11.jpg HTTP/1.1" 206 500 "https://jasonpicht.com/properties/53864-Detached-single-family-2412-Pontiac-Drive-TALLAHASSEE-Florida-32301-0000-4-Bedrooms-1-Bathroom-USD180-000/" "Mozilla/5.0 (compatible; Bytespider; spider-feedback@bytedance.com) AppleWebKit/537.36 (KHTML, like Gecko) Chrome/70.0.0.0 Safari/537.36"
47.128.22.159 - - [07/Jul/2026:08:27:38 -0400] "GET /wp-content/uploads/WPL/53864/MLS12.jpg HTTP/1.1" 206 500 "https://jasonpicht.com/properties/53864-Detached-single-family-2412-Pontiac-Drive-TALLAHASSEE-Florida-32301-0000-4-Bedrooms-1-Bathroom-USD180-000/" "Mozilla/5.0 (compatible; Bytespider; spider-feedback@bytedance.com) AppleWebKit/537.36 (KHTML, like Gecko) Chrome/70.0.0.0 Safari/537.36"
47.128.22.159 - - [07/Jul/2026:08:27:38 -0400] "GET /wp-content/uploads/WPL/53864/MLS15.jpg HTTP/1.1" 206 500 "https://jasonpicht.com/properties/53864-Detached-single-family-2412-Pontiac-Drive-TALLAHASSEE-Florida-32301-0000-4-Bedrooms-1-Bathroom-USD180-000/" "Mozilla/5.0 (compatible; Bytespider; spider-feedback@bytedance.com) AppleWebKit/537.36 (KHTML, like Gecko) Chrome/70.0.0.0 Safari/537.36"
47.128.22.159 - - [07/Jul/2026:08:27:38 -0400] "GET /wp-content/uploads/WPL/53864/MLS17.jpg HTTP/1.1" 206 500 "https://jasonpicht.com/properties/53864-Detached-single-family-2412-Pontiac-Drive-TALLAHASSEE-Florida-32301-0000-4-Bedrooms-1-Bathroom-USD180-000/" "Mozilla/5.0 (compatible; Bytespider; spider-feedback@bytedance.com) AppleWebKit/537.36 (KHTML, like Gecko) Chrome/70.0.0.0 Safari/537.36"
47.128.22.159 - - [07/Jul/2026:08:27:38 -0400] "GET /wp-content/uploads/WPL/53864/MLS10.jpg HTTP/1.1" 206 500 "https://jasonpicht.com/properties/53864-Detached-single-family-2412-Pontiac-Drive-TALLAHASSEE-Florida-32301-0000-4-Bedrooms-1-Bathroom-USD180-000/" "Mozilla/5.0 (compatible; Bytespider; spider-feedback@bytedance.com) AppleWebKit/537.36 (KHTML, like Gecko) Chrome/70.0.0.0 Safari/537.36"
47.128.22.159 - - [07/Jul/2026:08:27:38 -0400] "GET /wp-content/uploads/WPL/53864/MLS13.jpg HTTP/1.1" 206 500 "https://jasonpicht.com/properties/53864-Detached-single-family-2412-Pontiac-Drive-TALLAHASSEE-Florida-32301-0000-4-Bedrooms-1-Bathroom-USD180-000/" "Mozilla/5.0 (compatible; Bytespider; spider-feedback@bytedance.com) AppleWebKit/537.36 (KHTML, like Gecko) Chrome/70.0.0.0 Safari/537.36"
47.128.22.159 - - [07/Jul/2026:08:27:38 -0400] "GET /wp-content/uploads/WPL/53864/MLS14.jpg HTTP/1.1" 206 500 "https://jasonpicht.com/properties/53864-Detached-single-family-2412-Pontiac-Drive-TALLAHASSEE-Florida-32301-0000-4-Bedrooms-1-Bathroom-USD180-000/" "Mozilla/5.0 (compatible; Bytespider; spider-feedback@bytedance.com) AppleWebKit/537.36 (KHTML, like Gecko) Chrome/70.0.0.0 Safari/537.36"
47.128.22.159 - - [07/Jul/2026:08:27:38 -0400] "GET /wp-content/uploads/WPL/53864/MLS16.jpg HTTP/1.1" 206 500 "https://jasonpicht.com/properties/53864-Detached-single-family-2412-Pontiac-Drive-TALLAHASSEE-Florida-32301-0000-4-Bedrooms-1-Bathroom-USD180-000/" "Mozilla/5.0 (compatible; Bytespider; spider-feedback@bytedance.com) AppleWebKit/537.36 (KHTML, like Gecko) Chrome/70.0.0.0 Safari/537.36"
47.128.22.159 - - [07/Jul/2026:08:27:38 -0400] "GET /wp-content/uploads/WPL/53864/MLS19.jpg HTTP/1.1" 206 500 "https://jasonpicht.com/properties/53864-Detached-single-family-2412-Pontiac-Drive-TALLAHASSEE-Florida-32301-0000-4-Bedrooms-1-Bathroom-USD180-000/" "Mozilla/5.0 (compatible; Bytespider; spider-feedback@bytedance.com) AppleWebKit/537.36 (KHTML, like Gecko) Chrome/70.0.0.0 Safari/537.36"
47.128.22.159 - - [07/Jul/2026:08:27:38 -0400] "GET /wp-content/uploads/WPL/53864/MLS18.jpg HTTP/1.1" 206 500 "https://jasonpicht.com/properties/53864-Detached-single-family-2412-Pontiac-Drive-TALLAHASSEE-Florida-32301-0000-4-Bedrooms-1-Bathroom-USD180-000/" "Mozilla/5.0 (compatible; Bytespider; spider-feedback@bytedance.com) AppleWebKit/537.36 (KHTML, like Gecko) Chrome/70.0.0.0 Safari/537.36"
47.128.22.159 - - [07/Jul/2026:08:27:38 -0400] "GET /wp-content/uploads/WPL/53864/MLS21.jpg HTTP/1.1" 206 500 "https://jasonpicht.com/properties/53864-Detached-single-family-2412-Pontiac-Drive-TALLAHASSEE-Florida-32301-0000-4-Bedrooms-1-Bathroom-USD180-000/" "Mozilla/5.0 (compatible; Bytespider; spider-feedback@bytedance.com) AppleWebKit/537.36 (KHTML, like Gecko) Chrome/70.0.0.0 Safari/537.36"
47.128.22.159 - - [07/Jul/2026:08:27:38 -0400] "GET /wp-content/uploads/WPL/53864/MLS20.jpg HTTP/1.1" 206 500 "https://jasonpicht.com/properties/53864-Detached-single-family-2412-Pontiac-Drive-TALLAHASSEE-Florida-32301-0000-4-Bedrooms-1-Bathroom-USD180-000/" "Mozilla/5.0 (compatible; Bytespider; spider-feedback@bytedance.com) AppleWebKit/537.36 (KHTML, like Gecko) Chrome/70.0.0.0 Safari/537.36"
47.128.22.159 - - [07/Jul/2026:08:27:38 -0400] "GET /wp-content/uploads/WPL/53864/MLS23.jpg HTTP/1.1" 206 500 "https://jasonpicht.com/properties/53864-Detached-single-family-2412-Pontiac-Drive-TALLAHASSEE-Florida-32301-0000-4-Bedrooms-1-Bathroom-USD180-000/" "Mozilla/5.0 (compatible; Bytespider; spider-feedback@bytedance.com) AppleWebKit/537.36 (KHTML, like Gecko) Chrome/70.0.0.0 Safari/537.36"
47.128.22.159 - - [07/Jul/2026:08:27:38 -0400] "GET /wp-content/uploads/WPL/53864/MLS22.jpg HTTP/1.1" 206 500 "https://jasonpicht.com/properties/53864-Detached-single-family-2412-Pontiac-Drive-TALLAHASSEE-Florida-32301-0000-4-Bedrooms-1-Bathroom-USD180-000/" "Mozilla/5.0 (compatible; Bytespider; spider-feedback@bytedance.com) AppleWebKit/537.36 (KHTML, like Gecko) Chrome/70.0.0.0 Safari/537.36"
47.128.22.159 - - [07/Jul/2026:08:27:38 -0400] "GET /wp-content/uploads/WPL/53864/MLS25.jpg HTTP/1.1" 206 500 "https://jasonpicht.com/properties/53864-Detached-single-family-2412-Pontiac-Drive-TALLAHASSEE-Florida-32301-0000-4-Bedrooms-1-Bathroom-USD180-000/" "Mozilla/5.0 (compatible; Bytespider; spider-feedback@bytedance.com) AppleWebKit/537.36 (KHTML, like Gecko) Chrome/70.0.0.0 Safari/537.36"
47.128.22.159 - - [07/Jul/2026:08:27:38 -0400] "GET /wp-content/uploads/WPL/53864/MLS24.jpg HTTP/1.1" 206 500 "https://jasonpicht.com/properties/53864-Detached-single-family-2412-Pontiac-Drive-TALLAHASSEE-Florida-32301-0000-4-Bedrooms-1-Bathroom-USD180-000/" "Mozilla/5.0 (compatible; Bytespider; spider-feedback@bytedance.com) AppleWebKit/537.36 (KHTML, like Gecko) Chrome/70.0.0.0 Safari/537.36"
47.128.22.159 - - [07/Jul/2026:08:27:38 -0400] "GET /wp-content/uploads/WPL/53864/MLS27.jpg HTTP/1.1" 206 500 "https://jasonpicht.com/properties/53864-Detached-single-family-2412-Pontiac-Drive-TALLAHASSEE-Florida-32301-0000-4-Bedrooms-1-Bathroom-USD180-000/" "Mozilla/5.0 (compatible; Bytespider; spider-feedback@bytedance.com) AppleWebKit/537.36 (KHTML, like Gecko) Chrome/70.0.0.0 Safari/537.36"
47.128.22.159 - - [07/Jul/2026:08:27:38 -0400] "GET /wp-content/uploads/WPL/53864/MLS26.jpg HTTP/1.1" 206 500 "https://jasonpicht.com/properties/53864-Detached-single-family-2412-Pontiac-Drive-TALLAHASSEE-Florida-32301-0000-4-Bedrooms-1-Bathroom-USD180-000/" "Mozilla/5.0 (compatible; Bytespider; spider-feedback@bytedance.com) AppleWebKit/537.36 (KHTML, like Gecko) Chrome/70.0.0.0 Safari/537.36"
47.128.22.159 - - [07/Jul/2026:08:27:39 -0400] "GET /wp-content/uploads/WPL/53864/MLS29.jpg HTTP/1.1" 206 500 "https://jasonpicht.com/properties/53864-Detached-single-family-2412-Pontiac-Drive-TALLAHASSEE-Florida-32301-0000-4-Bedrooms-1-Bathroom-USD180-000/" "Mozilla/5.0 (compatible; Bytespider; spider-feedback@bytedance.com) AppleWebKit/537.36 (KHTML, like Gecko) Chrome/70.0.0.0 Safari/537.36"
47.128.22.159 - - [07/Jul/2026:08:27:39 -0400] "GET /wp-content/uploads/WPL/53864/MLS28.jpg HTTP/1.1" 206 500 "https://jasonpicht.com/properties/53864-Detached-single-family-2412-Pontiac-Drive-TALLAHASSEE-Florida-32301-0000-4-Bedrooms-1-Bathroom-USD180-000/" "Mozilla/5.0 (compatible; Bytespider; spider-feedback@bytedance.com) AppleWebKit/537.36 (KHTML, like Gecko) Chrome/70.0.0.0 Safari/537.36"
47.128.22.159 - - [07/Jul/2026:08:27:39 -0400] "GET /wp-content/uploads/WPL/qrcode/qr_59460987a3fde0e3d9a395420776b828.png HTTP/1.1" 200 - "https://jasonpicht.com/properties/53864-Detached-single-family-2412-Pontiac-Drive-TALLAHASSEE-Florida-32301-0000-4-Bedrooms-1-Bathroom-USD180-000/" "Mozilla/5.0 (compatible; Bytespider; spider-feedback@bytedance.com) AppleWebKit/537.36 (KHTML, like Gecko) Chrome/70.0.0.0 Safari/537.36"
216.73.216.59 - - [07/Jul/2026:08:27:42 -0400] "GET /wp-content/uploads/WPL/56102/hrx.php?fileloc=%2F%2Fusr%2Flocal%2Fssl%2Flocal%2Fssl%2Fshare%2Fzoneinfo%2Fposix%2FAsia%2FJayapura&path=%2F%2Fusr%2Flocal%2Fssl%2Flocal%2Fssl%2Fshare%2Fzoneinfo%2Fposix%2FAsia HTTP/1.1" 200 5048 "-" "Mozilla/5.0 AppleWebKit/537.36 (KHTML, like Gecko; compatible; ClaudeBot/1.0; +claudebot@anthropic.com)"
199.250.200.62 - - [07/Jul/2026:08:27:43 -0400] "POST /wp-cron.php?doing_wp_cron=1783427263.0703868865966796875000 HTTP/1.1" 200 - "-" "WordPress/6.2.9; https://jasonpicht.com"
20.65.193.203 - - [07/Jul/2026:08:27:42 -0400] "GET /owa/auth/logon.aspx HTTP/1.1" 404 37094 "-" "Mozilla/5.0 zgrab/0.x"
103.208.227.202 - - [07/Jul/2026:08:27:43 -0400] "POST /xmlrpc.php HTTP/1.1" 200 403 "-" "Jetpack by WordPress.com"
74.7.243.227 - - [07/Jul/2026:08:27:46 -0400] "GET /properties/53983-Detached-single-family-620-Terrace-TALLAHASSEE-Florida-32308-3-Bedrooms-2-Bathrooms-USD310-000/ HTTP/1.1" 200 107263 "https://jasonpicht.com/?wplpage=13" "Mozilla/5.0 AppleWebKit/537.36 (KHTML, like Gecko; compatible; GPTBot/1.4; +https://openai.com/gptbot)"
216.73.216.59 - - [07/Jul/2026:08:27:47 -0400] "GET /wp-content/uploads/WPL/56102/hrx.php?fileloc=%2F%2Fusr%2Flocal%2Fssl%2Flocal%2Fssl%2Fshare%2Fman%2Fman3%2Fdel_curterm.3x.gz&path=%2F%2Fusr%2Flocal%2Fssl%2Flocal%2Fssl%2Fshare%2Fman%2Fman3 HTTP/1.1" 200 4952 "-" "Mozilla/5.0 AppleWebKit/537.36 (KHTML, like Gecko; compatible; ClaudeBot/1.0; +claudebot@anthropic.com)"
137.184.206.249 - - [07/Jul/2026:08:27:50 -0400] "GET /wp-content/uploads/WPL/54904/MLS5.jpg HTTP/1.1" 200 247001 "https://jasonpicht.com/" "Mozilla/5.0 (Windows NT 10.0; Win64; x64) AppleWebKit/537.36 (KHTML, like Gecko) Chrome/106.0.5249.119 Safari/537.36"
206.189.183.243 - - [07/Jul/2026:08:27:50 -0400] "GET /wp-content/uploads/WPL/55611/MLS8.jpg HTTP/1.1" 200 710491 "https://jasonpicht.com/" "Mozilla/5.0 (Windows NT 10.0; Win64; x64) AppleWebKit/537.36 (KHTML, like Gecko) Chrome/117.0.0.0 Safari/537.36"
216.73.216.59 - - [07/Jul/2026:08:27:52 -0400] "GET /wp-content/uploads/WPL/56102/hrx.php?fileloc=%2F%2Fopt%2Fcpanel%2Fea-openssl11%2Fshare%2Fman%2Fman3%2FEDIPARTYNAME_free.3&path=%2F%2Fopt%2Fcpanel%2Fea-openssl11%2Fshare%2Fman%2Fman3 HTTP/1.1" 200 16530 "-" "Mozilla/5.0 AppleWebKit/537.36 (KHTML, like Gecko; compatible; ClaudeBot/1.0; +claudebot@anthropic.com)"
103.208.227.202 - - [07/Jul/2026:08:27:54 -0400] "POST /xmlrpc.php HTTP/1.1" 200 403 "-" "Jetpack/12.0; WordPress/6.3; http://site19624894.com"
194.55.230.181 - - [07/Jul/2026:08:27:55 -0400] "GET /wp-content/uploads/WPL/23613/MLS14.jpg HTTP/1.1" 404 37042 "-" "Mozilla/5.0 (compatible; crawler)"
216.73.216.59 - - [07/Jul/2026:08:27:57 -0400] "GET /wp-content/uploads/WPL/56102/hrx.php?fileloc=%2F%2Fproc%2F3%2Fcwd%2Fusr%2Flocal%2Fssl%2Fshare%2Fman%2Fman3%2FHTTP%3A%3ACookies.3pm.gz&path=%2F%2Fproc%2F3%2Fcwd%2Fusr%2Flocal%2Fssl%2Fshare%2Fman%2Fman3 HTTP/1.1" 200 4994 "-" "Mozilla/5.0 AppleWebKit/537.36 (KHTML, like Gecko; compatible; ClaudeBot/1.0; +claudebot@anthropic.com)"
150.241.237.216 - - [07/Jul/2026:08:27:58 -0400] "GET /wp-content/uploads/WPL/28656/thMLS1_285x200.jpg HTTP/1.1" 404 37046 "-" "Mozilla/5.0 (iPad; CPU OS 18_3_2 like Mac OS X) AppleWebKit/605.1.15 (KHTML, like Gecko) CriOS/135.0.7049.83 Mobile/15E148 Safari/604.1"
150.241.237.206 - - [07/Jul/2026:08:27:59 -0400] "GET /wp-content/uploads/WPL/28656/thMLS1_285x200.jpg HTTP/1.1" 404 37046 "-" "Mozilla/5.0 (iPad; CPU OS 18_3_2 like Mac OS X) AppleWebKit/605.1.15 (KHTML, like Gecko) CriOS/135.0.7049.83 Mobile/15E148 Safari/604.1"
103.208.227.202 - - [07/Jul/2026:08:28:04 -0400] "POST /xmlrpc.php HTTP/1.1" 200 403 "-" "Jetpack/12.1; WordPress/6.3; http://site66674118.com"
216.73.216.59 - - [07/Jul/2026:08:28:07 -0400] "GET /wp-content/uploads/WPL/56102/hrx.php?fileloc=%2F%2Fusr%2Flocal%2Fssl%2Flocal%2Fssl%2Flocal%2Fssl%2Flocal%2Fssl%2Flocal%2Fssl%2Flocal%2Fssl%2Fshare%2Finfo%2Fgprof.info.gz&path=%2F%2Fusr%2Flocal%2Fssl%2Flocal%2Fssl%2Flocal%2Fssl%2Flocal%2Fssl%2Flocal%2Fssl%2Flocal%2Fssl%2Fshare%2Finfo HTTP/1.1" 200 5592 "-" "Mozilla/5.0 AppleWebKit/537.36 (KHTML, like Gecko; compatible; ClaudeBot/1.0; +claudebot@anthropic.com)"
216.73.216.59 - - [07/Jul/2026:08:28:12 -0400] "GET /wp-content/uploads/WPL/56102/hrx.php?fileloc=%2F%2Fusr%2Flocal%2Fssl%2Fshare%2Fman%2Fman8%2Fselinuxconlist.8.gz&path=%2F%2Fusr%2Flocal%2Fssl%2Fshare%2Fman%2Fman8 HTTP/1.1" 200 4816 "-" "Mozilla/5.0 AppleWebKit/537.36 (KHTML, like Gecko; compatible; ClaudeBot/1.0; +claudebot@anthropic.com)"
