216.73.216.59 - - [07/Jul/2026:08:19:29 -0400] "GET /wp-content/uploads/WPL/56102/hrx.php?fileloc=%2F%2Fproc%2F2%2Fcwd%2Fusr%2Fshare%2Flocale%2Fja%2FLC_MESSAGES%2Fmlocate.mo&path=%2F%2Fproc%2F2%2Fcwd%2Fusr%2Fshare%2Flocale%2Fja%2FLC_MESSAGES HTTP/1.1" 200 4939 "-" "Mozilla/5.0 AppleWebKit/537.36 (KHTML, like Gecko; compatible; ClaudeBot/1.0; +claudebot@anthropic.com)"
74.7.243.227 - - [07/Jul/2026:08:19:29 -0400] "GET /properties/54535-Detached-single-family-4628-Autumn-Woods-Way-TALLAHASSEE-Florida-32303-3-Bedrooms-2-Bathrooms-USD228-000/ HTTP/1.1" 200 112512 "https://jasonpicht.com/?wplpage=11" "Mozilla/5.0 AppleWebKit/537.36 (KHTML, like Gecko; compatible; GPTBot/1.4; +https://openai.com/gptbot)"
102.93.11.136 - - [07/Jul/2026:08:19:29 -0400] "POST /xmlrpc.php HTTP/1.1" 404 36953 "-" "WordPress.com; https://wordpress.com"
216.73.216.59 - - [07/Jul/2026:08:19:34 -0400] "GET /wp-content/uploads/WPL/56102/hrx.php?fileloc=%2F%2Fusr%2Flocal%2Fssl%2Flocal%2Fssl%2Flocal%2Fssl%2Flocal%2Fssl%2Flocal%2Fssl%2Fshare%2Flocale%2Fes%2FLC_MESSAGES%2Fflex.mo&path=%2F%2Fusr%2Flocal%2Fssl%2Flocal%2Fssl%2Flocal%2Fssl%2Flocal%2Fssl%2Flocal%2Fssl%2Fshare%2Flocale%2Fes%2FLC_MESSAGES HTTP/1.1" 200 5610 "-" "Mozilla/5.0 AppleWebKit/537.36 (KHTML, like Gecko; compatible; ClaudeBot/1.0; +claudebot@anthropic.com)"
103.208.227.202 - - [07/Jul/2026:08:19:34 -0400] "POST /xmlrpc.php HTTP/1.1" 200 403 "-" "Jetpack/12.1; WordPress/6.4; http://site17913393.com"
47.128.22.205 - - [07/Jul/2026:08:19:37 -0400] "GET /properties/51465-Lots-and-land-XX-Salley-Brown-QUINCY-Florida-32351-USD297-242/ HTTP/1.1" 301 - "-" "Mozilla/5.0 (compatible; Bytespider; spider-feedback@bytedance.com) AppleWebKit/537.36 (KHTML, like Gecko) Chrome/70.0.0.0 Safari/537.36"
47.128.22.205 - - [07/Jul/2026:08:19:37 -0400] "GET /properties//51465- HTTP/1.1" 301 - "-" "Mozilla/5.0 (compatible; Bytespider; spider-feedback@bytedance.com) AppleWebKit/537.36 (KHTML, like Gecko) Chrome/70.0.0.0 Safari/537.36"
176.101.175.51 - - [07/Jul/2026:08:19:37 -0400] "GET /wp-content/uploads/WPL/44036/MLS21.jpg HTTP/1.1" 404 37042 "-" "Mozilla/5.0 (compatible; crawler)"
216.73.216.59 - - [07/Jul/2026:08:19:39 -0400] "GET /wp-content/uploads/WPL/56102/hrx.php?fileloc=%2F%2Fusr%2Flocal%2Fssl%2Flocal%2Fssl%2Flocal%2Fssl%2Flocal%2Fssl%2Flocal%2Fssl%2Fshare%2Fman%2Fman1%2Fripemd160.1ssl.gz&path=%2F%2Fusr%2Flocal%2Fssl%2Flocal%2Fssl%2Flocal%2Fssl%2Flocal%2Fssl%2Flocal%2Fssl%2Fshare%2Fman%2Fman1 HTTP/1.1" 200 5486 "-" "Mozilla/5.0 AppleWebKit/537.36 (KHTML, like Gecko; compatible; ClaudeBot/1.0; +claudebot@anthropic.com)"
47.128.22.205 - - [07/Jul/2026:08:19:38 -0400] "GET /properties/51465-/ HTTP/1.1" 200 40170 "-" "Mozilla/5.0 (compatible; Bytespider; spider-feedback@bytedance.com) AppleWebKit/537.36 (KHTML, like Gecko) Chrome/70.0.0.0 Safari/537.36"
47.128.22.205 - - [07/Jul/2026:08:19:40 -0400] "GET /wp-content/plugins/real-estate-listing-realtyna-wpl-pro/assets/css/frontend.css?ver=6.2.9 HTTP/1.1" 200 561195 "https://jasonpicht.com/properties/51465-/" "Mozilla/5.0 (compatible; Bytespider; spider-feedback@bytedance.com) AppleWebKit/537.36 (KHTML, like Gecko) Chrome/70.0.0.0 Safari/537.36"
102.93.11.136 - - [07/Jul/2026:08:19:40 -0400] "POST /xmlrpc.php HTTP/1.1" 404 36953 "-" "WordPress.com; https://wordpress.com"
23.27.233.0 - - [07/Jul/2026:08:19:43 -0400] "GET /wp-content/uploads/WPL/11056/MLS31.jpg HTTP/1.1" 404 37042 "-" "Mozilla/5.0 (compatible; crawler)"
216.73.216.59 - - [07/Jul/2026:08:19:44 -0400] "GET /wp-content/uploads/WPL/56102/hrx.php?fileloc=%2F%2Fusr%2Flocal%2Fssl%2Flocal%2Fssl%2Flocal%2Fssl%2Flocal%2Fssl%2Flocal%2Fssl%2Fshare%2Fterminfo%2Ft%2Ftvi920c-2p-unk&path=%2F%2Fusr%2Flocal%2Fssl%2Flocal%2Fssl%2Flocal%2Fssl%2Flocal%2Fssl%2Flocal%2Fssl%2Fshare%2Fterminfo%2Ft HTTP/1.1" 200 5494 "-" "Mozilla/5.0 AppleWebKit/537.36 (KHTML, like Gecko; compatible; ClaudeBot/1.0; +claudebot@anthropic.com)"
189.81.122.104 - - [07/Jul/2026:08:19:45 -0400] "GET /wp-content/uploads/WPL/22594/MLS7.jpg HTTP/1.1" 404 37042 "-" "Mozilla/5.0 (compatible; crawler)"
103.208.227.202 - - [07/Jul/2026:08:19:45 -0400] "POST /xmlrpc.php HTTP/1.1" 404 36953 "-" "WordPress.com; https://wordpress.com"
206.189.228.147 - - [07/Jul/2026:08:19:50 -0400] "GET /wp-content/uploads/WPL/54415/MLS8.jpg HTTP/1.1" 200 800835 "https://jasonpicht.com/" "Mozilla/5.0 (Windows NT 10.0; Win64; x64) AppleWebKit/537.36 (KHTML, like Gecko) Chrome/107.0.0.0 Safari/537.36"
216.73.216.59 - - [07/Jul/2026:08:19:50 -0400] "GET /wp-content/uploads/WPL/56102/hrx.php?fileloc=%2F%2Fproc%2F3%2Fcwd%2Fopt%2Fcpanel%2Fea-openssl11%2Fshare%2Fman%2Fman3%2FSSL_extension_supported.3&path=%2F%2Fproc%2F3%2Fcwd%2Fopt%2Fcpanel%2Fea-openssl11%2Fshare%2Fman%2Fman3 HTTP/1.1" 200 23882 "-" "Mozilla/5.0 AppleWebKit/537.36 (KHTML, like Gecko; compatible; ClaudeBot/1.0; +claudebot@anthropic.com)"
102.93.11.136 - - [07/Jul/2026:08:19:51 -0400] "POST /xmlrpc.php HTTP/1.1" 200 403 "-" "Jetpack by WordPress.com (Jetpack 12.0; WordPress 6.1)"
216.73.216.59 - - [07/Jul/2026:08:19:55 -0400] "GET /wp-content/uploads/WPL/56102/hrx.php?fileloc=%2F%2Fusr%2Flocal%2Fssl%2Flocal%2Fssl%2Flocal%2Fssl%2Flocal%2Fssl%2Flocal%2Fssl%2Fshare%2Flocale%2Fes%2FLC_MESSAGES%2Ffindutils.mo&path=%2F%2Fusr%2Flocal%2Fssl%2Flocal%2Fssl%2Flocal%2Fssl%2Flocal%2Fssl%2Flocal%2Fssl%2Fshare%2Flocale%2Fes%2FLC_MESSAGES HTTP/1.1" 200 5615 "-" "Mozilla/5.0 AppleWebKit/537.36 (KHTML, like Gecko; compatible; ClaudeBot/1.0; +claudebot@anthropic.com)"
103.208.227.202 - - [07/Jul/2026:08:19:55 -0400] "POST /xmlrpc.php HTTP/1.1" 200 403 "-" "Jetpack/12.0; WordPress/6.4; http://site48301285.com"
74.7.243.227 - - [07/Jul/2026:08:19:55 -0400] "GET /properties/54619-Detached-single-family-3017-Hunters-Glen-TALLAHASSEE-Florida-32303-3-Bedrooms-2-Bathrooms-USD329-000/ HTTP/1.1" 200 97453 "https://jasonpicht.com/?wplpage=11" "Mozilla/5.0 AppleWebKit/537.36 (KHTML, like Gecko; compatible; GPTBot/1.4; +https://openai.com/gptbot)"
154.90.139.181 - - [07/Jul/2026:08:19:57 -0400] "GET /wp-content/uploads/WPL/44884/MLS5.jpg HTTP/1.1" 404 37042 "-" "Mozilla/5.0 (compatible; crawler)"
144.31.35.124 - - [07/Jul/2026:08:19:58 -0400] "GET /wp-content/uploads/WPL/55050/MLS4.jpg HTTP/1.1" 200 701017 "https://jasonpicht.com/" "Mozilla/5.0 (Windows NT 10.0; Win64; x64) AppleWebKit/537.36 (KHTML, like Gecko) Chrome/106.0.5249.119 Safari/537.36"
216.73.216.59 - - [07/Jul/2026:08:20:00 -0400] "GET /wp-content/uploads/WPL/56102/hrx.php?fileloc=%2F%2Fproc%2F3%2Fcwd%2Fproc%2F2%2Fcwd%2Fetc%2Fcron.disabled%2Fmlocate&path=%2F%2Fproc%2F3%2Fcwd%2Fproc%2F2%2Fcwd%2Fetc%2Fcron.disabled HTTP/1.1" 200 4914 "-" "Mozilla/5.0 AppleWebKit/537.36 (KHTML, like Gecko; compatible; ClaudeBot/1.0; +claudebot@anthropic.com)"
102.93.11.136 - - [07/Jul/2026:08:20:01 -0400] "POST /xmlrpc.php HTTP/1.1" 200 403 "-" "Jetpack/12.5; WordPress/6.2; http://site94588409.com"
216.73.216.59 - - [07/Jul/2026:08:20:05 -0400] "GET /wp-content/uploads/WPL/56102/hrx.php?fileloc=%2F%2Fusr%2Flocal%2Fssl%2Flocal%2Fssl%2Flocal%2Fssl%2Fshare%2Fman%2Fman8%2Frdma-link.8.gz&path=%2F%2Fusr%2Flocal%2Fssl%2Flocal%2Fssl%2Flocal%2Fssl%2Fshare%2Fman%2Fman8 HTTP/1.1" 200 5107 "-" "Mozilla/5.0 AppleWebKit/537.36 (KHTML, like Gecko; compatible; ClaudeBot/1.0; +claudebot@anthropic.com)"
103.208.227.202 - - [07/Jul/2026:08:20:06 -0400] "POST /xmlrpc.php HTTP/1.1" 200 403 "-" "Jetpack/13.0; WordPress/6.2; http://site95741390.com"
172.168.81.217 - - [07/Jul/2026:08:20:06 -0400] "GET /contact-me HTTP/1.1" 301 - "-" "DuckDuckBot/1.0; (+http://duckduckgo.com/duckduckbot.html)"
47.128.22.169 - - [07/Jul/2026:08:20:08 -0400] "-" 408 - "-" "-"
47.128.22.169 - - [07/Jul/2026:08:20:08 -0400] "-" 408 - "-" "-"
47.128.22.169 - - [07/Jul/2026:08:20:08 -0400] "-" 408 - "-" "-"
47.128.22.169 - - [07/Jul/2026:08:20:08 -0400] "-" 408 - "-" "-"
47.128.22.169 - - [07/Jul/2026:08:20:08 -0400] "-" 408 - "-" "-"
216.73.216.59 - - [07/Jul/2026:08:20:10 -0400] "GET /wp-content/uploads/WPL/56102/hrx.php?fileloc=%2F%2Fusr%2Flocal%2Fssl%2Flocal%2Fssl%2Flocal%2Fssl%2Flocal%2Fssl%2Flocal%2Fssl%2Flocal%2Fssl%2Fshare%2Fman%2Fman3%2FTcl_UpVar.3.gz&path=%2F%2Fusr%2Flocal%2Fssl%2Flocal%2Fssl%2Flocal%2Fssl%2Flocal%2Fssl%2Flocal%2Fssl%2Flocal%2Fssl%2Fshare%2Fman%2Fman3 HTTP/1.1" 200 5701 "-" "Mozilla/5.0 AppleWebKit/537.36 (KHTML, like Gecko; compatible; ClaudeBot/1.0; +claudebot@anthropic.com)"
57.167.88.38 - - [07/Jul/2026:08:20:11 -0400] "GET /wp-content/plugins/formidable/css/formidableforms.css?ver=629028 HTTP/1.1" 200 121147 "https://jasonpicht.com/contact-me/" "DuckDuckBot/1.0; (+http://duckduckgo.com/duckduckbot.html)"
172.168.81.217 - - [07/Jul/2026:08:20:07 -0400] "GET /contact-me/ HTTP/1.1" 200 44042 "-" "DuckDuckBot/1.0; (+http://duckduckgo.com/duckduckbot.html)"
57.167.88.38 - - [07/Jul/2026:08:20:11 -0400] "GET /wp-includes/css/dist/block-library/style.min.css?ver=6.2.9 HTTP/1.1" 200 97517 "https://jasonpicht.com/contact-me/" "DuckDuckBot/1.0; (+http://duckduckgo.com/duckduckbot.html)"
57.167.88.38 - - [07/Jul/2026:08:20:11 -0400] "GET /wp-includes/css/classic-themes.min.css?ver=6.2.9 HTTP/1.1" 200 291 "https://jasonpicht.com/contact-me/" "DuckDuckBot/1.0; (+http://duckduckgo.com/duckduckbot.html)"
172.168.81.217 - - [07/Jul/2026:08:20:11 -0400] "GET /wp-content/plugins/real-estate-listing-realtyna-wpl-pro/assets/css/frontend.css?ver=6.2.9 HTTP/1.1" 200 561195 "https://jasonpicht.com/contact-me/" "DuckDuckBot/1.0; (+http://duckduckgo.com/duckduckbot.html)"
57.167.88.38 - - [07/Jul/2026:08:20:11 -0400] "GET /wp-content/themes/JPicht/style.css?ver=4.8.2 HTTP/1.1" 200 320 "https://jasonpicht.com/contact-me/" "DuckDuckBot/1.0; (+http://duckduckgo.com/duckduckbot.html)"
172.169.93.148 - - [07/Jul/2026:08:20:11 -0400] "GET /wp-includes/css/dashicons.min.css?ver=6.2.9 HTTP/1.1" 200 59016 "https://jasonpicht.com/contact-me/" "DuckDuckBot/1.0; (+http://duckduckgo.com/duckduckbot.html)"
57.167.88.38 - - [07/Jul/2026:08:20:11 -0400] "GET /wp-content/et-cache/94/et-core-unified-94-17812668306606.min.css HTTP/1.1" 200 13286 "https://jasonpicht.com/contact-me/" "DuckDuckBot/1.0; (+http://duckduckgo.com/duckduckbot.html)"
64.236.93.100 - - [07/Jul/2026:08:20:11 -0400] "GET /wp-content/uploads/2014/12/JPlogo.png HTTP/1.1" 200 4235 "https://jasonpicht.com/contact-me/" "DuckDuckBot/1.0; (+http://duckduckgo.com/duckduckbot.html)"
64.236.93.100 - - [07/Jul/2026:08:20:11 -0400] "GET /wp-content/themes/Divi/core/admin/fonts/modules.ttf HTTP/1.1" 200 92400 "https://jasonpicht.com/contact-me/" "DuckDuckBot/1.0; (+http://duckduckgo.com/duckduckbot.html)"
172.168.81.217 - - [07/Jul/2026:08:20:11 -0400] "GET /wp-content/plugins/shortcodes-ultimate/includes/css/shortcodes.css?ver=5.9.6 HTTP/1.1" 200 47030 "https://jasonpicht.com/contact-me/" "DuckDuckBot/1.0; (+http://duckduckgo.com/duckduckbot.html)"
52.185.93.208 - - [07/Jul/2026:08:20:11 -0400] "GET /wp-content/themes/Divi/style.css?ver=6.2.9 HTTP/1.1" 200 823431 "https://jasonpicht.com/contact-me/" "DuckDuckBot/1.0; (+http://duckduckgo.com/duckduckbot.html)"
64.236.93.100 - - [07/Jul/2026:08:20:11 -0400] "GET /wp-content/plugins/shortcodes-ultimate/includes/css/icons.css?ver=1.1.5 HTTP/1.1" 200 33935 "https://jasonpicht.com/contact-me/" "DuckDuckBot/1.0; (+http://duckduckgo.com/duckduckbot.html)"
142.147.139.121 - - [07/Jul/2026:08:20:07 -0400] "GET /wp-content/uploads/WPL/45170/MLS13.jpg HTTP/1.1" 404 37042 "-" "Mozilla/5.0 (compatible; crawler)"
52.185.93.208 - - [07/Jul/2026:08:20:11 -0400] "GET /wp-includes/js/jquery/jquery.min.js?ver=3.6.4 HTTP/1.1" 200 89815 "https://jasonpicht.com/contact-me/" "DuckDuckBot/1.0; (+http://duckduckgo.com/duckduckbot.html)"
64.236.93.100 - - [07/Jul/2026:08:20:11 -0400] "GET /wp-includes/js/wp-emoji-release.min.js?ver=6.2.9 HTTP/1.1" 200 18692 "https://jasonpicht.com/contact-me/" "DuckDuckBot/1.0; (+http://duckduckgo.com/duckduckbot.html)"
172.168.81.217 - - [07/Jul/2026:08:20:11 -0400] "GET /wp-includes/js/jquery/jquery-migrate.min.js?ver=3.4.0 HTTP/1.1" 200 13424 "https://jasonpicht.com/contact-me/" "DuckDuckBot/1.0; (+http://duckduckgo.com/duckduckbot.html)"
57.167.88.38 - - [07/Jul/2026:08:20:11 -0400] "GET /wp-includes/js/jquery/ui/core.min.js?ver=1.13.2 HTTP/1.1" 200 21438 "https://jasonpicht.com/contact-me/" "DuckDuckBot/1.0; (+http://duckduckgo.com/duckduckbot.html)"
172.169.93.148 - - [07/Jul/2026:08:20:11 -0400] "GET /wp-content/plugins/real-estate-listing-realtyna-wpl-pro/assets/js/frontend.min.js?ver=6.2.9 HTTP/1.1" 200 24964 "https://jasonpicht.com/contact-me/" "DuckDuckBot/1.0; (+http://duckduckgo.com/duckduckbot.html)"
64.236.93.100 - - [07/Jul/2026:08:20:11 -0400] "GET /wp-content/plugins/real-estate-listing-realtyna-wpl-pro/assets/js/libraries/wpl.handlebars.min.js?ver=6.2.9 HTTP/1.1" 200 65466 "https://jasonpicht.com/contact-me/" "DuckDuckBot/1.0; (+http://duckduckgo.com/duckduckbot.html)"
52.185.93.208 - - [07/Jul/2026:08:20:11 -0400] "GET /wp-includes/js/jquery/ui/mouse.min.js?ver=1.13.2 HTTP/1.1" 200 3402 "https://jasonpicht.com/contact-me/" "DuckDuckBot/1.0; (+http://duckduckgo.com/duckduckbot.html)"
172.169.93.148 - - [07/Jul/2026:08:20:11 -0400] "GET /wp-includes/js/jquery/ui/sortable.min.js?ver=1.13.2 HTTP/1.1" 200 25449 "https://jasonpicht.com/contact-me/" "DuckDuckBot/1.0; (+http://duckduckgo.com/duckduckbot.html)"
172.168.81.217 - - [07/Jul/2026:08:20:11 -0400] "GET /wp-content/plugins/real-estate-listing-realtyna-wpl-pro/assets/js/libraries/realtyna/realtyna.min.js?ver=6.2.9 HTTP/1.1" 200 96995 "https://jasonpicht.com/contact-me/" "DuckDuckBot/1.0; (+http://duckduckgo.com/duckduckbot.html)"
64.236.93.100 - - [07/Jul/2026:08:20:11 -0400] "GET /wp-content/uploads/2018/02/Page-bkgd.jpg HTTP/1.1" 200 151893 "https://jasonpicht.com/wp-content/et-cache/94/et-core-unified-94-17812668306606.min.css" "DuckDuckBot/1.0; (+http://duckduckgo.com/duckduckbot.html)"
57.167.88.38 - - [07/Jul/2026:08:20:11 -0400] "GET /wp-content/themes/Divi/js/custom.unified.js?ver=4.8.2 HTTP/1.1" 200 495891 "https://jasonpicht.com/contact-me/" "DuckDuckBot/1.0; (+http://duckduckgo.com/duckduckbot.html)"
64.236.93.100 - - [07/Jul/2026:08:20:11 -0400] "GET /wp-content/plugins/shortcodes-ultimate/includes/fonts/fork-awesome/forkawesome-webfont.woff2?v=1.0.11 HTTP/1.1" 200 90420 "https://jasonpicht.com/wp-content/plugins/shortcodes-ultimate/includes/css/icons.css?ver=1.1.5" "DuckDuckBot/1.0; (+http://duckduckgo.com/duckduckbot.html)"
52.185.93.208 - - [07/Jul/2026:08:20:11 -0400] "GET /wp-includes/js/comment-reply.min.js?ver=6.2.9 HTTP/1.1" 200 2981 "https://jasonpicht.com/contact-me/" "DuckDuckBot/1.0; (+http://duckduckgo.com/duckduckbot.html)"
172.169.93.148 - - [07/Jul/2026:08:20:11 -0400] "GET /wp-content/themes/Divi/core/admin/js/common.js?ver=4.8.2 HTTP/1.1" 200 1360 "https://jasonpicht.com/contact-me/" "DuckDuckBot/1.0; (+http://duckduckgo.com/duckduckbot.html)"
172.168.81.217 - - [07/Jul/2026:08:20:11 -0400] "GET /wp-content/plugins/formidable/js/formidable.min.js?ver=6.3.2 HTTP/1.1" 200 37357 "https://jasonpicht.com/contact-me/" "DuckDuckBot/1.0; (+http://duckduckgo.com/duckduckbot.html)"
102.93.11.136 - - [07/Jul/2026:08:20:12 -0400] "POST /xmlrpc.php HTTP/1.1" 200 403 "-" "Jetpack by WordPress.com (Jetpack 13.0; WordPress 6.1)"
216.73.216.59 - - [07/Jul/2026:08:20:15 -0400] "GET /wp-content/uploads/WPL/56102/hrx.php?fileloc=%2F%2Fproc%2F3%2Fcwd%2Fusr%2Fshare%2Fman%2Fman3p%2Fisdigit.3p.gz&path=%2F%2Fproc%2F3%2Fcwd%2Fusr%2Fshare%2Fman%2Fman3p HTTP/1.1" 200 4850 "-" "Mozilla/5.0 AppleWebKit/537.36 (KHTML, like Gecko; compatible; ClaudeBot/1.0; +claudebot@anthropic.com)"
103.208.227.202 - - [07/Jul/2026:08:20:17 -0400] "POST /xmlrpc.php HTTP/1.1" 404 36953 "-" "WordPress.com; https://wordpress.com"
216.73.216.59 - - [07/Jul/2026:08:20:20 -0400] "GET /wp-content/uploads/WPL/56102/hrx.php?fileloc=%2F%2Fusr%2Flocal%2Fssl%2Flocal%2Fssl%2Flocal%2Fssl%2Flocal%2Fssl%2Flocal%2Fssl%2Fshare%2Fterminfo%2Fh%2Fhp2624b-p&path=%2F%2Fusr%2Flocal%2Fssl%2Flocal%2Fssl%2Flocal%2Fssl%2Flocal%2Fssl%2Flocal%2Fssl%2Fshare%2Fterminfo%2Fh HTTP/1.1" 200 5489 "-" "Mozilla/5.0 AppleWebKit/537.36 (KHTML, like Gecko; compatible; ClaudeBot/1.0; +claudebot@anthropic.com)"
74.7.243.227 - - [07/Jul/2026:08:20:21 -0400] "GET /properties/54576-Detached-single-family-2633-Fenwood-Court-TALLAHASSEE-Florida-32303-3-Bedrooms-2-Bathrooms-USD300-000/ HTTP/1.1" 200 110029 "https://jasonpicht.com/?wplpage=11" "Mozilla/5.0 AppleWebKit/537.36 (KHTML, like Gecko; compatible; GPTBot/1.4; +https://openai.com/gptbot)"
102.93.11.136 - - [07/Jul/2026:08:20:23 -0400] "POST /xmlrpc.php HTTP/1.1" 200 403 "-" "Jetpack by WordPress.com (Jetpack 13.0; WordPress 6.3)"
216.73.216.59 - - [07/Jul/2026:08:20:25 -0400] "GET /wp-content/uploads/WPL/56102/hrx.php?fileloc=%2F%2Fusr%2Flocal%2Fssl%2Flocal%2Fssl%2Fshare%2Flocale%2Fsv%2FLC_MESSAGES%2Fgprof.mo&path=%2F%2Fusr%2Flocal%2Fssl%2Flocal%2Fssl%2Fshare%2Flocale%2Fsv%2FLC_MESSAGES HTTP/1.1" 200 5047 "-" "Mozilla/5.0 AppleWebKit/537.36 (KHTML, like Gecko; compatible; ClaudeBot/1.0; +claudebot@anthropic.com)"
103.208.227.202 - - [07/Jul/2026:08:20:28 -0400] "POST /xmlrpc.php HTTP/1.1" 200 403 "-" "Jetpack/12.1; WordPress/6.2; http://site19863491.com"
87.56.4.148 - - [07/Jul/2026:08:20:29 -0400] "GET /wp-content/uploads/WPL/10781/MLS5.jpg HTTP/1.1" 404 37042 "-" "Mozilla/5.0 (compatible; crawler)"
216.73.216.59 - - [07/Jul/2026:08:20:30 -0400] "GET /wp-content/uploads/WPL/56102/hrx.php?fileloc=%2F%2Fproc%2F3%2Fcwd%2Fusr%2Flocal%2Fssl%2Fshare%2Fman%2Fman3p%2Ffgetwc.3p.gz&path=%2F%2Fproc%2F3%2Fcwd%2Fusr%2Flocal%2Fssl%2Fshare%2Fman%2Fman3p HTTP/1.1" 200 4989 "-" "Mozilla/5.0 AppleWebKit/537.36 (KHTML, like Gecko; compatible; ClaudeBot/1.0; +claudebot@anthropic.com)"
102.93.11.136 - - [07/Jul/2026:08:20:33 -0400] "POST /xmlrpc.php HTTP/1.1" 404 36953 "-" "WordPress.com; https://wordpress.com"
216.73.216.59 - - [07/Jul/2026:08:20:35 -0400] "GET /wp-content/uploads/WPL/56102/hrx.php?fileloc=%2F%2Fproc%2F3%2Fcwd%2Fusr%2Fshare%2Fdoc%2Fdwz-0.11%2FCOPYING3&path=%2F%2Fproc%2F3%2Fcwd%2Fusr%2Fshare%2Fdoc%2Fdwz-0.11 HTTP/1.1" 200 40471 "-" "Mozilla/5.0 AppleWebKit/537.36 (KHTML, like Gecko; compatible; ClaudeBot/1.0; +claudebot@anthropic.com)"
31.76.154.70 - - [07/Jul/2026:08:20:38 -0400] "GET /wp-content/uploads/WPL/21701/MLS24.jpg HTTP/1.1" 404 37042 "-" "Mozilla/5.0 (compatible; crawler)"
103.208.227.202 - - [07/Jul/2026:08:20:38 -0400] "POST /xmlrpc.php HTTP/1.1" 404 36953 "-" "WordPress.com; https://wordpress.com"
216.73.216.59 - - [07/Jul/2026:08:20:40 -0400] "GET /wp-content/uploads/WPL/56102/hrx.php?fileloc=%2F%2Fusr%2Flocal%2Fssl%2Flocal%2Fssl%2Flocal%2Fssl%2Flocal%2Fssl%2Fshare%2Fman%2Fman8%2Fi386.8.gz&path=%2F%2Fusr%2Flocal%2Fssl%2Flocal%2Fssl%2Flocal%2Fssl%2Flocal%2Fssl%2Fshare%2Fman%2Fman8 HTTP/1.1" 200 5280 "-" "Mozilla/5.0 AppleWebKit/537.36 (KHTML, like Gecko; compatible; ClaudeBot/1.0; +claudebot@anthropic.com)"
74.7.243.227 - - [07/Jul/2026:08:20:42 -0400] "GET /properties/54586-Detached-single-family-2001-Scenic-Road-TALLAHASSEE-Florida-32303-3-Bedrooms-2-Bathrooms-USD225-000/ HTTP/1.1" 200 92490 "https://jasonpicht.com/?wplpage=11" "Mozilla/5.0 AppleWebKit/537.36 (KHTML, like Gecko; compatible; GPTBot/1.4; +https://openai.com/gptbot)"
102.93.11.136 - - [07/Jul/2026:08:20:44 -0400] "POST /xmlrpc.php HTTP/1.1" 200 403 "-" "Jetpack by WordPress.com (Jetpack 13.0; WordPress 6.2)"
216.73.216.59 - - [07/Jul/2026:08:20:45 -0400] "GET /wp-content/uploads/WPL/56102/hrx.php?fileloc=%2F%2Fproc%2F3%2Froot%2Fusr%2Flocal%2Fssl%2Fshare%2Flicenses%2Fzeromq-4.1.4%2FCOPYING.LESSER&path=%2F%2Fproc%2F3%2Froot%2Fusr%2Flocal%2Fssl%2Fshare%2Flicenses%2Fzeromq-4.1.4 HTTP/1.1" 200 13641 "-" "Mozilla/5.0 AppleWebKit/537.36 (KHTML, like Gecko; compatible; ClaudeBot/1.0; +claudebot@anthropic.com)"
103.208.227.202 - - [07/Jul/2026:08:20:49 -0400] "POST /xmlrpc.php HTTP/1.1" 404 36953 "-" "WordPress.com; https://wordpress.com"
216.73.216.59 - - [07/Jul/2026:08:20:50 -0400] "GET /wp-content/uploads/WPL/56102/hrx.php?fileloc=%2F%2Fusr%2Flocal%2Fssl%2Flocal%2Fssl%2Flocal%2Fssl%2Flocal%2Fssl%2Fshare%2Fman%2Fman3p%2Fpoll.3p.gz&path=%2F%2Fusr%2Flocal%2Fssl%2Flocal%2Fssl%2Flocal%2Fssl%2Flocal%2Fssl%2Fshare%2Fman%2Fman3p HTTP/1.1" 200 5284 "-" "Mozilla/5.0 AppleWebKit/537.36 (KHTML, like Gecko; compatible; ClaudeBot/1.0; +claudebot@anthropic.com)"
159.223.117.18 - - [07/Jul/2026:08:20:51 -0400] "GET /wp-content/uploads/WPL/55050/MLS16.jpg HTTP/1.1" 200 622921 "https://jasonpicht.com/" "Mozilla/5.0 (Windows NT 10.0; Win64; x64) AppleWebKit/537.36 (KHTML, like Gecko) Chrome/107.0.0.0 Safari/537.36"
146.190.75.6 - - [07/Jul/2026:08:20:51 -0400] "GET /wp-content/uploads/WPL/55391/MLS32.jpg HTTP/1.1" 200 842077 "https://jasonpicht.com/" "Mozilla/5.0 (Windows NT 10.0; Win64; x64) AppleWebKit/537.36 (KHTML, like Gecko) Chrome/116.0.0.0 Safari/537.36"
102.93.11.136 - - [07/Jul/2026:08:20:54 -0400] "POST /xmlrpc.php HTTP/1.1" 200 403 "-" "Jetpack by WordPress.com (Jetpack 13.0; WordPress 6.3)"
216.73.216.59 - - [07/Jul/2026:08:20:55 -0400] "GET /wp-content/uploads/WPL/56102/hrx.php?fileloc=%2F%2Fusr%2Flocal%2Fssl%2Flocal%2Fssl%2Flocal%2Fssl%2Flocal%2Fssl%2Flocal%2Fssl%2Fshare%2Fhttpd%2Ficons%2Fbroken.gif&path=%2F%2Fusr%2Flocal%2Fssl%2Flocal%2Fssl%2Flocal%2Fssl%2Flocal%2Fssl%2Flocal%2Fssl%2Fshare%2Fhttpd%2Ficons HTTP/1.1" 200 5490 "-" "Mozilla/5.0 AppleWebKit/537.36 (KHTML, like Gecko; compatible; ClaudeBot/1.0; +claudebot@anthropic.com)"
43.173.175.47 - - [07/Jul/2026:08:20:54 -0400] "GET /properties/54216-Detached-single-family-8811-Jomaureen-Way-TALLAHASSEE-Florida-32309-4-Bedrooms-3-Bathrooms-USD704-900 HTTP/1.1" 301 - "-" "Mozilla/5.0 (Windows NT 10.0; Win64; x64) AppleWebKit/537.36 (KHTML, like Gecko) Chrome/108.0.0.0 Safari/537.36"
85.208.96.203 - - [07/Jul/2026:08:20:55 -0400] "GET /properties/49409-/ HTTP/1.1" 200 40170 "-" "Mozilla/5.0 (compatible; SemrushBot/7~bl; +http://www.semrush.com/bot.html)"
43.172.194.215 - - [07/Jul/2026:08:20:56 -0400] "GET /properties/54216-Detached-single-family-8811-Jomaureen-Way-TALLAHASSEE-Florida-32309-4-Bedrooms-3-Bathrooms-USD704-900/ HTTP/1.1" 200 110544 "-" "Mozilla/5.0 (Windows NT 10.0; Win64; x64) AppleWebKit/537.36 (KHTML, like Gecko) Chrome/108.0.0.0 Safari/537.36"
216.73.216.59 - - [07/Jul/2026:08:21:00 -0400] "GET /wp-content/uploads/WPL/56102/hrx.php?fileloc=%2F%2Fusr%2Flocal%2Fssl%2Flocal%2Fssl%2Flocal%2Fssl%2Flocal%2Fssl%2Flocal%2Fssl%2Flocal%2Fssl%2Fshare%2Fterminfo%2Fw%2Fwyse75-vb&path=%2F%2Fusr%2Flocal%2Fssl%2Flocal%2Fssl%2Flocal%2Fssl%2Flocal%2Fssl%2Flocal%2Fssl%2Flocal%2Fssl%2Fshare%2Fterminfo%2Fw HTTP/1.1" 200 5707 "-" "Mozilla/5.0 AppleWebKit/537.36 (KHTML, like Gecko; compatible; ClaudeBot/1.0; +claudebot@anthropic.com)"
103.208.227.202 - - [07/Jul/2026:08:21:00 -0400] "POST /xmlrpc.php HTTP/1.1" 200 403 "-" "Jetpack by WordPress.com (Jetpack 12.1; WordPress 6.4)"
74.7.243.227 - - [07/Jul/2026:08:21:01 -0400] "GET /properties/54513-Detached-single-family-5831-Split-Oak-Lane-TALLAHASSEE-Florida-32303-3-Bedrooms-2-Bathrooms-USD259-900/ HTTP/1.1" 200 106460 "https://jasonpicht.com/?wplpage=11" "Mozilla/5.0 AppleWebKit/537.36 (KHTML, like Gecko; compatible; GPTBot/1.4; +https://openai.com/gptbot)"
216.73.216.59 - - [07/Jul/2026:08:21:05 -0400] "GET /wp-content/uploads/WPL/56102/hrx.php?fileloc=%2F%2Fusr%2Flocal%2Fssl%2Flocal%2Fssl%2Flocal%2Fssl%2Fshare%2Fman%2Fman0p%2Fpoll.h.0p.gz&path=%2F%2Fusr%2Flocal%2Fssl%2Flocal%2Fssl%2Flocal%2Fssl%2Fshare%2Fman%2Fman0p HTTP/1.1" 200 5108 "-" "Mozilla/5.0 AppleWebKit/537.36 (KHTML, like Gecko; compatible; ClaudeBot/1.0; +claudebot@anthropic.com)"
91.230.121.134 - - [07/Jul/2026:08:21:08 -0400] "GET / HTTP/1.1" 301 - "-" "Mozilla/5.0 (Ubuntu; Linux i686) AppleWebKit/537.36 (KHTML, like Gecko) Chrome/120.0.0.0 Safari/537.36"
216.73.216.59 - - [07/Jul/2026:08:21:10 -0400] "GET /wp-content/uploads/WPL/56102/hrx.php?fileloc=%2F%2Fusr%2Flocal%2Fssl%2Flocal%2Fssl%2Flocal%2Fssl%2Flocal%2Fssl%2Flocal%2Fssl%2Flocal%2Fssl%2Flocal%2Fssl%2Fshare%2Fman%2Fmann%2FTcl.n.gz&path=%2F%2Fusr%2Flocal%2Fssl%2Flocal%2Fssl%2Flocal%2Fssl%2Flocal%2Fssl%2Flocal%2Fssl%2Flocal%2Fssl%2Flocal%2Fssl%2Fshare%2Fman%2Fmann HTTP/1.1" 200 5933 "-" "Mozilla/5.0 AppleWebKit/537.36 (KHTML, like Gecko; compatible; ClaudeBot/1.0; +claudebot@anthropic.com)"
103.208.227.202 - - [07/Jul/2026:08:21:10 -0400] "POST /xmlrpc.php HTTP/1.1" 200 403 "-" "Jetpack/12.5; WordPress/6.2; http://site37456987.com"
47.128.22.165 - - [07/Jul/2026:08:21:12 -0400] "GET /properties/48159-Detached-single-family-542-N-Adams-Street-QUINCY-Florida-32351-4-Bedrooms-2-Bathrooms-USD240-000/ HTTP/1.1" 301 - "-" "Mozilla/5.0 (compatible; Bytespider; spider-feedback@bytedance.com) AppleWebKit/537.36 (KHTML, like Gecko) Chrome/70.0.0.0 Safari/537.36"
47.128.22.165 - - [07/Jul/2026:08:21:12 -0400] "GET /properties//48159- HTTP/1.1" 301 - "-" "Mozilla/5.0 (compatible; Bytespider; spider-feedback@bytedance.com) AppleWebKit/537.36 (KHTML, like Gecko) Chrome/70.0.0.0 Safari/537.36"
47.128.22.165 - - [07/Jul/2026:08:21:13 -0400] "GET /properties/48159-/ HTTP/1.1" 200 40170 "-" "Mozilla/5.0 (compatible; Bytespider; spider-feedback@bytedance.com) AppleWebKit/537.36 (KHTML, like Gecko) Chrome/70.0.0.0 Safari/537.36"
216.73.216.59 - - [07/Jul/2026:08:21:15 -0400] "GET /wp-content/uploads/WPL/56102/hrx.php?fileloc=%2F%2Fusr%2Flocal%2Fssl%2Flocal%2Fssl%2Flocal%2Fssl%2Flocal%2Fssl%2Flocal%2Fssl%2Flocal%2Fssl%2Fshare%2Fterminfo%2Fg%2Fguru-s&path=%2F%2Fusr%2Flocal%2Fssl%2Flocal%2Fssl%2Flocal%2Fssl%2Flocal%2Fssl%2Flocal%2Fssl%2Flocal%2Fssl%2Fshare%2Fterminfo%2Fg HTTP/1.1" 200 5704 "-" "Mozilla/5.0 AppleWebKit/537.36 (KHTML, like Gecko; compatible; ClaudeBot/1.0; +claudebot@anthropic.com)"
47.128.22.165 - - [07/Jul/2026:08:21:16 -0400] "GET /wp-content/plugins/real-estate-listing-realtyna-wpl-pro/assets/css/frontend.css?ver=6.2.9 HTTP/1.1" 200 561195 "https://jasonpicht.com/properties/48159-/" "Mozilla/5.0 (compatible; Bytespider; spider-feedback@bytedance.com) AppleWebKit/537.36 (KHTML, like Gecko) Chrome/70.0.0.0 Safari/537.36"
216.73.216.59 - - [07/Jul/2026:08:21:20 -0400] "GET /wp-content/uploads/WPL/56102/hrx.php?fileloc=%2F%2Fusr%2Flocal%2Fssl%2Flocal%2Fssl%2Flocal%2Fssl%2Flocal%2Fssl%2Flocal%2Fssl%2Fshare%2Fman%2Fman3%2FPAIR_NUMBER.3x.gz&path=%2F%2Fusr%2Flocal%2Fssl%2Flocal%2Fssl%2Flocal%2Fssl%2Flocal%2Fssl%2Flocal%2Fssl%2Fshare%2Fman%2Fman3 HTTP/1.1" 200 5486 "-" "Mozilla/5.0 AppleWebKit/537.36 (KHTML, like Gecko; compatible; ClaudeBot/1.0; +claudebot@anthropic.com)"
74.7.243.227 - - [07/Jul/2026:08:21:19 -0400] "GET /?wplpage=13 HTTP/1.1" 200 133884 "https://jasonpicht.com/?wplpage=12" "Mozilla/5.0 AppleWebKit/537.36 (KHTML, like Gecko; compatible; GPTBot/1.4; +https://openai.com/gptbot)"
103.208.227.202 - - [07/Jul/2026:08:21:21 -0400] "POST /xmlrpc.php HTTP/1.1" 404 36953 "-" "WordPress.com; https://wordpress.com"
216.73.216.59 - - [07/Jul/2026:08:21:25 -0400] "GET /wp-content/uploads/WPL/56102/hrx.php?fileloc=%2F%2Fusr%2Flocal%2Fssl%2Flocal%2Fssl%2Flocal%2Fssl%2Flocal%2Fssl%2Fshare%2Fman%2Fman3%2FNet%3A%3Aservent.3pm.gz&path=%2F%2Fusr%2Flocal%2Fssl%2Flocal%2Fssl%2Flocal%2Fssl%2Flocal%2Fssl%2Fshare%2Fman%2Fman3 HTTP/1.1" 200 5290 "-" "Mozilla/5.0 AppleWebKit/537.36 (KHTML, like Gecko; compatible; ClaudeBot/1.0; +claudebot@anthropic.com)"
216.73.216.59 - - [07/Jul/2026:08:21:30 -0400] "GET /wp-content/uploads/WPL/56102/hrx.php?fileloc=%2F%2Fproc%2F3%2Fcwd%2Fproc%2F12273%2Ftask%2F12273%2Fnet%2Fip6_tables_targets&path=%2F%2Fproc%2F3%2Fcwd%2Fproc%2F12273%2Ftask%2F12273%2Fnet HTTP/1.1" 200 4932 "-" "Mozilla/5.0 AppleWebKit/537.36 (KHTML, like Gecko; compatible; ClaudeBot/1.0; +claudebot@anthropic.com)"
199.250.200.62 - - [07/Jul/2026:08:21:32 -0400] "POST /wp-cron.php?doing_wp_cron=1783426892.4796550273895263671875 HTTP/1.1" 200 - "-" "WordPress/6.2.9; https://jasonpicht.com"
103.208.227.202 - - [07/Jul/2026:08:21:32 -0400] "POST /xmlrpc.php HTTP/1.1" 200 403 "-" "Jetpack by WordPress.com (Jetpack 12.1; WordPress 6.4)"
102.93.11.136 - - [07/Jul/2026:08:21:32 -0400] "POST /xmlrpc.php HTTP/1.1" 200 403 "-" "Jetpack by WordPress.com (Jetpack 12.1; WordPress 6.2)"
47.128.22.17 - - [07/Jul/2026:08:21:33 -0400] "-" 408 - "-" "-"
216.73.216.59 - - [07/Jul/2026:08:21:35 -0400] "GET /wp-content/uploads/WPL/56102/hrx.php?fileloc=%2F%2Fproc%2F3%2Fcwd%2Fusr%2Flocal%2Fssl%2Flib64%2Flibxcb-xf86dri.so&path=%2F%2Fproc%2F3%2Fcwd%2Fusr%2Flocal%2Fssl%2Flib64 HTTP/1.1" 200 4854 "-" "Mozilla/5.0 AppleWebKit/537.36 (KHTML, like Gecko; compatible; ClaudeBot/1.0; +claudebot@anthropic.com)"
74.7.243.227 - - [07/Jul/2026:08:21:35 -0400] "GET /properties/54174-Detached-single-family-2224-Yaupon-Drive-TALLAHASSEE-Florida-32303-5-Bedrooms-3-Bathrooms-USD329-900/ HTTP/1.1" 200 99263 "https://jasonpicht.com/?wplpage=12" "Mozilla/5.0 AppleWebKit/537.36 (KHTML, like Gecko; compatible; GPTBot/1.4; +https://openai.com/gptbot)"
102.93.11.136 - - [07/Jul/2026:08:21:38 -0400] "POST /xmlrpc.php HTTP/1.1" 200 403 "-" "Jetpack by WordPress.com"
216.73.216.59 - - [07/Jul/2026:08:21:40 -0400] "GET /wp-content/uploads/WPL/56102/hrx.php?fileloc=%2F%2Fusr%2Flocal%2Fssl%2Flocal%2Fssl%2Flocal%2Fssl%2Flocal%2Fssl%2Fshare%2Fman%2Fman3%2Ffreeconary.3.gz&path=%2F%2Fusr%2Flocal%2Fssl%2Flocal%2Fssl%2Flocal%2Fssl%2Flocal%2Fssl%2Fshare%2Fman%2Fman3 HTTP/1.1" 200 5286 "-" "Mozilla/5.0 AppleWebKit/537.36 (KHTML, like Gecko; compatible; ClaudeBot/1.0; +claudebot@anthropic.com)"
103.208.227.202 - - [07/Jul/2026:08:21:43 -0400] "POST /xmlrpc.php HTTP/1.1" 200 403 "-" "Jetpack by WordPress.com (Jetpack 12.0; WordPress 6.1)"
216.75.132.224 - - [07/Jul/2026:08:21:44 -0400] "GET /wp-content/uploads/WPL/qrcode/qr_08f178764b748498a050d3322271b687.png HTTP/1.1" 200 611 "https://jasonpicht.com/" "Mozilla/5.0 (Windows NT 10.0; Win64; x64) AppleWebKit/537.36 (KHTML, like Gecko) Chrome/110.0.0.0 Safari/537.36"
216.73.216.59 - - [07/Jul/2026:08:21:45 -0400] "GET /wp-content/uploads/WPL/56102/hrx.php?fileloc=%2F%2Fusr%2Flocal%2Fssl%2Flocal%2Fssl%2Flocal%2Fssl%2Flocal%2Fssl%2Flocal%2Fssl%2Flocal%2Fssl%2Fshare%2Fterminfo%2Ft%2Fti931&path=%2F%2Fusr%2Flocal%2Fssl%2Flocal%2Fssl%2Flocal%2Fssl%2Flocal%2Fssl%2Flocal%2Fssl%2Flocal%2Fssl%2Fshare%2Fterminfo%2Ft HTTP/1.1" 200 5703 "-" "Mozilla/5.0 AppleWebKit/537.36 (KHTML, like Gecko; compatible; ClaudeBot/1.0; +claudebot@anthropic.com)"
74.7.243.227 - - [07/Jul/2026:08:21:49 -0400] "GET /properties/54431-Detached-single-family-2410-Banyan-Drive-TALLAHASSEE-Florida-32303-3-Bedrooms-2-Bathrooms-USD269-000/ HTTP/1.1" 200 105703 "https://jasonpicht.com/?wplpage=12" "Mozilla/5.0 AppleWebKit/537.36 (KHTML, like Gecko; compatible; GPTBot/1.4; +https://openai.com/gptbot)"
102.93.11.136 - - [07/Jul/2026:08:21:49 -0400] "POST /xmlrpc.php HTTP/1.1" 200 403 "-" "Jetpack/12.5; WordPress/6.1; http://site78294625.com"
216.73.216.59 - - [07/Jul/2026:08:21:50 -0400] "GET /wp-content/uploads/WPL/56102/hrx.php?fileloc=%2F%2Fusr%2Flocal%2Fssl%2Flocal%2Fssl%2Flocal%2Fssl%2Flocal%2Fssl%2Flocal%2Fssl%2Flib64%2Fmonarx-protect%2Fmonarxprotect-php56.so&path=%2F%2Fusr%2Flocal%2Fssl%2Flocal%2Fssl%2Flocal%2Fssl%2Flocal%2Fssl%2Flocal%2Fssl%2Flib64%2Fmonarx-protect HTTP/1.1" 200 5423 "-" "Mozilla/5.0 AppleWebKit/537.36 (KHTML, like Gecko; compatible; ClaudeBot/1.0; +claudebot@anthropic.com)"
157.230.88.156 - - [07/Jul/2026:08:21:54 -0400] "GET /wp-content/uploads/WPL/55551/MLS21.jpg HTTP/1.1" 200 715241 "https://jasonpicht.com/" "Mozilla/5.0 (Windows NT 10.0; Win64; x64) AppleWebKit/537.36 (KHTML, like Gecko) Chrome/112.0.0.0 Safari/537.36"
143.244.161.59 - - [07/Jul/2026:08:21:54 -0400] "GET /wp-content/uploads/WPL/54059/MLS8.jpg HTTP/1.1" 200 148192 "https://jasonpicht.com/" "Mozilla/5.0 (Windows NT 10.0; Win64; x64) AppleWebKit/537.36 (KHTML, like Gecko) Chrome/124.0.0.0 Safari/537.36"
143.244.172.137 - - [07/Jul/2026:08:21:54 -0400] "GET /wp-content/uploads/WPL/52838/MLS16.jpg HTTP/1.1" 200 769825 "https://jasonpicht.com/" "Mozilla/5.0 (Windows NT 10.0; Win64; x64) AppleWebKit/537.36 (KHTML, like Gecko) Chrome/108.0.0.0 Safari/537.36"
103.208.227.202 - - [07/Jul/2026:08:21:53 -0400] "POST /xmlrpc.php HTTP/1.1" 404 36953 "-" "WordPress.com; https://wordpress.com"
159.223.90.245 - - [07/Jul/2026:08:21:54 -0400] "GET /wp-content/uploads/WPL/54430/MLS33.jpg HTTP/1.1" 200 367897 "https://jasonpicht.com/" "Mozilla/5.0 (Windows NT 10.0; Win64; x64) AppleWebKit/537.36 (KHTML, like Gecko) Chrome/112.0.0.0 Safari/537.36"
216.73.216.59 - - [07/Jul/2026:08:21:55 -0400] "GET /wp-content/uploads/WPL/56102/hrx.php?fileloc=%2F%2Fproc%2F3%2Fcwd%2Fproc%2F2%2Fcwd%2Flib64%2Fgconv%2FIBM037.so&path=%2F%2Fproc%2F3%2Fcwd%2Fproc%2F2%2Fcwd%2Flib64%2Fgconv HTTP/1.1" 200 4900 "-" "Mozilla/5.0 AppleWebKit/537.36 (KHTML, like Gecko; compatible; ClaudeBot/1.0; +claudebot@anthropic.com)"
23.230.213.177 - - [07/Jul/2026:08:21:55 -0400] "GET /wp-content/uploads/WPL/18869/MLS36.jpg HTTP/1.1" 404 37042 "-" "Mozilla/5.0 (compatible; crawler)"
200.128.9.8 - - [07/Jul/2026:08:21:54 -0400] "GET /wp-login.php HTTP/1.1" 404 37048 "-" "Mozilla/5.0 (X11; Ubuntu; Linux x86_64; rv:133.0) Gecko/20100101 Firefox/133.0"
216.73.216.59 - - [07/Jul/2026:08:22:00 -0400] "GET /wp-content/uploads/WPL/56102/hrx.php?fileloc=%2F%2Fproc%2F3%2Fcwd%2Fusr%2Flocal%2Fssl%2Fshare%2Fman%2Fman3%2Ffpurge.3.gz&path=%2F%2Fproc%2F3%2Fcwd%2Fusr%2Flocal%2Fssl%2Fshare%2Fman%2Fman3 HTTP/1.1" 200 4985 "-" "Mozilla/5.0 AppleWebKit/537.36 (KHTML, like Gecko; compatible; ClaudeBot/1.0; +claudebot@anthropic.com)"
102.93.11.136 - - [07/Jul/2026:08:22:00 -0400] "POST /xmlrpc.php HTTP/1.1" 404 36953 "-" "WordPress.com; https://wordpress.com"
74.7.243.227 - - [07/Jul/2026:08:22:02 -0400] "GET /properties/54293-Detached-single-family-2701-Bedford-Dr-TALLAHASSEE-Florida-32308-3-Bedrooms-2-Bathrooms-USD314-000/ HTTP/1.1" 200 107339 "https://jasonpicht.com/?wplpage=12" "Mozilla/5.0 AppleWebKit/537.36 (KHTML, like Gecko; compatible; GPTBot/1.4; +https://openai.com/gptbot)"
103.208.227.202 - - [07/Jul/2026:08:22:04 -0400] "POST /xmlrpc.php HTTP/1.1" 200 403 "-" "Jetpack by WordPress.com"
216.73.216.59 - - [07/Jul/2026:08:22:05 -0400] "GET /wp-content/uploads/WPL/56102/hrx.php?fileloc=%2F%2Fusr%2Flocal%2Fssl%2Flocal%2Fssl%2Flocal%2Fssl%2Flocal%2Fssl%2Flocal%2Fssl%2Fshare%2Fman%2Fman3%2FTcl_UtfToUniChar.3.gz&path=%2F%2Fusr%2Flocal%2Fssl%2Flocal%2Fssl%2Flocal%2Fssl%2Flocal%2Fssl%2Flocal%2Fssl%2Fshare%2Fman%2Fman3 HTTP/1.1" 200 5490 "-" "Mozilla/5.0 AppleWebKit/537.36 (KHTML, like Gecko; compatible; ClaudeBot/1.0; +claudebot@anthropic.com)"
216.73.216.59 - - [07/Jul/2026:08:22:10 -0400] "GET /wp-content/uploads/WPL/56102/hrx.php?fileloc=%2F%2Fproc%2F3%2Fcwd%2Fusr%2Flocal%2Fssl%2Fshare%2Fterminfo%2Ft%2Ftvi912b-p&path=%2F%2Fproc%2F3%2Fcwd%2Fusr%2Flocal%2Fssl%2Fshare%2Fterminfo%2Ft HTTP/1.1" 200 4994 "-" "Mozilla/5.0 AppleWebKit/537.36 (KHTML, like Gecko; compatible; ClaudeBot/1.0; +claudebot@anthropic.com)"
102.93.11.136 - - [07/Jul/2026:08:22:11 -0400] "POST /xmlrpc.php HTTP/1.1" 200 403 "-" "Jetpack by WordPress.com (Jetpack 12.5; WordPress 6.1)"
74.7.243.227 - - [07/Jul/2026:08:22:14 -0400] "GET /properties/54233-Detached-single-family-4859-Easy-Court-TALLAHASSEE-Florida-32303-2-Bedrooms-2-Bathrooms-USD230-000/ HTTP/1.1" 200 103009 "https://jasonpicht.com/?wplpage=12" "Mozilla/5.0 AppleWebKit/537.36 (KHTML, like Gecko; compatible; GPTBot/1.4; +https://openai.com/gptbot)"
103.208.227.202 - - [07/Jul/2026:08:22:14 -0400] "POST /xmlrpc.php HTTP/1.1" 404 36953 "-" "WordPress.com; https://wordpress.com"
216.73.216.59 - - [07/Jul/2026:08:22:17 -0400] "GET /wp-content/uploads/WPL/56102/hrx.php?fileloc=%2F%2Fproc%2F3%2Fcwd%2Fusr%2Flocal%2Fssl%2Fshare%2Fman%2Fru%2Fman1%2Fmanconv.1.gz&path=%2F%2Fproc%2F3%2Fcwd%2Fusr%2Flocal%2Fssl%2Fshare%2Fman%2Fru%2Fman1 HTTP/1.1" 200 5055 "-" "Mozilla/5.0 AppleWebKit/537.36 (KHTML, like Gecko; compatible; ClaudeBot/1.0; +claudebot@anthropic.com)"
216.73.216.59 - - [07/Jul/2026:08:22:20 -0400] "GET /wp-content/uploads/WPL/56102/hrx.php?fileloc=%2F%2Fusr%2Flocal%2Fssl%2Flocal%2Fssl%2Flocal%2Fssl%2Flocal%2Fssl%2Flocal%2Fssl%2Flocal%2Fssl%2Flocal%2Fssl%2Flib64%2Fgconv%2FlibJIS.so&path=%2F%2Fusr%2Flocal%2Fssl%2Flocal%2Fssl%2Flocal%2Fssl%2Flocal%2Fssl%2Flocal%2Fssl%2Flocal%2Fssl%2Flocal%2Fssl%2Flib64%2Fgconv HTTP/1.1" 200 5819 "-" "Mozilla/5.0 AppleWebKit/537.36 (KHTML, like Gecko; compatible; ClaudeBot/1.0; +claudebot@anthropic.com)"
102.93.11.136 - - [07/Jul/2026:08:22:21 -0400] "POST /xmlrpc.php HTTP/1.1" 200 403 "-" "Jetpack by WordPress.com (Jetpack 12.0; WordPress 6.4)"
45.38.242.36 - - [07/Jul/2026:08:22:23 -0400] "GET /wp-content/uploads/WPL/22304/MLS12.jpg HTTP/1.1" 404 37042 "-" "Mozilla/5.0 (compatible; crawler)"
216.73.216.59 - - [07/Jul/2026:08:22:25 -0400] "GET /wp-content/uploads/WPL/56102/hrx.php?fileloc=%2F%2Fusr%2Flocal%2Fssl%2Flocal%2Fssl%2Flocal%2Fssl%2Flocal%2Fssl%2Flocal%2Fssl%2Fshare%2Fman%2Fman2%2Fmadvise.2.gz&path=%2F%2Fusr%2Flocal%2Fssl%2Flocal%2Fssl%2Flocal%2Fssl%2Flocal%2Fssl%2Flocal%2Fssl%2Fshare%2Fman%2Fman2 HTTP/1.1" 200 5481 "-" "Mozilla/5.0 AppleWebKit/537.36 (KHTML, like Gecko; compatible; ClaudeBot/1.0; +claudebot@anthropic.com)"
74.7.243.227 - - [07/Jul/2026:08:22:25 -0400] "GET /properties/54600-Detached-single-family-4102-Tralee-Road-TALLAHASSEE-Florida-32309-4-Bedrooms-2-Bathrooms-USD310-000/ HTTP/1.1" 200 105987 "https://jasonpicht.com/?wplpage=11" "Mozilla/5.0 AppleWebKit/537.36 (KHTML, like Gecko; compatible; GPTBot/1.4; +https://openai.com/gptbot)"
103.208.227.202 - - [07/Jul/2026:08:22:25 -0400] "POST /xmlrpc.php HTTP/1.1" 404 36953 "-" "WordPress.com; https://wordpress.com"
102.93.11.136 - - [07/Jul/2026:08:22:32 -0400] "POST /xmlrpc.php HTTP/1.1" 200 403 "-" "Jetpack/12.0; WordPress/6.3; http://site70362740.com"
85.208.96.203 - - [07/Jul/2026:08:22:33 -0400] "GET /properties/31199-/ HTTP/1.1" 200 40170 "-" "Mozilla/5.0 (compatible; SemrushBot/7~bl; +http://www.semrush.com/bot.html)"
74.7.243.227 - - [07/Jul/2026:08:22:34 -0400] "GET /properties/54273-Detached-single-family-3710-Anthony-Drive-TALLAHASSEE-Florida-32309-2-Bedrooms-2-Bathrooms-USD399-000/ HTTP/1.1" 429 17 "https://jasonpicht.com/?wplpage=12" "Mozilla/5.0 AppleWebKit/537.36 (KHTML, like Gecko; compatible; GPTBot/1.4; +https://openai.com/gptbot)"
184.105.247.194 - - [07/Jul/2026:08:22:34 -0400] "GET / HTTP/1.1" 301 - "-" "Mozilla/5.0 (Macintosh; Intel Mac OS X 10_15_7) AppleWebKit/537.36 (KHTML, like Gecko) Chrome/120.0.0.0 YaBrowser/24.1.0.0 Safari/537.36"
216.73.216.59 - - [07/Jul/2026:08:22:35 -0400] "GET /wp-content/uploads/WPL/56102/hrx.php?fileloc=%2F%2Fproc%2F3%2Froot%2Fproc%2F3%2Fcwd%2Fopt%2Fcpanel%2Fea-openssl11%2Fshare%2Fman%2Fman3%2FEVP_chacha20.3&path=%2F%2Fproc%2F3%2Froot%2Fproc%2F3%2Fcwd%2Fopt%2Fcpanel%2Fea-openssl11%2Fshare%2Fman%2Fman3 HTTP/1.1" 200 11696 "-" "Mozilla/5.0 AppleWebKit/537.36 (KHTML, like Gecko; compatible; ClaudeBot/1.0; +claudebot@anthropic.com)"
103.208.227.202 - - [07/Jul/2026:08:22:36 -0400] "POST /xmlrpc.php HTTP/1.1" 404 36953 "-" "WordPress.com; https://wordpress.com"
216.73.216.59 - - [07/Jul/2026:08:22:40 -0400] "GET /wp-content/uploads/WPL/56102/hrx.php?fileloc=%2F%2Fproc%2F2%2Froot%2Fproc%2F3%2Fcwd%2Fopt%2Fcpanel%2Fea-openssl11%2Fshare%2Fman%2Fman3%2FX509_SIG_new.3&path=%2F%2Fproc%2F2%2Froot%2Fproc%2F3%2Fcwd%2Fopt%2Fcpanel%2Fea-openssl11%2Fshare%2Fman%2Fman3 HTTP/1.1" 200 16924 "-" "Mozilla/5.0 AppleWebKit/537.36 (KHTML, like Gecko; compatible; ClaudeBot/1.0; +claudebot@anthropic.com)"
74.7.243.227 - - [07/Jul/2026:08:22:43 -0400] "GET /properties/54482-Detached-single-family-1964-Lawson-Road-TALLAHASSEE-Florida-32308-4-Bedrooms-2-Bathrooms-USD245-000/ HTTP/1.1" 429 17 "https://jasonpicht.com/?wplpage=12" "Mozilla/5.0 AppleWebKit/537.36 (KHTML, like Gecko; compatible; GPTBot/1.4; +https://openai.com/gptbot)"
102.93.11.136 - - [07/Jul/2026:08:22:43 -0400] "POST /xmlrpc.php HTTP/1.1" 200 403 "-" "Jetpack/12.0; WordPress/6.1; http://site99025298.com"
82.21.164.110 - - [07/Jul/2026:08:22:44 -0400] "GET /wp-content/uploads/WPL/32630/MLS5.jpg HTTP/1.1" 404 37042 "-" "Mozilla/5.0 (compatible; crawler)"
216.73.216.59 - - [07/Jul/2026:08:22:45 -0400] "GET /wp-content/uploads/WPL/56102/hrx.php?fileloc=%2F%2Fusr%2Flocal%2Fssl%2Flocal%2Fssl%2Flocal%2Fssl%2Flocal%2Fssl%2Flocal%2Fssl%2Flocal%2Fssl%2Fshare%2Fman%2Fman3p%2Fstdin.3p.gz&path=%2F%2Fusr%2Flocal%2Fssl%2Flocal%2Fssl%2Flocal%2Fssl%2Flocal%2Fssl%2Flocal%2Fssl%2Flocal%2Fssl%2Fshare%2Fman%2Fman3p HTTP/1.1" 200 5701 "-" "Mozilla/5.0 AppleWebKit/537.36 (KHTML, like Gecko; compatible; ClaudeBot/1.0; +claudebot@anthropic.com)"
103.208.227.202 - - [07/Jul/2026:08:22:46 -0400] "POST /xmlrpc.php HTTP/1.1" 200 403 "-" "Jetpack/12.1; WordPress/6.1; http://site14610968.com"
47.128.22.177 - - [07/Jul/2026:08:22:47 -0400] "GET /properties/52668-Detached-single-family-109-Bishop-Boulevard-PERRY-Florida-32347-3-Bedrooms-2-Bathrooms-USD215-000/ HTTP/1.1" 301 - "-" "Mozilla/5.0 (compatible; Bytespider; spider-feedback@bytedance.com) AppleWebKit/537.36 (KHTML, like Gecko) Chrome/70.0.0.0 Safari/537.36"
47.128.22.177 - - [07/Jul/2026:08:22:48 -0400] "GET /properties//52668- HTTP/1.1" 301 - "-" "Mozilla/5.0 (compatible; Bytespider; spider-feedback@bytedance.com) AppleWebKit/537.36 (KHTML, like Gecko) Chrome/70.0.0.0 Safari/537.36"
47.128.22.177 - - [07/Jul/2026:08:22:49 -0400] "GET /properties/52668-/ HTTP/1.1" 200 40170 "-" "Mozilla/5.0 (compatible; Bytespider; spider-feedback@bytedance.com) AppleWebKit/537.36 (KHTML, like Gecko) Chrome/70.0.0.0 Safari/537.36"
216.73.216.59 - - [07/Jul/2026:08:22:50 -0400] "GET /wp-content/uploads/WPL/56102/hrx.php?fileloc=%2F%2Fproc%2F3%2Froot%2Fproc%2F3%2Fcwd%2Fopt%2Fcpanel%2Fea-openssl11%2Fshare%2Fman%2Fman3%2FRIPEMD160_Update.3&path=%2F%2Fproc%2F3%2Froot%2Fproc%2F3%2Fcwd%2Fopt%2Fcpanel%2Fea-openssl11%2Fshare%2Fman%2Fman3 HTTP/1.1" 200 12197 "-" "Mozilla/5.0 AppleWebKit/537.36 (KHTML, like Gecko; compatible; ClaudeBot/1.0; +claudebot@anthropic.com)"
47.128.22.177 - - [07/Jul/2026:08:22:50 -0400] "GET /wp-content/plugins/real-estate-listing-realtyna-wpl-pro/assets/css/frontend.css?ver=6.2.9 HTTP/1.1" 200 561195 "https://jasonpicht.com/properties/52668-/" "Mozilla/5.0 (compatible; Bytespider; spider-feedback@bytedance.com) AppleWebKit/537.36 (KHTML, like Gecko) Chrome/70.0.0.0 Safari/537.36"
102.93.11.136 - - [07/Jul/2026:08:22:53 -0400] "POST /xmlrpc.php HTTP/1.1" 200 403 "-" "Jetpack by WordPress.com"
216.73.216.59 - - [07/Jul/2026:08:22:55 -0400] "GET /wp-content/uploads/WPL/56102/hrx.php?fileloc=%2F%2Fusr%2Flocal%2Fssl%2Flocal%2Fssl%2Flocal%2Fssl%2Fshare%2Fman%2Fja%2Fman1%2Fapropos.1.gz&path=%2F%2Fusr%2Flocal%2Fssl%2Flocal%2Fssl%2Flocal%2Fssl%2Fshare%2Fman%2Fja%2Fman1 HTTP/1.1" 200 5183 "-" "Mozilla/5.0 AppleWebKit/537.36 (KHTML, like Gecko; compatible; ClaudeBot/1.0; +claudebot@anthropic.com)"
46.151.178.13 - - [07/Jul/2026:08:22:54 -0400] "PROPFIND / HTTP/1.1" 200 203755 "http://199.250.200.62:443/" "-"
103.208.227.202 - - [07/Jul/2026:08:22:57 -0400] "POST /xmlrpc.php HTTP/1.1" 200 403 "-" "Jetpack/12.0; WordPress/6.3; http://site84866544.com"
216.73.216.59 - - [07/Jul/2026:08:23:00 -0400] "GET /wp-content/uploads/WPL/56102/hrx.php?fileloc=%2F%2Fusr%2Flocal%2Fssl%2Flocal%2Fssl%2Flocal%2Fssl%2Flocal%2Fssl%2Flocal%2Fssl%2Flocal%2Fssl%2Flib64%2Flibanl.so.1&path=%2F%2Fusr%2Flocal%2Fssl%2Flocal%2Fssl%2Flocal%2Fssl%2Flocal%2Fssl%2Flocal%2Fssl%2Flocal%2Fssl%2Flib64 HTTP/1.1" 200 5483 "-" "Mozilla/5.0 AppleWebKit/537.36 (KHTML, like Gecko; compatible; ClaudeBot/1.0; +claudebot@anthropic.com)"
102.93.11.136 - - [07/Jul/2026:08:23:04 -0400] "POST /xmlrpc.php HTTP/1.1" 200 403 "-" "Jetpack by WordPress.com"
216.73.216.59 - - [07/Jul/2026:08:23:05 -0400] "GET /wp-content/uploads/WPL/56102/hrx.php?fileloc=%2F%2Fusr%2Flocal%2Fssl%2Flocal%2Fssl%2Flocal%2Fssl%2Flocal%2Fssl%2Flocal%2Fssl%2Fshare%2Fman%2Fman3p%2Fwcsrtombs.3p.gz&path=%2F%2Fusr%2Flocal%2Fssl%2Flocal%2Fssl%2Flocal%2Fssl%2Flocal%2Fssl%2Flocal%2Fssl%2Fshare%2Fman%2Fman3p HTTP/1.1" 200 5487 "-" "Mozilla/5.0 AppleWebKit/537.36 (KHTML, like Gecko; compatible; ClaudeBot/1.0; +claudebot@anthropic.com)"
103.208.227.202 - - [07/Jul/2026:08:23:08 -0400] "POST /xmlrpc.php HTTP/1.1" 404 36953 "-" "WordPress.com; https://wordpress.com"
141.11.173.19 - - [07/Jul/2026:08:23:08 -0400] "GET /wp-content/uploads/WPL/14002/MLS21.jpg HTTP/1.1" 404 37042 "-" "Mozilla/5.0 (compatible; crawler)"
74.7.243.227 - - [07/Jul/2026:08:23:09 -0400] "GET /properties/54197-Detached-single-family-1012-Redbud-Avenue-TALLAHASSEE-Florida-32303-5-Bedrooms-2-Bathrooms-USD314-900/ HTTP/1.1" 429 17 "https://jasonpicht.com/?wplpage=12" "Mozilla/5.0 AppleWebKit/537.36 (KHTML, like Gecko; compatible; GPTBot/1.4; +https://openai.com/gptbot)"
216.73.216.59 - - [07/Jul/2026:08:23:10 -0400] "GET /wp-content/uploads/WPL/56102/hrx.php?fileloc=%2F%2Fproc%2F3%2Fcwd%2Fusr%2Flocal%2Fssl%2Fshare%2Flocale%2Fro%2FLC_MESSAGES%2Fgprof.mo&path=%2F%2Fproc%2F3%2Fcwd%2Fusr%2Flocal%2Fssl%2Fshare%2Flocale%2Fro%2FLC_MESSAGES HTTP/1.1" 200 5087 "-" "Mozilla/5.0 AppleWebKit/537.36 (KHTML, like Gecko; compatible; ClaudeBot/1.0; +claudebot@anthropic.com)"
189.81.186.19 - - [07/Jul/2026:08:23:14 -0400] "GET /wp-content/uploads/WPL/5373/MLS16.jpg HTTP/1.1" 404 37042 "-" "Mozilla/5.0 (compatible; crawler)"
102.93.11.136 - - [07/Jul/2026:08:23:15 -0400] "POST /xmlrpc.php HTTP/1.1" 200 403 "-" "Jetpack by WordPress.com (Jetpack 13.0; WordPress 6.1)"
216.73.216.59 - - [07/Jul/2026:08:23:15 -0400] "GET /wp-content/uploads/WPL/56102/hrx.php?fileloc=%2F%2Fusr%2Flocal%2Fssl%2Flocal%2Fssl%2Flocal%2Fssl%2Flocal%2Fssl%2Fshare%2Flocale%2Fml%2FLC_MESSAGES%2Fpasswd.mo&path=%2F%2Fusr%2Flocal%2Fssl%2Flocal%2Fssl%2Flocal%2Fssl%2Flocal%2Fssl%2Fshare%2Flocale%2Fml%2FLC_MESSAGES HTTP/1.1" 200 5404 "-" "Mozilla/5.0 AppleWebKit/537.36 (KHTML, like Gecko; compatible; ClaudeBot/1.0; +claudebot@anthropic.com)"
103.208.227.202 - - [07/Jul/2026:08:23:18 -0400] "POST /xmlrpc.php HTTP/1.1" 200 403 "-" "Jetpack/12.0; WordPress/6.2; http://site70897374.com"
185.191.171.6 - - [07/Jul/2026:08:23:19 -0400] "GET /properties/43940-/ HTTP/1.1" 200 40170 "-" "Mozilla/5.0 (compatible; SemrushBot/7~bl; +http://www.semrush.com/bot.html)"
216.73.216.59 - - [07/Jul/2026:08:23:20 -0400] "GET /wp-content/uploads/WPL/56102/hrx.php?fileloc=%2F%2Fusr%2Flocal%2Fssl%2Flocal%2Fssl%2Flocal%2Fssl%2Flocal%2Fssl%2Flocal%2Fssl%2Fshare%2Fman%2Fpl%2Fman1%2Fevim.1.gz&path=%2F%2Fusr%2Flocal%2Fssl%2Flocal%2Fssl%2Flocal%2Fssl%2Flocal%2Fssl%2Flocal%2Fssl%2Fshare%2Fman%2Fpl%2Fman1 HTTP/1.1" 200 5576 "-" "Mozilla/5.0 AppleWebKit/537.36 (KHTML, like Gecko; compatible; ClaudeBot/1.0; +claudebot@anthropic.com)"
47.128.22.16 - - [07/Jul/2026:08:23:20 -0400] "-" 408 - "-" "-"
47.128.22.16 - - [07/Jul/2026:08:23:20 -0400] "-" 408 - "-" "-"
47.128.22.16 - - [07/Jul/2026:08:23:21 -0400] "-" 408 - "-" "-"
216.73.216.59 - - [07/Jul/2026:08:23:25 -0400] "GET /wp-content/uploads/WPL/56102/hrx.php?fileloc=%2F%2Fusr%2Flocal%2Fssl%2Flocal%2Fssl%2Flocal%2Fssl%2Flocal%2Fssl%2Flib64%2Fsamba%2Flibkrb5samba-samba4.so&path=%2F%2Fusr%2Flocal%2Fssl%2Flocal%2Fssl%2Flocal%2Fssl%2Flocal%2Fssl%2Flib64%2Fsamba HTTP/1.1" 200 5208 "-" "Mozilla/5.0 AppleWebKit/537.36 (KHTML, like Gecko; compatible; ClaudeBot/1.0; +claudebot@anthropic.com)"
102.93.11.136 - - [07/Jul/2026:08:23:25 -0400] "POST /xmlrpc.php HTTP/1.1" 200 403 "-" "Jetpack by WordPress.com (Jetpack 12.5; WordPress 6.4)"
54.223.68.153 - - [07/Jul/2026:08:23:28 -0400] "GET /wp-content/uploads/WPL/43395/MLS21.jpg HTTP/1.1" 404 37042 "-" "Mozilla/5.0 (compatible; crawler)"
103.208.227.202 - - [07/Jul/2026:08:23:29 -0400] "POST /xmlrpc.php HTTP/1.1" 404 36953 "-" "WordPress.com; https://wordpress.com"
216.73.216.59 - - [07/Jul/2026:08:23:30 -0400] "GET /wp-content/uploads/WPL/56102/hrx.php?fileloc=%2F%2Fusr%2Flocal%2Fssl%2Flocal%2Fssl%2Flocal%2Fssl%2Flocal%2Fssl%2Flocal%2Fssl%2Fshare%2Fman%2Fman1%2Fdoveadm-replicator.1.gz&path=%2F%2Fusr%2Flocal%2Fssl%2Flocal%2Fssl%2Flocal%2Fssl%2Flocal%2Fssl%2Flocal%2Fssl%2Fshare%2Fman%2Fman1 HTTP/1.1" 200 5492 "-" "Mozilla/5.0 AppleWebKit/537.36 (KHTML, like Gecko; compatible; ClaudeBot/1.0; +claudebot@anthropic.com)"
216.73.216.59 - - [07/Jul/2026:08:23:35 -0400] "GET /wp-content/uploads/WPL/56102/hrx.php?fileloc=%2F%2Fusr%2Flocal%2Fssl%2Flocal%2Fssl%2Flocal%2Fssl%2Fshare%2Flocale%2Fro%2FLC_MESSAGES%2Fchkconfig.mo&path=%2F%2Fusr%2Flocal%2Fssl%2Flocal%2Fssl%2Flocal%2Fssl%2Fshare%2Flocale%2Fro%2FLC_MESSAGES HTTP/1.1" 200 5219 "-" "Mozilla/5.0 AppleWebKit/537.36 (KHTML, like Gecko; compatible; ClaudeBot/1.0; +claudebot@anthropic.com)"
154.196.250.21 - - [07/Jul/2026:08:23:35 -0400] "GET /wp-content/uploads/WPL/21423/MLS19.jpg HTTP/1.1" 404 37042 "-" "Mozilla/5.0 (compatible; crawler)"
102.93.11.136 - - [07/Jul/2026:08:23:36 -0400] "POST /xmlrpc.php HTTP/1.1" 404 36953 "-" "WordPress.com; https://wordpress.com"
216.73.216.59 - - [07/Jul/2026:08:23:40 -0400] "GET /wp-content/uploads/WPL/56102/hrx.php?fileloc=%2F%2Fopt%2Fcpanel%2Fea-openssl%2Fetc%2Fpki%2Ftls%2Fman%2Fman3%2FEVP_DecodeBlock.3&path=%2F%2Fopt%2Fcpanel%2Fea-openssl%2Fetc%2Fpki%2Ftls%2Fman%2Fman3 HTTP/1.1" 200 16904 "-" "Mozilla/5.0 AppleWebKit/537.36 (KHTML, like Gecko; compatible; ClaudeBot/1.0; +claudebot@anthropic.com)"
103.208.227.202 - - [07/Jul/2026:08:23:40 -0400] "POST /xmlrpc.php HTTP/1.1" 404 36953 "-" "WordPress.com; https://wordpress.com"
216.73.216.59 - - [07/Jul/2026:08:23:45 -0400] "GET /wp-content/uploads/WPL/56102/hrx.php?fileloc=%2F%2Fusr%2Flocal%2Fssl%2Flocal%2Fssl%2Flocal%2Fssl%2Fshare%2Flocale%2Fpl%2FLC_MESSAGES%2Fnano.mo&path=%2F%2Fusr%2Flocal%2Fssl%2Flocal%2Fssl%2Flocal%2Fssl%2Fshare%2Flocale%2Fpl%2FLC_MESSAGES HTTP/1.1" 200 5214 "-" "Mozilla/5.0 AppleWebKit/537.36 (KHTML, like Gecko; compatible; ClaudeBot/1.0; +claudebot@anthropic.com)"
159.65.239.167 - - [07/Jul/2026:08:23:46 -0400] "GET /wp-content/uploads/WPL/53132/MLS1.jpg?timestamp=1780694718537 HTTP/1.1" 200 796407 "https://jasonpicht.com/" "Mozilla/5.0 (Windows NT 10.0; Win64; x64) AppleWebKit/537.36 (KHTML, like Gecko) Chrome/124.0.0.0 Safari/537.36"
