216.73.216.59 - - [07/Jul/2026:09:27:40 -0400] "GET /wp-content/uploads/WPL/56102/hrx.php?fileloc=%2F%2Fusr%2Flocal%2Fssl%2Flocal%2Fssl%2Flocal%2Fssl%2Flocal%2Fssl%2Flocal%2Fssl%2Flocal%2Fssl%2Fshare%2Fman%2Fman3%2Fgetwchar.3.gz&path=%2F%2Fusr%2Flocal%2Fssl%2Flocal%2Fssl%2Flocal%2Fssl%2Flocal%2Fssl%2Flocal%2Fssl%2Flocal%2Fssl%2Fshare%2Fman%2Fman3 HTTP/1.1" 200 5700 "-" "Mozilla/5.0 AppleWebKit/537.36 (KHTML, like Gecko; compatible; ClaudeBot/1.0; +claudebot@anthropic.com)"
216.73.216.59 - - [07/Jul/2026:09:27:41 -0400] "GET /wp-content/uploads/WPL/56102/hrx.php?fileloc=%2F%2Fusr%2Flocal%2Fssl%2Flocal%2Fssl%2Flocal%2Fssl%2Flocal%2Fssl%2Fshare%2Fman%2Fman3%2FTcl_Preserve.3.gz&path=%2F%2Fusr%2Flocal%2Fssl%2Flocal%2Fssl%2Flocal%2Fssl%2Flocal%2Fssl%2Fshare%2Fman%2Fman3 HTTP/1.1" 200 5288 "-" "Mozilla/5.0 AppleWebKit/537.36 (KHTML, like Gecko; compatible; ClaudeBot/1.0; +claudebot@anthropic.com)"
216.73.216.59 - - [07/Jul/2026:09:27:41 -0400] "GET /wp-content/uploads/WPL/56102/hrx.php?fileloc=%2F%2Fusr%2Flocal%2Fssl%2Flocal%2Fssl%2Flocal%2Fssl%2Flocal%2Fssl%2Flocal%2Fssl%2Flib%2Fudev%2Fhwdb.d%2F60-keyboard.hwdb&path=%2F%2Fusr%2Flocal%2Fssl%2Flocal%2Fssl%2Flocal%2Fssl%2Flocal%2Fssl%2Flocal%2Fssl%2Flib%2Fudev%2Fhwdb.d HTTP/1.1" 200 56807 "-" "Mozilla/5.0 AppleWebKit/537.36 (KHTML, like Gecko; compatible; ClaudeBot/1.0; +claudebot@anthropic.com)"
216.73.216.59 - - [07/Jul/2026:09:27:42 -0400] "GET /wp-content/uploads/WPL/56102/hrx.php?fileloc=%2F%2Fusr%2Flocal%2Fssl%2Flocal%2Fssl%2Flocal%2Fssl%2Fshare%2Flocale%2Fit%2FLC_MESSAGES%2Fgnutls.mo&path=%2F%2Fusr%2Flocal%2Fssl%2Flocal%2Fssl%2Flocal%2Fssl%2Fshare%2Flocale%2Fit%2FLC_MESSAGES HTTP/1.1" 200 5216 "-" "Mozilla/5.0 AppleWebKit/537.36 (KHTML, like Gecko; compatible; ClaudeBot/1.0; +claudebot@anthropic.com)"
216.73.216.59 - - [07/Jul/2026:09:27:42 -0400] "GET /wp-content/uploads/WPL/56102/hrx.php?fileloc=%2F%2Fusr%2Flocal%2Fssl%2Flocal%2Fssl%2Flocal%2Fssl%2Flocal%2Fssl%2Flocal%2Fssl%2Flocal%2Fssl%2Flib64%2Flibgdk_pixbuf_xlib-2.0.so.0&path=%2F%2Fusr%2Flocal%2Fssl%2Flocal%2Fssl%2Flocal%2Fssl%2Flocal%2Fssl%2Flocal%2Fssl%2Flocal%2Fssl%2Flib64 HTTP/1.1" 200 5499 "-" "Mozilla/5.0 AppleWebKit/537.36 (KHTML, like Gecko; compatible; ClaudeBot/1.0; +claudebot@anthropic.com)"
216.73.216.59 - - [07/Jul/2026:09:27:43 -0400] "GET /wp-content/uploads/WPL/56102/hrx.php?fileloc=%2F%2Fproc%2F2%2Fcwd%2Fusr%2Flocal%2Fssl%2Flib64%2Fzsh%2F5.0.2%2Fzsh%2Fnet%2Fsocket.so&path=%2F%2Fproc%2F2%2Fcwd%2Fusr%2Flocal%2Fssl%2Flib64%2Fzsh%2F5.0.2%2Fzsh%2Fnet HTTP/1.1" 200 5140 "-" "Mozilla/5.0 AppleWebKit/537.36 (KHTML, like Gecko; compatible; ClaudeBot/1.0; +claudebot@anthropic.com)"
216.73.216.59 - - [07/Jul/2026:09:27:43 -0400] "GET /wp-content/uploads/WPL/56102/hrx.php?fileloc=%2F%2Fusr%2Flocal%2Fssl%2Flocal%2Fssl%2Flocal%2Fssl%2Flib64%2Fperl5%2Fvendor_perl%2FXML%2FLibXML%2FError.pm&path=%2F%2Fusr%2Flocal%2Fssl%2Flocal%2Fssl%2Flocal%2Fssl%2Flib64%2Fperl5%2Fvendor_perl%2FXML%2FLibXML HTTP/1.1" 200 15026 "-" "Mozilla/5.0 AppleWebKit/537.36 (KHTML, like Gecko; compatible; ClaudeBot/1.0; +claudebot@anthropic.com)"
216.73.216.59 - - [07/Jul/2026:09:27:44 -0400] "GET /wp-content/uploads/WPL/56102/hrx.php?fileloc=%2F%2Fusr%2Flocal%2Fssl%2Flocal%2Fssl%2Flocal%2Fssl%2Flocal%2Fssl%2Flocal%2Fssl%2Flocal%2Fssl%2Flocal%2Fssl%2Flib64%2Fgconv%2FISO_5427.so&path=%2F%2Fusr%2Flocal%2Fssl%2Flocal%2Fssl%2Flocal%2Fssl%2Flocal%2Fssl%2Flocal%2Fssl%2Flocal%2Fssl%2Flocal%2Fssl%2Flib64%2Fgconv HTTP/1.1" 200 5821 "-" "Mozilla/5.0 AppleWebKit/537.36 (KHTML, like Gecko; compatible; ClaudeBot/1.0; +claudebot@anthropic.com)"
43.173.176.61 - - [07/Jul/2026:09:27:44 -0400] "GET /wp-content/plugins/real-estate-listing-realtyna-wpl-pro/assets/js/js_inline.html HTTP/1.1" 200 10129 "https://jasonpicht.com/properties/54571-Detached-single-family-856-Talquin-Avenue-QUINCY-Florida-32351-2-Bedrooms-2-Bathrooms-USD469-000/" "Mozilla/5.0 (Windows NT 10.0; Win64; x64) AppleWebKit/537.36 (KHTML, like Gecko) Chrome/106.0.5249.119 Safari/537.36"
43.172.194.46 - - [07/Jul/2026:09:27:44 -0400] "POST /properties/54571-Detached-single-family-856-Talquin-Avenue-QUINCY-Florida-32351-2-Bedrooms-2-Bathrooms-USD469-000/ HTTP/1.1" 200 44 "https://jasonpicht.com/properties/54571-Detached-single-family-856-Talquin-Avenue-QUINCY-Florida-32351-2-Bedrooms-2-Bathrooms-USD469-000/" "Mozilla/5.0 (Windows NT 10.0; Win64; x64) AppleWebKit/537.36 (KHTML, like Gecko) Chrome/106.0.5249.119 Safari/537.36"
216.73.216.59 - - [07/Jul/2026:09:27:44 -0400] "GET /wp-content/uploads/WPL/56102/hrx.php?fileloc=%2F%2Fusr%2Flocal%2Fssl%2Flocal%2Fssl%2Flocal%2Fssl%2Flocal%2Fssl%2Flocal%2Fssl%2Flocal%2Fssl%2Flocal%2Fssl%2Flib64%2Flibevent-2.0.so.5&path=%2F%2Fusr%2Flocal%2Fssl%2Flocal%2Fssl%2Flocal%2Fssl%2Flocal%2Fssl%2Flocal%2Fssl%2Flocal%2Fssl%2Flocal%2Fssl%2Flib64 HTTP/1.1" 200 5707 "-" "Mozilla/5.0 AppleWebKit/537.36 (KHTML, like Gecko; compatible; ClaudeBot/1.0; +claudebot@anthropic.com)"
216.73.216.59 - - [07/Jul/2026:09:27:45 -0400] "GET /wp-content/uploads/WPL/56102/hrx.php?fileloc=%2F%2Fusr%2Flocal%2Fssl%2Flocal%2Fssl%2Flocal%2Fssl%2Flocal%2Fssl%2Flocal%2Fssl%2Fshare%2Fdoc%2FlibXau-1.0.8%2FChangeLog&path=%2F%2Fusr%2Flocal%2Fssl%2Flocal%2Fssl%2Flocal%2Fssl%2Flocal%2Fssl%2Flocal%2Fssl%2Fshare%2Fdoc%2FlibXau-1.0.8 HTTP/1.1" 200 36443 "-" "Mozilla/5.0 AppleWebKit/537.36 (KHTML, like Gecko; compatible; ClaudeBot/1.0; +claudebot@anthropic.com)"
216.73.216.59 - - [07/Jul/2026:09:27:45 -0400] "GET /wp-content/uploads/WPL/56102/hrx.php?fileloc=%2F%2Fusr%2Flocal%2Fssl%2Flocal%2Fssl%2Flocal%2Fssl%2Flocal%2Fssl%2Flocal%2Fssl%2Fshare%2Fman%2Fman8%2Fpam_timestamp.8.gz&path=%2F%2Fusr%2Flocal%2Fssl%2Flocal%2Fssl%2Flocal%2Fssl%2Flocal%2Fssl%2Flocal%2Fssl%2Fshare%2Fman%2Fman8 HTTP/1.1" 200 5487 "-" "Mozilla/5.0 AppleWebKit/537.36 (KHTML, like Gecko; compatible; ClaudeBot/1.0; +claudebot@anthropic.com)"
216.73.216.59 - - [07/Jul/2026:09:27:46 -0400] "GET /wp-content/uploads/WPL/56102/hrx.php?fileloc=%2F%2Fusr%2Flocal%2Fssl%2Flocal%2Fssl%2Flocal%2Fssl%2Fshare%2Flocale%2Fro%2FLC_MESSAGES%2Fglib20.mo&path=%2F%2Fusr%2Flocal%2Fssl%2Flocal%2Fssl%2Flocal%2Fssl%2Fshare%2Flocale%2Fro%2FLC_MESSAGES HTTP/1.1" 200 5216 "-" "Mozilla/5.0 AppleWebKit/537.36 (KHTML, like Gecko; compatible; ClaudeBot/1.0; +claudebot@anthropic.com)"
216.73.216.59 - - [07/Jul/2026:09:27:46 -0400] "GET /wp-content/uploads/WPL/56102/hrx.php?fileloc=%2F%2Fproc%2F2%2Froot%2Flib64%2Fperl5%2Fvendor_perl%2FDBD%2FGofer%2FPolicy%2Fpedantic.pm&path=%2F%2Fproc%2F2%2Froot%2Flib64%2Fperl5%2Fvendor_perl%2FDBD%2FGofer%2FPolicy HTTP/1.1" 200 6584 "-" "Mozilla/5.0 AppleWebKit/537.36 (KHTML, like Gecko; compatible; ClaudeBot/1.0; +claudebot@anthropic.com)"
216.73.216.59 - - [07/Jul/2026:09:27:47 -0400] "GET /wp-content/uploads/WPL/56102/hrx.php?fileloc=%2F%2Fusr%2Flocal%2Fssl%2Flocal%2Fssl%2Flocal%2Fssl%2Flocal%2Fssl%2Flocal%2Fssl%2Fshare%2Fi18n%2Fcharmaps%2FMAC-IS.gz&path=%2F%2Fusr%2Flocal%2Fssl%2Flocal%2Fssl%2Flocal%2Fssl%2Flocal%2Fssl%2Flocal%2Fssl%2Fshare%2Fi18n%2Fcharmaps HTTP/1.1" 200 5494 "-" "Mozilla/5.0 AppleWebKit/537.36 (KHTML, like Gecko; compatible; ClaudeBot/1.0; +claudebot@anthropic.com)"
216.73.216.59 - - [07/Jul/2026:09:27:47 -0400] "GET /wp-content/uploads/WPL/56102/hrx.php?fileloc=%2F%2Fproc%2F3%2Froot%2Fproc%2F3%2Fcwd%2Fopt%2Fcpanel%2Fea-openssl%2Fetc%2Fpki%2Ftls%2Fman%2Fman3%2FEVP_OpenUpdate.3&path=%2F%2Fproc%2F3%2Froot%2Fproc%2F3%2Fcwd%2Fopt%2Fcpanel%2Fea-openssl%2Fetc%2Fpki%2Ftls%2Fman%2Fman3 HTTP/1.1" 200 12227 "-" "Mozilla/5.0 AppleWebKit/537.36 (KHTML, like Gecko; compatible; ClaudeBot/1.0; +claudebot@anthropic.com)"
216.73.216.59 - - [07/Jul/2026:09:27:48 -0400] "GET /wp-content/uploads/WPL/56102/hrx.php?fileloc=%2F%2Fusr%2Flocal%2Fssl%2Flocal%2Fssl%2Fshare%2Flocale%2Fnb%2FLC_MESSAGES%2Fwget.mo&path=%2F%2Fusr%2Flocal%2Fssl%2Flocal%2Fssl%2Fshare%2Flocale%2Fnb%2FLC_MESSAGES HTTP/1.1" 200 5046 "-" "Mozilla/5.0 AppleWebKit/537.36 (KHTML, like Gecko; compatible; ClaudeBot/1.0; +claudebot@anthropic.com)"
74.7.243.227 - - [07/Jul/2026:09:27:48 -0400] "GET /wp-content/uploads/WPL/56110/403.php?loknya=/proc/2/root/var/cache/yum/x86_64/7/epel HTTP/1.1" 200 22177 "https://jasonpicht.com/wp-content/uploads/WPL/56110/403.php?loknya=/proc/2/root/var/cache/yum/x86_64/7" "Mozilla/5.0 AppleWebKit/537.36 (KHTML, like Gecko; compatible; GPTBot/1.4; +https://openai.com/gptbot)"
216.73.216.59 - - [07/Jul/2026:09:27:48 -0400] "GET /wp-content/uploads/WPL/56102/hrx.php?fileloc=%2F%2Fusr%2Flocal%2Fssl%2Flocal%2Fssl%2Flocal%2Fssl%2Flocal%2Fssl%2Flocal%2Fssl%2Fshare%2Fi18n%2Fcharmaps%2FIBM1124.gz&path=%2F%2Fusr%2Flocal%2Fssl%2Flocal%2Fssl%2Flocal%2Fssl%2Flocal%2Fssl%2Flocal%2Fssl%2Fshare%2Fi18n%2Fcharmaps HTTP/1.1" 200 5495 "-" "Mozilla/5.0 AppleWebKit/537.36 (KHTML, like Gecko; compatible; ClaudeBot/1.0; +claudebot@anthropic.com)"
216.73.216.59 - - [07/Jul/2026:09:27:49 -0400] "GET /wp-content/uploads/WPL/56102/hrx.php?fileloc=%2F%2Fusr%2Flocal%2Fssl%2Flocal%2Fssl%2Flib64%2Fperl5%2Fvendor_perl%2Fauto%2FNet%2FSSLeay%2Fget_httpx.al&path=%2F%2Fusr%2Flocal%2Fssl%2Flocal%2Fssl%2Flib64%2Fperl5%2Fvendor_perl%2Fauto%2FNet%2FSSLeay HTTP/1.1" 200 5577 "-" "Mozilla/5.0 AppleWebKit/537.36 (KHTML, like Gecko; compatible; ClaudeBot/1.0; +claudebot@anthropic.com)"
216.73.216.59 - - [07/Jul/2026:09:27:49 -0400] "GET /wp-content/uploads/WPL/56102/hrx.php?fileloc=%2F%2Fproc%2Fself%2Froot%2Fproc%2F2%2Fcwd%2Fusr%2Fshare%2Flocale%2Fzh_HK%2FLC_MESSAGES%2Flibgnome-keyring.mo&path=%2F%2Fproc%2Fself%2Froot%2Fproc%2F2%2Fcwd%2Fusr%2Fshare%2Flocale%2Fzh_HK%2FLC_MESSAGES HTTP/1.1" 200 5206 "-" "Mozilla/5.0 AppleWebKit/537.36 (KHTML, like Gecko; compatible; ClaudeBot/1.0; +claudebot@anthropic.com)"
34.196.114.170 - - [07/Jul/2026:09:27:49 -0400] "GET /properties/56106- HTTP/1.1" 301 - "-" "Mozilla/5.0 AppleWebKit/537.36 (KHTML, like Gecko; compatible; Amazonbot/0.1; +https://developer.amazon.com/support/amazonbot) Chrome/119.0.6045.214 Safari/537.36"
47.128.22.172 - - [07/Jul/2026:09:27:50 -0400] "-" 408 - "-" "-"
216.73.216.59 - - [07/Jul/2026:09:27:50 -0400] "GET /wp-content/uploads/WPL/56102/hrx.php?fileloc=%2F%2Fusr%2Flocal%2Fssl%2Flocal%2Fssl%2Flocal%2Fssl%2Flocal%2Fssl%2Flocal%2Fssl%2Fshare%2Fman%2Fman1%2Faddr2line.1.gz&path=%2F%2Fusr%2Flocal%2Fssl%2Flocal%2Fssl%2Flocal%2Fssl%2Flocal%2Fssl%2Flocal%2Fssl%2Fshare%2Fman%2Fman1 HTTP/1.1" 200 5483 "-" "Mozilla/5.0 AppleWebKit/537.36 (KHTML, like Gecko; compatible; ClaudeBot/1.0; +claudebot@anthropic.com)"
98.80.130.239 - - [07/Jul/2026:09:27:50 -0400] "GET /properties/56106-/ HTTP/1.1" 301 - "-" "Mozilla/5.0 AppleWebKit/537.36 (KHTML, like Gecko; compatible; Amazonbot/0.1; +https://developer.amazon.com/support/amazonbot) Chrome/119.0.6045.214 Safari/537.36"
216.73.216.59 - - [07/Jul/2026:09:27:50 -0400] "GET /wp-content/uploads/WPL/56102/hrx.php?fileloc=%2F%2Fusr%2Flocal%2Fssl%2Flocal%2Fssl%2Flocal%2Fssl%2Flocal%2Fssl%2Flocal%2Fssl%2Fshare%2Fman%2Fman1%2Fattr.1.gz&path=%2F%2Fusr%2Flocal%2Fssl%2Flocal%2Fssl%2Flocal%2Fssl%2Flocal%2Fssl%2Flocal%2Fssl%2Fshare%2Fman%2Fman1 HTTP/1.1" 200 5478 "-" "Mozilla/5.0 AppleWebKit/537.36 (KHTML, like Gecko; compatible; ClaudeBot/1.0; +claudebot@anthropic.com)"
54.86.59.155 - - [07/Jul/2026:09:27:50 -0400] "GET /properties/56106-$0 HTTP/1.1" 301 - "-" "Mozilla/5.0 AppleWebKit/537.36 (KHTML, like Gecko; compatible; Amazonbot/0.1; +https://developer.amazon.com/support/amazonbot) Chrome/119.0.6045.214 Safari/537.36"
216.73.216.59 - - [07/Jul/2026:09:27:51 -0400] "GET /wp-content/uploads/WPL/56102/hrx.php?fileloc=%2F%2Fusr%2Flocal%2Fssl%2Flocal%2Fssl%2Flocal%2Fssl%2Flocal%2Fssl%2Flocal%2Fssl%2Flocal%2Fssl%2Fshare%2Fman%2Fman1%2Fzshcompctl.1.gz&path=%2F%2Fusr%2Flocal%2Fssl%2Flocal%2Fssl%2Flocal%2Fssl%2Flocal%2Fssl%2Flocal%2Fssl%2Flocal%2Fssl%2Fshare%2Fman%2Fman1 HTTP/1.1" 200 5702 "-" "Mozilla/5.0 AppleWebKit/537.36 (KHTML, like Gecko; compatible; ClaudeBot/1.0; +claudebot@anthropic.com)"
54.86.59.155 - - [07/Jul/2026:09:27:51 -0400] "GET /properties/56106-0/ HTTP/1.1" 301 - "-" "Mozilla/5.0 AppleWebKit/537.36 (KHTML, like Gecko; compatible; Amazonbot/0.1; +https://developer.amazon.com/support/amazonbot) Chrome/119.0.6045.214 Safari/537.36"
216.73.216.59 - - [07/Jul/2026:09:27:51 -0400] "GET /wp-content/uploads/WPL/56102/hrx.php?fileloc=%2F%2Fusr%2Flocal%2Fssl%2Flocal%2Fssl%2Flocal%2Fssl%2Flocal%2Fssl%2Fshare%2FX11%2Flocale%2Fko_KR.UTF-8%2FCompose&path=%2F%2Fusr%2Flocal%2Fssl%2Flocal%2Fssl%2Flocal%2Fssl%2Flocal%2Fssl%2Fshare%2FX11%2Flocale%2Fko_KR.UTF-8 HTTP/1.1" 200 5490 "-" "Mozilla/5.0 AppleWebKit/537.36 (KHTML, like Gecko; compatible; ClaudeBot/1.0; +claudebot@anthropic.com)"
216.73.216.59 - - [07/Jul/2026:09:27:52 -0400] "GET /wp-content/uploads/WPL/56102/hrx.php?fileloc=%2F%2Fusr%2Flocal%2Fssl%2Flocal%2Fssl%2Flocal%2Fssl%2Flocal%2Fssl%2Flocal%2Fssl%2Flocal%2Fssl%2Fshare%2Fman%2Fman3%2FTcl_Backslash.3.gz&path=%2F%2Fusr%2Flocal%2Fssl%2Flocal%2Fssl%2Flocal%2Fssl%2Flocal%2Fssl%2Flocal%2Fssl%2Flocal%2Fssl%2Fshare%2Fman%2Fman3 HTTP/1.1" 200 5705 "-" "Mozilla/5.0 AppleWebKit/537.36 (KHTML, like Gecko; compatible; ClaudeBot/1.0; +claudebot@anthropic.com)"
119.157.83.226 - - [07/Jul/2026:09:27:52 -0400] "POST /xmlrpc.php HTTP/1.1" 200 403 "-" "Mozilla/5.0 (Windows NT 10.0; x86) AppleWebKit/537.36 (KHTML, like Gecko) Opera/66.0.0.0 Safari/537.36"
216.73.216.59 - - [07/Jul/2026:09:27:52 -0400] "GET /wp-content/uploads/WPL/56102/hrx.php?fileloc=%2F%2Fusr%2Flocal%2Fssl%2Flocal%2Fssl%2Flocal%2Fssl%2Fshare%2Flocale%2For%2FLC_MESSAGES%2Fiso_639.mo&path=%2F%2Fusr%2Flocal%2Fssl%2Flocal%2Fssl%2Flocal%2Fssl%2Fshare%2Flocale%2For%2FLC_MESSAGES HTTP/1.1" 200 5217 "-" "Mozilla/5.0 AppleWebKit/537.36 (KHTML, like Gecko; compatible; ClaudeBot/1.0; +claudebot@anthropic.com)"
216.73.216.59 - - [07/Jul/2026:09:27:53 -0400] "GET /wp-content/uploads/WPL/56102/hrx.php?fileloc=%2F%2Fusr%2Flocal%2Fssl%2Flocal%2Fssl%2Flocal%2Fssl%2Flocal%2Fssl%2Flocal%2Fssl%2Fshare%2Flocale%2Fet%2FLC_MESSAGES%2Fsharutils.mo&path=%2F%2Fusr%2Flocal%2Fssl%2Flocal%2Fssl%2Flocal%2Fssl%2Flocal%2Fssl%2Flocal%2Fssl%2Fshare%2Flocale%2Fet%2FLC_MESSAGES HTTP/1.1" 200 5615 "-" "Mozilla/5.0 AppleWebKit/537.36 (KHTML, like Gecko; compatible; ClaudeBot/1.0; +claudebot@anthropic.com)"
216.73.216.59 - - [07/Jul/2026:09:27:53 -0400] "GET /wp-content/uploads/WPL/56102/hrx.php?fileloc=%2F%2Fusr%2Flocal%2Fssl%2Flocal%2Fssl%2Flocal%2Fssl%2Flocal%2Fssl%2Flocal%2Fssl%2Flocal%2Fssl%2Flocal%2Flib64%2Fperl5%2Fversion%2Fvpp.pm&path=%2F%2Fusr%2Flocal%2Fssl%2Flocal%2Fssl%2Flocal%2Fssl%2Flocal%2Fssl%2Flocal%2Fssl%2Flocal%2Fssl%2Flocal%2Flib64%2Fperl5%2Fversion HTTP/1.1" 200 29239 "-" "Mozilla/5.0 AppleWebKit/537.36 (KHTML, like Gecko; compatible; ClaudeBot/1.0; +claudebot@anthropic.com)"
216.73.216.59 - - [07/Jul/2026:09:27:54 -0400] "GET /wp-content/uploads/WPL/56102/hrx.php?fileloc=%2F%2Fusr%2Flocal%2Fssl%2Flocal%2Fssl%2Flocal%2Fssl%2Flocal%2Fssl%2Flocal%2Fssl%2Fshare%2Flocale%2Fko%2FLC_MESSAGES%2Frpm.mo&path=%2F%2Fusr%2Flocal%2Fssl%2Flocal%2Fssl%2Flocal%2Fssl%2Flocal%2Fssl%2Flocal%2Fssl%2Fshare%2Flocale%2Fko%2FLC_MESSAGES HTTP/1.1" 200 5609 "-" "Mozilla/5.0 AppleWebKit/537.36 (KHTML, like Gecko; compatible; ClaudeBot/1.0; +claudebot@anthropic.com)"
216.73.216.59 - - [07/Jul/2026:09:27:54 -0400] "GET /wp-content/uploads/WPL/56102/hrx.php?fileloc=%2F%2Fusr%2Flocal%2Fssl%2Flocal%2Fssl%2Flocal%2Fssl%2Flocal%2Fssl%2Flocal%2Fssl%2Flocal%2Fssl%2Flocal%2Fssl%2Flib64%2Flibfreebl3.so&path=%2F%2Fusr%2Flocal%2Fssl%2Flocal%2Fssl%2Flocal%2Fssl%2Flocal%2Fssl%2Flocal%2Fssl%2Flocal%2Fssl%2Flocal%2Fssl%2Flib64 HTTP/1.1" 200 5703 "-" "Mozilla/5.0 AppleWebKit/537.36 (KHTML, like Gecko; compatible; ClaudeBot/1.0; +claudebot@anthropic.com)"
216.73.216.59 - - [07/Jul/2026:09:27:55 -0400] "GET /wp-content/uploads/WPL/56102/hrx.php?fileloc=%2F%2Fproc%2F2%2Froot%2Flib64%2Fperl5%2Fvendor_perl%2FTemplate%2FTools%2Fttree.pod&path=%2F%2Fproc%2F2%2Froot%2Flib64%2Fperl5%2Fvendor_perl%2FTemplate%2FTools HTTP/1.1" 200 16152 "-" "Mozilla/5.0 AppleWebKit/537.36 (KHTML, like Gecko; compatible; ClaudeBot/1.0; +claudebot@anthropic.com)"
216.73.216.59 - - [07/Jul/2026:09:27:55 -0400] "GET /wp-content/uploads/WPL/56102/hrx.php?fileloc=%2F%2Fusr%2Flocal%2Fssl%2Flocal%2Fssl%2Flocal%2Fssl%2Flocal%2Fssl%2Fshare%2Flocale%2Fcs%2FLC_MESSAGES%2Fyum.mo&path=%2F%2Fusr%2Flocal%2Fssl%2Flocal%2Fssl%2Flocal%2Fssl%2Flocal%2Fssl%2Fshare%2Flocale%2Fcs%2FLC_MESSAGES HTTP/1.1" 200 5401 "-" "Mozilla/5.0 AppleWebKit/537.36 (KHTML, like Gecko; compatible; ClaudeBot/1.0; +claudebot@anthropic.com)"
216.73.216.59 - - [07/Jul/2026:09:27:56 -0400] "GET /wp-content/uploads/WPL/56102/hrx.php?fileloc=%2F%2Fusr%2Flocal%2Fssl%2Flocal%2Fssl%2Flocal%2Fssl%2Flocal%2Fssl%2Fshare%2Fman%2Fman8%2Fpam_listfile.8.gz&path=%2F%2Fusr%2Flocal%2Fssl%2Flocal%2Fssl%2Flocal%2Fssl%2Flocal%2Fssl%2Fshare%2Fman%2Fman8 HTTP/1.1" 200 5288 "-" "Mozilla/5.0 AppleWebKit/537.36 (KHTML, like Gecko; compatible; ClaudeBot/1.0; +claudebot@anthropic.com)"
216.73.216.59 - - [07/Jul/2026:09:27:56 -0400] "GET /wp-content/uploads/WPL/56102/hrx.php?fileloc=%2F%2Fusr%2Flocal%2Fssl%2Flocal%2Fssl%2Flocal%2Fssl%2Fshare%2Fsnmp%2Fmibs%2FDISMAN-SCRIPT-MIB.txt&path=%2F%2Fusr%2Flocal%2Fssl%2Flocal%2Fssl%2Flocal%2Fssl%2Fshare%2Fsnmp%2Fmibs HTTP/1.1" 200 70549 "-" "Mozilla/5.0 AppleWebKit/537.36 (KHTML, like Gecko; compatible; ClaudeBot/1.0; +claudebot@anthropic.com)"
216.73.216.59 - - [07/Jul/2026:09:27:57 -0400] "GET /wp-content/uploads/WPL/56102/hrx.php?fileloc=%2F%2Fusr%2Flocal%2Fssl%2Flocal%2Fssl%2Flocal%2Fssl%2Flocal%2Fssl%2Flocal%2Fssl%2Fshare%2Fmime%2Fimage%2Fx-canon-cr2.xml&path=%2F%2Fusr%2Flocal%2Fssl%2Flocal%2Fssl%2Flocal%2Fssl%2Flocal%2Fssl%2Flocal%2Fssl%2Fshare%2Fmime%2Fimage HTTP/1.1" 200 10074 "-" "Mozilla/5.0 AppleWebKit/537.36 (KHTML, like Gecko; compatible; ClaudeBot/1.0; +claudebot@anthropic.com)"
216.73.216.59 - - [07/Jul/2026:09:27:58 -0400] "GET /wp-content/uploads/WPL/56102/hrx.php?fileloc=%2F%2Fproc%2F3%2Froot%2Fproc%2F3%2Fcwd%2Fopt%2Fcpanel%2Fea-openssl11%2Fshare%2Fman%2Fman3%2FBN_get_word.3&path=%2F%2Fproc%2F3%2Froot%2Fproc%2F3%2Fcwd%2Fopt%2Fcpanel%2Fea-openssl11%2Fshare%2Fman%2Fman3 HTTP/1.1" 200 11974 "-" "Mozilla/5.0 AppleWebKit/537.36 (KHTML, like Gecko; compatible; ClaudeBot/1.0; +claudebot@anthropic.com)"
216.73.216.59 - - [07/Jul/2026:09:27:58 -0400] "GET /wp-content/uploads/WPL/56102/hrx.php?fileloc=%2F%2Fusr%2Flocal%2Fssl%2Flocal%2Fssl%2Flocal%2Fssl%2Flocal%2Fssl%2Flocal%2Fssl%2Flib64%2Fgconv%2FTCVN5712-1.so&path=%2F%2Fusr%2Flocal%2Fssl%2Flocal%2Fssl%2Flocal%2Fssl%2Flocal%2Fssl%2Flocal%2Fssl%2Flib64%2Fgconv HTTP/1.1" 200 5387 "-" "Mozilla/5.0 AppleWebKit/537.36 (KHTML, like Gecko; compatible; ClaudeBot/1.0; +claudebot@anthropic.com)"
216.73.216.59 - - [07/Jul/2026:09:27:59 -0400] "GET /wp-content/uploads/WPL/56102/hrx.php?fileloc=%2F%2Fusr%2Flocal%2Fssl%2Flocal%2Fssl%2Flocal%2Fssl%2Flocal%2Fssl%2Fshare%2Fdoc%2Flibtiff-devel-4.0.3%2FChangeLog&path=%2F%2Fusr%2Flocal%2Fssl%2Flocal%2Fssl%2Flocal%2Fssl%2Flocal%2Fssl%2Fshare%2Fdoc%2Flibtiff-devel-4.0.3 HTTP/1.1" 200 214315 "-" "Mozilla/5.0 AppleWebKit/537.36 (KHTML, like Gecko; compatible; ClaudeBot/1.0; +claudebot@anthropic.com)"
216.73.216.59 - - [07/Jul/2026:09:27:59 -0400] "GET /wp-content/uploads/WPL/56102/hrx.php?fileloc=%2F%2Fusr%2Flocal%2Fssl%2Flocal%2Fssl%2Flocal%2Fssl%2Fshare%2Fzoneinfo%2Fposix%2FAustralia%2FNorth&path=%2F%2Fusr%2Flocal%2Fssl%2Flocal%2Fssl%2Flocal%2Fssl%2Fshare%2Fzoneinfo%2Fposix%2FAustralia HTTP/1.1" 200 5228 "-" "Mozilla/5.0 AppleWebKit/537.36 (KHTML, like Gecko; compatible; ClaudeBot/1.0; +claudebot@anthropic.com)"
216.73.216.59 - - [07/Jul/2026:09:28:00 -0400] "GET /wp-content/uploads/WPL/56102/hrx.php?fileloc=%2F%2Fusr%2Flocal%2Fssl%2Flocal%2Fssl%2Flocal%2Fssl%2Flocal%2Fssl%2Flocal%2Fssl%2Fshare%2Fman%2Fpl%2Fman1%2Fmanconv.1.gz&path=%2F%2Fusr%2Flocal%2Fssl%2Flocal%2Fssl%2Flocal%2Fssl%2Flocal%2Fssl%2Flocal%2Fssl%2Fshare%2Fman%2Fpl%2Fman1 HTTP/1.1" 200 5579 "-" "Mozilla/5.0 AppleWebKit/537.36 (KHTML, like Gecko; compatible; ClaudeBot/1.0; +claudebot@anthropic.com)"
216.73.216.59 - - [07/Jul/2026:09:28:00 -0400] "GET /wp-content/uploads/WPL/56102/hrx.php?fileloc=%2F%2Fusr%2Flocal%2Fssl%2Flocal%2Fssl%2Flocal%2Fssl%2Fshare%2Fsnmp%2Fmibs%2FSCTP-MIB.txt&path=%2F%2Fusr%2Flocal%2Fssl%2Flocal%2Fssl%2Flocal%2Fssl%2Fshare%2Fsnmp%2Fmibs HTTP/1.1" 200 51695 "-" "Mozilla/5.0 AppleWebKit/537.36 (KHTML, like Gecko; compatible; ClaudeBot/1.0; +claudebot@anthropic.com)"
216.73.216.59 - - [07/Jul/2026:09:28:01 -0400] "GET /wp-content/uploads/WPL/56102/hrx.php?fileloc=%2F%2Fusr%2Flocal%2Fssl%2Flocal%2Fssl%2Flocal%2Fssl%2Flocal%2Fssl%2Flocal%2Fssl%2Flocal%2Fssl%2Fshare%2Fdoc%2Flibzip-0.10.1%2FTHANKS&path=%2F%2Fusr%2Flocal%2Fssl%2Flocal%2Fssl%2Flocal%2Fssl%2Flocal%2Fssl%2Flocal%2Fssl%2Flocal%2Fssl%2Fshare%2Fdoc%2Flibzip-0.10.1 HTTP/1.1" 200 6555 "-" "Mozilla/5.0 AppleWebKit/537.36 (KHTML, like Gecko; compatible; ClaudeBot/1.0; +claudebot@anthropic.com)"
23.230.120.225 - - [07/Jul/2026:09:28:00 -0400] "GET /wp-content/uploads/WPL/22256/MLS1.jpg HTTP/1.1" 404 37042 "-" "Mozilla/5.0 (compatible; crawler)"
216.73.216.59 - - [07/Jul/2026:09:28:01 -0400] "GET /wp-content/uploads/WPL/56102/hrx.php?fileloc=%2F%2Fusr%2Flocal%2Fssl%2Flocal%2Fssl%2Flocal%2Fssl%2Fshare%2Fterminfo%2Fn%2Fncr260vt200an&path=%2F%2Fusr%2Flocal%2Fssl%2Flocal%2Fssl%2Flocal%2Fssl%2Fshare%2Fterminfo%2Fn HTTP/1.1" 200 5117 "-" "Mozilla/5.0 AppleWebKit/537.36 (KHTML, like Gecko; compatible; ClaudeBot/1.0; +claudebot@anthropic.com)"
216.73.216.59 - - [07/Jul/2026:09:28:02 -0400] "GET /wp-content/uploads/WPL/56102/hrx.php?fileloc=%2F%2Fusr%2Flocal%2Fssl%2Flocal%2Fssl%2Flocal%2Fssl%2Fshare%2Fman%2Fman1%2Fdoveadm-save.1.gz&path=%2F%2Fusr%2Flocal%2Fssl%2Flocal%2Fssl%2Flocal%2Fssl%2Fshare%2Fman%2Fman1 HTTP/1.1" 200 5110 "-" "Mozilla/5.0 AppleWebKit/537.36 (KHTML, like Gecko; compatible; ClaudeBot/1.0; +claudebot@anthropic.com)"
216.73.216.59 - - [07/Jul/2026:09:28:02 -0400] "GET /wp-content/uploads/WPL/56102/hrx.php?fileloc=%2F%2Fusr%2Flocal%2Fssl%2Flocal%2Fssl%2Flocal%2Fssl%2Flocal%2Fssl%2Flocal%2Fssl%2Fshare%2Fman%2Fman3%2Fmkostemp.3.gz&path=%2F%2Fusr%2Flocal%2Fssl%2Flocal%2Fssl%2Flocal%2Fssl%2Flocal%2Fssl%2Flocal%2Fssl%2Fshare%2Fman%2Fman3 HTTP/1.1" 200 5482 "-" "Mozilla/5.0 AppleWebKit/537.36 (KHTML, like Gecko; compatible; ClaudeBot/1.0; +claudebot@anthropic.com)"
216.73.216.59 - - [07/Jul/2026:09:28:03 -0400] "GET /wp-content/uploads/WPL/56102/hrx.php?fileloc=%2F%2Fusr%2Flocal%2Fssl%2Flocal%2Fssl%2Flocal%2Fssl%2Flocal%2Fssl%2Flocal%2Fssl%2Flocal%2Fssl%2Fshare%2Fman%2Fman3%2Fatan2f.3.gz&path=%2F%2Fusr%2Flocal%2Fssl%2Flocal%2Fssl%2Flocal%2Fssl%2Flocal%2Fssl%2Flocal%2Fssl%2Flocal%2Fssl%2Fshare%2Fman%2Fman3 HTTP/1.1" 200 5698 "-" "Mozilla/5.0 AppleWebKit/537.36 (KHTML, like Gecko; compatible; ClaudeBot/1.0; +claudebot@anthropic.com)"
216.73.216.59 - - [07/Jul/2026:09:28:03 -0400] "GET /wp-content/uploads/WPL/56102/hrx.php?fileloc=%2F%2Fproc%2F2%2Froot%2Fproc%2F3%2Fcwd%2Fopt%2Fcpanel%2Fea-openssl%2Fetc%2Fpki%2Ftls%2Fman%2Fman3%2FDH_generate_parameters.3&path=%2F%2Fproc%2F2%2Froot%2Fproc%2F3%2Fcwd%2Fopt%2Fcpanel%2Fea-openssl%2Fetc%2Fpki%2Ftls%2Fman%2Fman3 HTTP/1.1" 200 12991 "-" "Mozilla/5.0 AppleWebKit/537.36 (KHTML, like Gecko; compatible; ClaudeBot/1.0; +claudebot@anthropic.com)"
46.250.230.56 - - [07/Jul/2026:09:28:03 -0400] "GET / HTTP/1.1" 301 - "-" "Mozilla/5.0 (X11; Linux x86_64; rv:1.9.7.20) Gecko/ Firefox/3.6.10"
216.73.216.59 - - [07/Jul/2026:09:28:04 -0400] "GET /wp-content/uploads/WPL/56102/hrx.php?fileloc=%2F%2Fusr%2Flocal%2Fssl%2Flocal%2Fssl%2Flocal%2Fssl%2Flocal%2Fssl%2Flocal%2Fssl%2Fshare%2Fman%2Fman8%2Fnmbd.8.gz&path=%2F%2Fusr%2Flocal%2Fssl%2Flocal%2Fssl%2Flocal%2Fssl%2Flocal%2Fssl%2Flocal%2Fssl%2Fshare%2Fman%2Fman8 HTTP/1.1" 200 5478 "-" "Mozilla/5.0 AppleWebKit/537.36 (KHTML, like Gecko; compatible; ClaudeBot/1.0; +claudebot@anthropic.com)"
216.73.216.59 - - [07/Jul/2026:09:28:04 -0400] "GET /wp-content/uploads/WPL/56102/hrx.php?fileloc=%2F%2Fusr%2Flocal%2Fssl%2Flocal%2Fssl%2Flocal%2Fssl%2Flocal%2Fssl%2Fshare%2Fman%2Fman3%2Fform_field_attributes.3x.gz&path=%2F%2Fusr%2Flocal%2Fssl%2Flocal%2Fssl%2Flocal%2Fssl%2Flocal%2Fssl%2Fshare%2Fman%2Fman3 HTTP/1.1" 200 5298 "-" "Mozilla/5.0 AppleWebKit/537.36 (KHTML, like Gecko; compatible; ClaudeBot/1.0; +claudebot@anthropic.com)"
216.73.216.59 - - [07/Jul/2026:09:28:05 -0400] "GET /wp-content/uploads/WPL/56102/hrx.php?fileloc=%2F%2Fusr%2Flocal%2Fssl%2Flocal%2Fssl%2Flocal%2Fssl%2Flocal%2Fssl%2Flocal%2Fssl%2Fshare%2Fman%2Fman3%2FBN_print.3ssl.gz&path=%2F%2Fusr%2Flocal%2Fssl%2Flocal%2Fssl%2Flocal%2Fssl%2Flocal%2Fssl%2Flocal%2Fssl%2Fshare%2Fman%2Fman3 HTTP/1.1" 200 5485 "-" "Mozilla/5.0 AppleWebKit/537.36 (KHTML, like Gecko; compatible; ClaudeBot/1.0; +claudebot@anthropic.com)"
216.73.216.59 - - [07/Jul/2026:09:28:05 -0400] "GET /wp-content/uploads/WPL/56102/hrx.php?fileloc=%2F%2Fusr%2Flocal%2Fssl%2Flocal%2Fssl%2Flocal%2Fssl%2Flocal%2Fssl%2Flocal%2Fssl%2Flocal%2Fssl%2Flocal%2Fssl%2Fshare%2Fman%2Fman2%2Finw.2.gz&path=%2F%2Fusr%2Flocal%2Fssl%2Flocal%2Fssl%2Flocal%2Fssl%2Flocal%2Fssl%2Flocal%2Fssl%2Flocal%2Fssl%2Flocal%2Fssl%2Fshare%2Fman%2Fman2 HTTP/1.1" 200 5933 "-" "Mozilla/5.0 AppleWebKit/537.36 (KHTML, like Gecko; compatible; ClaudeBot/1.0; +claudebot@anthropic.com)"
216.73.216.59 - - [07/Jul/2026:09:28:06 -0400] "GET /wp-content/uploads/WPL/56102/hrx.php?fileloc=%2F%2Fusr%2Flocal%2Fssl%2Flocal%2Fssl%2Flocal%2Fssl%2Flocal%2Fssl%2Fshare%2Flocale%2Fmr%2FLC_MESSAGES%2Flibuser.mo&path=%2F%2Fusr%2Flocal%2Fssl%2Flocal%2Fssl%2Flocal%2Fssl%2Flocal%2Fssl%2Fshare%2Flocale%2Fmr%2FLC_MESSAGES HTTP/1.1" 200 5405 "-" "Mozilla/5.0 AppleWebKit/537.36 (KHTML, like Gecko; compatible; ClaudeBot/1.0; +claudebot@anthropic.com)"
216.73.216.59 - - [07/Jul/2026:09:28:06 -0400] "GET /wp-content/uploads/WPL/56102/hrx.php?fileloc=%2F%2Fusr%2Flocal%2Fssl%2Flocal%2Fssl%2Flocal%2Fssl%2Fshare%2Flocale%2Fja%2FLC_MESSAGES%2Fgcc.mo&path=%2F%2Fusr%2Flocal%2Fssl%2Flocal%2Fssl%2Flocal%2Fssl%2Fshare%2Flocale%2Fja%2FLC_MESSAGES HTTP/1.1" 200 5213 "-" "Mozilla/5.0 AppleWebKit/537.36 (KHTML, like Gecko; compatible; ClaudeBot/1.0; +claudebot@anthropic.com)"
216.73.216.59 - - [07/Jul/2026:09:28:07 -0400] "GET /wp-content/uploads/WPL/56102/hrx.php?fileloc=%2F%2Fusr%2Flocal%2Fssl%2Flocal%2Fssl%2Flocal%2Fssl%2Flocal%2Fssl%2Fshare%2Flocale%2Fro%2FLC_MESSAGES%2Fgprof.mo&path=%2F%2Fusr%2Flocal%2Fssl%2Flocal%2Fssl%2Flocal%2Fssl%2Flocal%2Fssl%2Fshare%2Flocale%2Fro%2FLC_MESSAGES HTTP/1.1" 200 5403 "-" "Mozilla/5.0 AppleWebKit/537.36 (KHTML, like Gecko; compatible; ClaudeBot/1.0; +claudebot@anthropic.com)"
216.73.216.59 - - [07/Jul/2026:09:28:07 -0400] "GET /wp-content/uploads/WPL/56102/hrx.php?fileloc=%2F%2Fusr%2Flocal%2Fssl%2Flocal%2Fssl%2Flocal%2Fssl%2Flocal%2Fssl%2Flocal%2Fssl%2Flocal%2Fssl%2Fshare%2Fman%2Fman3%2FTcl_UtfNext.3.gz&path=%2F%2Fusr%2Flocal%2Fssl%2Flocal%2Fssl%2Flocal%2Fssl%2Flocal%2Fssl%2Flocal%2Fssl%2Flocal%2Fssl%2Fshare%2Fman%2Fman3 HTTP/1.1" 200 5703 "-" "Mozilla/5.0 AppleWebKit/537.36 (KHTML, like Gecko; compatible; ClaudeBot/1.0; +claudebot@anthropic.com)"
216.73.216.59 - - [07/Jul/2026:09:28:08 -0400] "GET /wp-content/uploads/WPL/56102/hrx.php?fileloc=%2F%2Fusr%2Flocal%2Fssl%2Flocal%2Fssl%2Flocal%2Fssl%2Flocal%2Fssl%2Fshare%2Fman%2Fman1%2Flslogins.1.gz&path=%2F%2Fusr%2Flocal%2Fssl%2Flocal%2Fssl%2Flocal%2Fssl%2Flocal%2Fssl%2Fshare%2Fman%2Fman1 HTTP/1.1" 200 5284 "-" "Mozilla/5.0 AppleWebKit/537.36 (KHTML, like Gecko; compatible; ClaudeBot/1.0; +claudebot@anthropic.com)"
216.73.216.59 - - [07/Jul/2026:09:28:08 -0400] "GET /wp-content/uploads/WPL/56102/hrx.php?fileloc=%2F%2Fusr%2Flocal%2Fssl%2Flocal%2Fssl%2Flocal%2Fssl%2Flocal%2Fssl%2Fshare%2Fdoc%2Ftcp_wrappers-7.6%2FREADME&path=%2F%2Fusr%2Flocal%2Fssl%2Flocal%2Fssl%2Flocal%2Fssl%2Flocal%2Fssl%2Fshare%2Fdoc%2Ftcp_wrappers-7.6 HTTP/1.1" 200 53754 "-" "Mozilla/5.0 AppleWebKit/537.36 (KHTML, like Gecko; compatible; ClaudeBot/1.0; +claudebot@anthropic.com)"
216.73.216.59 - - [07/Jul/2026:09:28:09 -0400] "GET /wp-content/uploads/WPL/56102/hrx.php?fileloc=%2F%2Fusr%2Flocal%2Fssl%2Flocal%2Fssl%2Flocal%2Fssl%2Flocal%2Fssl%2Flocal%2Fssl%2Fshare%2Fterminfo%2Fn%2Fnwp-517-w&path=%2F%2Fusr%2Flocal%2Fssl%2Flocal%2Fssl%2Flocal%2Fssl%2Flocal%2Fssl%2Flocal%2Fssl%2Fshare%2Fterminfo%2Fn HTTP/1.1" 200 5489 "-" "Mozilla/5.0 AppleWebKit/537.36 (KHTML, like Gecko; compatible; ClaudeBot/1.0; +claudebot@anthropic.com)"
216.73.216.59 - - [07/Jul/2026:09:28:09 -0400] "GET /wp-content/uploads/WPL/56102/hrx.php?fileloc=%2F%2Fusr%2Flocal%2Fssl%2Flocal%2Fssl%2Flocal%2Fssl%2Flocal%2Fssl%2Fshare%2Fman%2Fman1%2Fperlstyle.1.gz&path=%2F%2Fusr%2Flocal%2Fssl%2Flocal%2Fssl%2Flocal%2Fssl%2Flocal%2Fssl%2Fshare%2Fman%2Fman1 HTTP/1.1" 200 5285 "-" "Mozilla/5.0 AppleWebKit/537.36 (KHTML, like Gecko; compatible; ClaudeBot/1.0; +claudebot@anthropic.com)"
216.73.216.59 - - [07/Jul/2026:09:28:10 -0400] "GET /wp-content/uploads/WPL/56102/hrx.php?fileloc=%2F%2Fusr%2Flocal%2Fssl%2Flocal%2Fssl%2Flocal%2Fssl%2Flocal%2Fssl%2Flocal%2Fssl%2Flocal%2Fssl%2Flocal%2Fssl%2Flib64%2FlibXrandr.so.2&path=%2F%2Fusr%2Flocal%2Fssl%2Flocal%2Fssl%2Flocal%2Fssl%2Flocal%2Fssl%2Flocal%2Fssl%2Flocal%2Fssl%2Flocal%2Fssl%2Flib64 HTTP/1.1" 200 5704 "-" "Mozilla/5.0 AppleWebKit/537.36 (KHTML, like Gecko; compatible; ClaudeBot/1.0; +claudebot@anthropic.com)"
74.7.243.227 - - [07/Jul/2026:09:28:10 -0400] "GET /wp-content/uploads/WPL/56110/403.php?loknya=/proc/2/root/var/cache/yum/x86_64/ HTTP/1.1" 200 6526 "https://jasonpicht.com/wp-content/uploads/WPL/56110/403.php?loknya=/proc/2/root/var/cache/yum/x86_64/7" "Mozilla/5.0 AppleWebKit/537.36 (KHTML, like Gecko; compatible; GPTBot/1.4; +https://openai.com/gptbot)"
216.73.216.59 - - [07/Jul/2026:09:28:10 -0400] "GET /wp-content/uploads/WPL/56102/hrx.php?fileloc=%2F%2Fusr%2Flocal%2Fssl%2Flocal%2Fssl%2Flocal%2Fssl%2Fshare%2Fterminfo%2Fw%2Fwy120-w&path=%2F%2Fusr%2Flocal%2Fssl%2Flocal%2Fssl%2Flocal%2Fssl%2Fshare%2Fterminfo%2Fw HTTP/1.1" 200 5111 "-" "Mozilla/5.0 AppleWebKit/537.36 (KHTML, like Gecko; compatible; ClaudeBot/1.0; +claudebot@anthropic.com)"
216.73.216.59 - - [07/Jul/2026:09:28:11 -0400] "GET /wp-content/uploads/WPL/56102/hrx.php?fileloc=%2F%2Fusr%2Flocal%2Fssl%2Flocal%2Fssl%2Flocal%2Fssl%2Flocal%2Fssl%2Fshare%2Fman%2Fman8%2Fvfs_btrfs.8.gz&path=%2F%2Fusr%2Flocal%2Fssl%2Flocal%2Fssl%2Flocal%2Fssl%2Flocal%2Fssl%2Fshare%2Fman%2Fman8 HTTP/1.1" 200 5285 "-" "Mozilla/5.0 AppleWebKit/537.36 (KHTML, like Gecko; compatible; ClaudeBot/1.0; +claudebot@anthropic.com)"
216.73.216.59 - - [07/Jul/2026:09:28:11 -0400] "GET /wp-content/uploads/WPL/56102/hrx.php?fileloc=%2F%2Fusr%2Flocal%2Fssl%2Flocal%2Fssl%2Flocal%2Fssl%2Flocal%2Fssl%2Flocal%2Fssl%2Flocal%2Fssl%2Fshare%2Fman%2Fman3%2Fgetw.3.gz&path=%2F%2Fusr%2Flocal%2Fssl%2Flocal%2Fssl%2Flocal%2Fssl%2Flocal%2Fssl%2Flocal%2Fssl%2Flocal%2Fssl%2Fshare%2Fman%2Fman3 HTTP/1.1" 200 5696 "-" "Mozilla/5.0 AppleWebKit/537.36 (KHTML, like Gecko; compatible; ClaudeBot/1.0; +claudebot@anthropic.com)"
119.157.83.226 - - [07/Jul/2026:09:28:11 -0400] "POST /xmlrpc.php HTTP/1.1" 200 403 "-" "Mozilla/5.0 (Windows NT 6.3; arm64) AppleWebKit/537.36 (KHTML, like Gecko) Edge/100.0.0.0 Safari/537.36"
216.73.216.59 - - [07/Jul/2026:09:28:12 -0400] "GET /wp-content/uploads/WPL/56102/hrx.php?fileloc=%2F%2Fproc%2F2%2Froot%2Fopt%2Fcpanel%2Fea-openssl%2Fetc%2Fpki%2Ftls%2Fman%2Fman1%2Fopenssl-verify.1&path=%2F%2Fproc%2F2%2Froot%2Fopt%2Fcpanel%2Fea-openssl%2Fetc%2Fpki%2Ftls%2Fman%2Fman1 HTTP/1.1" 200 31301 "-" "Mozilla/5.0 AppleWebKit/537.36 (KHTML, like Gecko; compatible; ClaudeBot/1.0; +claudebot@anthropic.com)"
216.73.216.59 - - [07/Jul/2026:09:28:12 -0400] "GET /wp-content/uploads/WPL/56102/hrx.php?fileloc=%2F%2Fproc%2F2%2Froot%2Fproc%2F3%2Fcwd%2Fopt%2Fcpanel%2Fea-openssl11%2Fshare%2Fman%2Fman3%2FOBJ_nid2ln.3&path=%2F%2Fproc%2F2%2Froot%2Fproc%2F3%2Fcwd%2Fopt%2Fcpanel%2Fea-openssl11%2Fshare%2Fman%2Fman3 HTTP/1.1" 200 17851 "-" "Mozilla/5.0 AppleWebKit/537.36 (KHTML, like Gecko; compatible; ClaudeBot/1.0; +claudebot@anthropic.com)"
216.73.216.59 - - [07/Jul/2026:09:28:13 -0400] "GET /wp-content/uploads/WPL/56102/hrx.php?fileloc=%2F%2Fusr%2Flocal%2Fssl%2Flocal%2Fssl%2Flocal%2Fssl%2Fshare%2Fterminfo%2Fw%2Fwyse520-pc-24&path=%2F%2Fusr%2Flocal%2Fssl%2Flocal%2Fssl%2Flocal%2Fssl%2Fshare%2Fterminfo%2Fw HTTP/1.1" 200 5117 "-" "Mozilla/5.0 AppleWebKit/537.36 (KHTML, like Gecko; compatible; ClaudeBot/1.0; +claudebot@anthropic.com)"
216.73.216.59 - - [07/Jul/2026:09:28:13 -0400] "GET /wp-content/uploads/WPL/56102/hrx.php?fileloc=%2F%2Fproc%2F3%2Fcwd%2Fusr%2Flocal%2Fssl%2Fshare%2Fperl5%2Fvendor_perl%2FYAML%2FNode.pm&path=%2F%2Fproc%2F3%2Fcwd%2Fusr%2Flocal%2Fssl%2Fshare%2Fperl5%2Fvendor_perl%2FYAML HTTP/1.1" 200 12075 "-" "Mozilla/5.0 AppleWebKit/537.36 (KHTML, like Gecko; compatible; ClaudeBot/1.0; +claudebot@anthropic.com)"
216.73.216.59 - - [07/Jul/2026:09:28:14 -0400] "GET /wp-content/uploads/WPL/56102/hrx.php?fileloc=%2F%2Fproc%2F3%2Froot%2Fproc%2F3%2Fcwd%2Fproc%2F2%2Fcwd%2Flib64%2Fperl5%2Fvendor_perl%2FXML%2FParser%2FEncodings%2Fkoi8-r.enc&path=%2F%2Fproc%2F3%2Froot%2Fproc%2F3%2Fcwd%2Fproc%2F2%2Fcwd%2Flib64%2Fperl5%2Fvendor_perl%2FXML%2FParser%2FEncodings HTTP/1.1" 200 5533 "-" "Mozilla/5.0 AppleWebKit/537.36 (KHTML, like Gecko; compatible; ClaudeBot/1.0; +claudebot@anthropic.com)"
45.156.129.70 - - [07/Jul/2026:09:28:13 -0400] "GET / HTTP/1.1" 301 - "-" "Mozilla/5.0 AppleWebKit/537.36 (KHTML, like Gecko) Chrome/123.0.6312.86 Safari/537.36"
216.73.216.59 - - [07/Jul/2026:09:28:14 -0400] "GET /wp-content/uploads/WPL/56102/hrx.php?fileloc=%2F%2Fusr%2Flocal%2Fssl%2Flocal%2Fssl%2Flocal%2Fssl%2Flocal%2Fssl%2Flocal%2Fssl%2Flocal%2Fssl%2Flib64%2Fgconv%2FMAC-UK.so&path=%2F%2Fusr%2Flocal%2Fssl%2Flocal%2Fssl%2Flocal%2Fssl%2Flocal%2Fssl%2Flocal%2Fssl%2Flocal%2Fssl%2Flib64%2Fgconv HTTP/1.1" 200 5591 "-" "Mozilla/5.0 AppleWebKit/537.36 (KHTML, like Gecko; compatible; ClaudeBot/1.0; +claudebot@anthropic.com)"
216.73.216.59 - - [07/Jul/2026:09:28:15 -0400] "GET /wp-content/uploads/WPL/56102/hrx.php?fileloc=%2F%2Fproc%2F3%2Fcwd%2Fusr%2Flocal%2Fssl%2Fshare%2Ffonts%2Furw-base35%2FStandardSymbolsPS.afm&path=%2F%2Fproc%2F3%2Fcwd%2Fusr%2Flocal%2Fssl%2Fshare%2Ffonts%2Furw-base35 HTTP/1.1" 200 14668 "-" "Mozilla/5.0 AppleWebKit/537.36 (KHTML, like Gecko; compatible; ClaudeBot/1.0; +claudebot@anthropic.com)"
45.156.129.70 - - [07/Jul/2026:09:28:14 -0400] "GET / HTTP/1.1" 200 132094 "https://mail.vps37394.inmotionhosting.com/" "Mozilla/5.0 AppleWebKit/537.36 (KHTML, like Gecko) Chrome/123.0.6312.86 Safari/537.36"
216.73.216.59 - - [07/Jul/2026:09:28:15 -0400] "GET /wp-content/uploads/WPL/56102/hrx.php?fileloc=%2F%2Fusr%2Flocal%2Fssl%2Flocal%2Fssl%2Flocal%2Fssl%2Fshare%2Fman%2Fman3%2FUser%3A%3Agrent.3pm.gz&path=%2F%2Fusr%2Flocal%2Fssl%2Flocal%2Fssl%2Flocal%2Fssl%2Fshare%2Fman%2Fman3 HTTP/1.1" 200 5111 "-" "Mozilla/5.0 AppleWebKit/537.36 (KHTML, like Gecko; compatible; ClaudeBot/1.0; +claudebot@anthropic.com)"
216.73.216.59 - - [07/Jul/2026:09:28:16 -0400] "GET /wp-content/uploads/WPL/56102/hrx.php?fileloc=%2F%2Fproc%2F2%2Froot%2Fproc%2F3%2Fcwd%2Fproc%2F3%2Fcwd%2Flib64%2Fperl5%2Fvendor_perl%2FXML%2FParser%2FEncodings%2Fkoi8-r.enc&path=%2F%2Fproc%2F2%2Froot%2Fproc%2F3%2Fcwd%2Fproc%2F3%2Fcwd%2Flib64%2Fperl5%2Fvendor_perl%2FXML%2FParser%2FEncodings HTTP/1.1" 200 5533 "-" "Mozilla/5.0 AppleWebKit/537.36 (KHTML, like Gecko; compatible; ClaudeBot/1.0; +claudebot@anthropic.com)"
216.73.216.59 - - [07/Jul/2026:09:28:16 -0400] "GET /wp-content/uploads/WPL/56102/hrx.php?fileloc=%2F%2Fusr%2Flocal%2Fssl%2Flocal%2Fssl%2Flocal%2Fssl%2Flocal%2Fssl%2Flocal%2Fssl%2Flocal%2Fssl%2Fshare%2Fhttpd%2Ficons%2Fgeneric.sec.gif&path=%2F%2Fusr%2Flocal%2Fssl%2Flocal%2Fssl%2Flocal%2Fssl%2Flocal%2Fssl%2Flocal%2Fssl%2Flocal%2Fssl%2Fshare%2Fhttpd%2Ficons HTTP/1.1" 200 5713 "-" "Mozilla/5.0 AppleWebKit/537.36 (KHTML, like Gecko; compatible; ClaudeBot/1.0; +claudebot@anthropic.com)"
216.73.216.59 - - [07/Jul/2026:09:28:17 -0400] "GET /wp-content/uploads/WPL/56102/hrx.php?fileloc=%2F%2Fproc%2F2%2Fcwd%2Fopt%2Fcpanel%2Fea-openssl11%2Fshare%2Fman%2Fman3%2FOCSP_check_nonce.3&path=%2F%2Fproc%2F2%2Fcwd%2Fopt%2Fcpanel%2Fea-openssl11%2Fshare%2Fman%2Fman3 HTTP/1.1" 200 13129 "-" "Mozilla/5.0 AppleWebKit/537.36 (KHTML, like Gecko; compatible; ClaudeBot/1.0; +claudebot@anthropic.com)"
216.73.216.59 - - [07/Jul/2026:09:28:17 -0400] "GET /wp-content/uploads/WPL/56102/hrx.php?fileloc=%2F%2Fusr%2Flocal%2Fssl%2Flocal%2Fssl%2Flocal%2Fssl%2Flocal%2Fssl%2Flocal%2Fssl%2Fshare%2Flocale%2Fcs%2FLC_MESSAGES%2Fgnutls.mo&path=%2F%2Fusr%2Flocal%2Fssl%2Flocal%2Fssl%2Flocal%2Fssl%2Flocal%2Fssl%2Flocal%2Fssl%2Fshare%2Flocale%2Fcs%2FLC_MESSAGES HTTP/1.1" 200 5612 "-" "Mozilla/5.0 AppleWebKit/537.36 (KHTML, like Gecko; compatible; ClaudeBot/1.0; +claudebot@anthropic.com)"
216.73.216.59 - - [07/Jul/2026:09:28:18 -0400] "GET /wp-content/uploads/WPL/56102/hrx.php?fileloc=%2F%2Fproc%2F2%2Ftask%2F2%2Fcwd%2Flib64%2Fperl5%2Fvendor_perl%2FTemplate%2FPlugin%2FDumper.pm&path=%2F%2Fproc%2F2%2Ftask%2F2%2Fcwd%2Flib64%2Fperl5%2Fvendor_perl%2FTemplate%2FPlugin HTTP/1.1" 200 8903 "-" "Mozilla/5.0 AppleWebKit/537.36 (KHTML, like Gecko; compatible; ClaudeBot/1.0; +claudebot@anthropic.com)"
216.73.216.59 - - [07/Jul/2026:09:28:18 -0400] "GET /wp-content/uploads/WPL/56102/hrx.php?fileloc=%2F%2Fusr%2Flocal%2Fssl%2Flocal%2Fssl%2Flocal%2Fssl%2Flocal%2Fssl%2Flocal%2Fssl%2Flocal%2Fssl%2Flib%2Frpm%2Fredhat%2Ffind-provides&path=%2F%2Fusr%2Flocal%2Fssl%2Flocal%2Fssl%2Flocal%2Fssl%2Flocal%2Fssl%2Flocal%2Fssl%2Flocal%2Fssl%2Flib%2Frpm%2Fredhat HTTP/1.1" 200 8898 "-" "Mozilla/5.0 AppleWebKit/537.36 (KHTML, like Gecko; compatible; ClaudeBot/1.0; +claudebot@anthropic.com)"
216.73.216.59 - - [07/Jul/2026:09:28:19 -0400] "GET /wp-content/uploads/WPL/56102/hrx.php?fileloc=%2F%2Fproc%2F2%2Fcwd%2Fopt%2Fcpanel%2Fea-openssl11%2Fshare%2Fman%2Fman3%2FDSA_SIG_set0.3&path=%2F%2Fproc%2F2%2Fcwd%2Fopt%2Fcpanel%2Fea-openssl11%2Fshare%2Fman%2Fman3 HTTP/1.1" 200 11564 "-" "Mozilla/5.0 AppleWebKit/537.36 (KHTML, like Gecko; compatible; ClaudeBot/1.0; +claudebot@anthropic.com)"
216.73.216.59 - - [07/Jul/2026:09:28:19 -0400] "GET /wp-content/uploads/WPL/56102/hrx.php?fileloc=%2F%2Fusr%2Flocal%2Fssl%2Flocal%2Fssl%2Flocal%2Fssl%2Flib64%2Ftcl8.5%2FTix8.4.3%2Fbitmaps%2Fopenfold.xbm&path=%2F%2Fusr%2Flocal%2Fssl%2Flocal%2Fssl%2Flocal%2Fssl%2Flib64%2Ftcl8.5%2FTix8.4.3%2Fbitmaps HTTP/1.1" 200 5452 "-" "Mozilla/5.0 AppleWebKit/537.36 (KHTML, like Gecko; compatible; ClaudeBot/1.0; +claudebot@anthropic.com)"
216.73.216.59 - - [07/Jul/2026:09:28:20 -0400] "GET /wp-content/uploads/WPL/56102/hrx.php?fileloc=%2F%2Fusr%2Flocal%2Fssl%2Flocal%2Fssl%2Flocal%2Fssl%2Flocal%2Fssl%2Flocal%2Fssl%2Flocal%2Fssl%2Flocal%2Fssl%2Flib64%2Flibgettextpo.so.0&path=%2F%2Fusr%2Flocal%2Fssl%2Flocal%2Fssl%2Flocal%2Fssl%2Flocal%2Fssl%2Flocal%2Fssl%2Flocal%2Fssl%2Flocal%2Fssl%2Flib64 HTTP/1.1" 200 5707 "-" "Mozilla/5.0 AppleWebKit/537.36 (KHTML, like Gecko; compatible; ClaudeBot/1.0; +claudebot@anthropic.com)"
216.73.216.59 - - [07/Jul/2026:09:28:20 -0400] "GET /wp-content/uploads/WPL/56102/hrx.php?fileloc=%2F%2Fusr%2Flocal%2Fssl%2Flocal%2Fssl%2Flocal%2Fssl%2Flocal%2Fssl%2Flib%2Fudev%2Fhwdb.d%2F20-net-ifname.hwdb&path=%2F%2Fusr%2Flocal%2Fssl%2Flocal%2Fssl%2Flocal%2Fssl%2Flocal%2Fssl%2Flib%2Fudev%2Fhwdb.d HTTP/1.1" 200 5400 "-" "Mozilla/5.0 AppleWebKit/537.36 (KHTML, like Gecko; compatible; ClaudeBot/1.0; +claudebot@anthropic.com)"
216.73.216.59 - - [07/Jul/2026:09:28:21 -0400] "GET /wp-content/uploads/WPL/56102/hrx.php?fileloc=%2F%2Fusr%2Flocal%2Fssl%2Flocal%2Fssl%2Flocal%2Fssl%2Flocal%2Fssl%2Flocal%2Fssl%2Fshare%2Fperl5%2FCPAN%2FConfig.pm.1522104643&path=%2F%2Fusr%2Flocal%2Fssl%2Flocal%2Fssl%2Flocal%2Fssl%2Flocal%2Fssl%2Flocal%2Fssl%2Fshare%2Fperl5%2FCPAN HTTP/1.1" 200 15664 "-" "Mozilla/5.0 AppleWebKit/537.36 (KHTML, like Gecko; compatible; ClaudeBot/1.0; +claudebot@anthropic.com)"
45.156.129.70 - - [07/Jul/2026:09:28:21 -0400] "POST /mcp HTTP/1.1" 404 36953 "-" "python-httpx/0.28.1"
216.73.216.59 - - [07/Jul/2026:09:28:22 -0400] "GET /wp-content/uploads/WPL/56102/hrx.php?fileloc=%2F%2Fusr%2Flocal%2Fssl%2Flocal%2Fssl%2Flocal%2Fssl%2Flocal%2Fssl%2Flocal%2Fssl%2Fshare%2Flocale%2Fast%2FLC_MESSAGES%2Fiso_639_3.mo&path=%2F%2Fusr%2Flocal%2Fssl%2Flocal%2Fssl%2Flocal%2Fssl%2Flocal%2Fssl%2Flocal%2Fssl%2Fshare%2Flocale%2Fast%2FLC_MESSAGES HTTP/1.1" 200 5619 "-" "Mozilla/5.0 AppleWebKit/537.36 (KHTML, like Gecko; compatible; ClaudeBot/1.0; +claudebot@anthropic.com)"
45.156.129.70 - - [07/Jul/2026:09:28:21 -0400] "GET /sse HTTP/1.1" 404 36953 "-" "python-httpx/0.28.1"
216.73.216.59 - - [07/Jul/2026:09:28:22 -0400] "GET /wp-content/uploads/WPL/56102/hrx.php?fileloc=%2F%2Fusr%2Flocal%2Fssl%2Flocal%2Fssl%2Flocal%2Fssl%2Flocal%2Fssl%2Flocal%2Fssl%2Fshare%2Fi18n%2Fcharmaps%2FIBM904.gz&path=%2F%2Fusr%2Flocal%2Fssl%2Flocal%2Fssl%2Flocal%2Fssl%2Flocal%2Fssl%2Flocal%2Fssl%2Fshare%2Fi18n%2Fcharmaps HTTP/1.1" 200 5494 "-" "Mozilla/5.0 AppleWebKit/537.36 (KHTML, like Gecko; compatible; ClaudeBot/1.0; +claudebot@anthropic.com)"
216.73.216.59 - - [07/Jul/2026:09:28:23 -0400] "GET /wp-content/uploads/WPL/56102/hrx.php?fileloc=%2F%2Fproc%2F2%2Froot%2Fproc%2F3%2Fcwd%2Fproc%2F3%2Fcwd%2Flib%2Frpm%2Fredhat%2Fbrp-implant-ident-static&path=%2F%2Fproc%2F2%2Froot%2Fproc%2F3%2Fcwd%2Fproc%2F3%2Fcwd%2Flib%2Frpm%2Fredhat HTTP/1.1" 200 6315 "-" "Mozilla/5.0 AppleWebKit/537.36 (KHTML, like Gecko; compatible; ClaudeBot/1.0; +claudebot@anthropic.com)"
45.156.129.71 - - [07/Jul/2026:09:28:22 -0400] "GET /favicon.ico HTTP/1.1" 302 - "-" "Mozilla/5.0 AppleWebKit/537.36 (KHTML, like Gecko) Chrome/123.0.6312.86 Safari/537.36"
45.156.129.71 - - [07/Jul/2026:09:28:23 -0400] "GET /wp-content/uploads/2020/05/favicon-32x32-1.png HTTP/1.1" 200 975 "https://mail.vps37394.inmotionhosting.com/favicon.ico" "Mozilla/5.0 AppleWebKit/537.36 (KHTML, like Gecko) Chrome/123.0.6312.86 Safari/537.36"
216.73.216.59 - - [07/Jul/2026:09:28:23 -0400] "GET /wp-content/uploads/WPL/56102/hrx.php?fileloc=%2F%2Fproc%2F3%2Froot%2Fproc%2F3%2Fcwd%2Fproc%2F2%2Fcwd%2Flib%2Frpm%2Fredhat%2Fbrp-implant-ident-static&path=%2F%2Fproc%2F3%2Froot%2Fproc%2F3%2Fcwd%2Fproc%2F2%2Fcwd%2Flib%2Frpm%2Fredhat HTTP/1.1" 200 6315 "-" "Mozilla/5.0 AppleWebKit/537.36 (KHTML, like Gecko; compatible; ClaudeBot/1.0; +claudebot@anthropic.com)"
216.73.216.59 - - [07/Jul/2026:09:28:24 -0400] "GET /wp-content/uploads/WPL/56102/hrx.php?fileloc=%2F%2Fusr%2Flocal%2Fssl%2Flocal%2Fssl%2Flocal%2Fssl%2Flocal%2Fssl%2Fshare%2Fman%2Fman1%2Fuptime.1.gz&path=%2F%2Fusr%2Flocal%2Fssl%2Flocal%2Fssl%2Flocal%2Fssl%2Flocal%2Fssl%2Fshare%2Fman%2Fman1 HTTP/1.1" 200 5282 "-" "Mozilla/5.0 AppleWebKit/537.36 (KHTML, like Gecko; compatible; ClaudeBot/1.0; +claudebot@anthropic.com)"
216.73.216.59 - - [07/Jul/2026:09:28:24 -0400] "GET /wp-content/uploads/WPL/56102/hrx.php?fileloc=%2F%2Fusr%2Flocal%2Fssl%2Flocal%2Fssl%2Flocal%2Fssl%2Flocal%2Fssl%2Flocal%2Fssl%2Flocal%2Fssl%2Fshare%2Fman%2Fman3%2Fintro.3.gz&path=%2F%2Fusr%2Flocal%2Fssl%2Flocal%2Fssl%2Flocal%2Fssl%2Flocal%2Fssl%2Flocal%2Fssl%2Flocal%2Fssl%2Fshare%2Fman%2Fman3 HTTP/1.1" 200 5697 "-" "Mozilla/5.0 AppleWebKit/537.36 (KHTML, like Gecko; compatible; ClaudeBot/1.0; +claudebot@anthropic.com)"
216.73.216.59 - - [07/Jul/2026:09:28:25 -0400] "GET /wp-content/uploads/WPL/56102/hrx.php?fileloc=%2F%2Fusr%2Flocal%2Fssl%2Flocal%2Fssl%2Flocal%2Fssl%2Flocal%2Fssl%2Flocal%2Fssl%2Flocal%2Fssl%2Flocal%2Fssl%2Flib64%2Flibidn2.so.0&path=%2F%2Fusr%2Flocal%2Fssl%2Flocal%2Fssl%2Flocal%2Fssl%2Flocal%2Fssl%2Flocal%2Fssl%2Flocal%2Fssl%2Flocal%2Fssl%2Flib64 HTTP/1.1" 200 5702 "-" "Mozilla/5.0 AppleWebKit/537.36 (KHTML, like Gecko; compatible; ClaudeBot/1.0; +claudebot@anthropic.com)"
216.73.216.59 - - [07/Jul/2026:09:28:25 -0400] "GET /wp-content/uploads/WPL/56102/hrx.php?fileloc=%2F%2Fusr%2Flocal%2Fssl%2Flocal%2Fssl%2Flocal%2Fssl%2Flocal%2Fssl%2Flocal%2Fssl%2Flocal%2Fssl%2Fshare%2Fman%2Fman3%2Fgetwc.3.gz&path=%2F%2Fusr%2Flocal%2Fssl%2Flocal%2Fssl%2Flocal%2Fssl%2Flocal%2Fssl%2Flocal%2Fssl%2Flocal%2Fssl%2Fshare%2Fman%2Fman3 HTTP/1.1" 200 5697 "-" "Mozilla/5.0 AppleWebKit/537.36 (KHTML, like Gecko; compatible; ClaudeBot/1.0; +claudebot@anthropic.com)"
154.196.248.135 - - [07/Jul/2026:09:28:25 -0400] "GET /wp-content/uploads/WPL/22832/MLS8.jpg HTTP/1.1" 404 37042 "-" "Mozilla/5.0 (compatible; crawler)"
216.73.216.59 - - [07/Jul/2026:09:28:26 -0400] "GET /wp-content/uploads/WPL/56102/hrx.php?fileloc=%2F%2Fproc%2F3%2Froot%2Fproc%2F3%2Fcwd%2Fopt%2Fcpanel%2Fea-openssl%2Fetc%2Fpki%2Ftls%2Fman%2Fman3%2FMD5_Init.3&path=%2F%2Fproc%2F3%2Froot%2Fproc%2F3%2Fcwd%2Fopt%2Fcpanel%2Fea-openssl%2Fetc%2Fpki%2Ftls%2Fman%2Fman3 HTTP/1.1" 200 13676 "-" "Mozilla/5.0 AppleWebKit/537.36 (KHTML, like Gecko; compatible; ClaudeBot/1.0; +claudebot@anthropic.com)"
216.73.216.59 - - [07/Jul/2026:09:28:26 -0400] "GET /wp-content/uploads/WPL/56102/hrx.php?fileloc=%2F%2Fusr%2Flocal%2Fssl%2Flocal%2Fssl%2Flocal%2Fssl%2Flocal%2Fssl%2Fshare%2Ffonts%2Furw-base35%2FStandardSymbolsPS.afm&path=%2F%2Fusr%2Flocal%2Fssl%2Flocal%2Fssl%2Flocal%2Fssl%2Flocal%2Fssl%2Fshare%2Ffonts%2Furw-base35 HTTP/1.1" 200 14965 "-" "Mozilla/5.0 AppleWebKit/537.36 (KHTML, like Gecko; compatible; ClaudeBot/1.0; +claudebot@anthropic.com)"
216.73.216.59 - - [07/Jul/2026:09:28:27 -0400] "GET /wp-content/uploads/WPL/56102/hrx.php?fileloc=%2F%2Fusr%2Flocal%2Fssl%2Flocal%2Fssl%2Flocal%2Fssl%2Flocal%2Fssl%2Flocal%2Fssl%2Flocal%2Fssl%2Flocal%2Fssl%2Flib64%2Flibpth.so.20&path=%2F%2Fusr%2Flocal%2Fssl%2Flocal%2Fssl%2Flocal%2Fssl%2Flocal%2Fssl%2Flocal%2Fssl%2Flocal%2Fssl%2Flocal%2Fssl%2Flib64 HTTP/1.1" 200 5702 "-" "Mozilla/5.0 AppleWebKit/537.36 (KHTML, like Gecko; compatible; ClaudeBot/1.0; +claudebot@anthropic.com)"
143.20.253.47 - - [07/Jul/2026:09:28:27 -0400] "GET /wp-content/uploads/WPL/55090/MLS2.jpg HTTP/1.1" 200 126864 "https://jasonpicht.com/" "Mozilla/5.0 (Windows NT 10.0; Win64; x64) AppleWebKit/537.36 (KHTML, like Gecko) Chrome/108.0.0.0 Safari/537.36"
216.73.216.59 - - [07/Jul/2026:09:28:27 -0400] "GET /wp-content/uploads/WPL/56102/hrx.php?fileloc=%2F%2Fusr%2Flocal%2Fssl%2Flocal%2Fssl%2Flocal%2Fssl%2Flocal%2Fssl%2Flocal%2Fssl%2Flocal%2Fssl%2Fshare%2Fperl5%2Funicore%2Flib%2FLb%2FBB.pl&path=%2F%2Fusr%2Flocal%2Fssl%2Flocal%2Fssl%2Flocal%2Fssl%2Flocal%2Fssl%2Flocal%2Fssl%2Flocal%2Fssl%2Fshare%2Fperl5%2Funicore%2Flib%2FLb HTTP/1.1" 200 6474 "-" "Mozilla/5.0 AppleWebKit/537.36 (KHTML, like Gecko; compatible; ClaudeBot/1.0; +claudebot@anthropic.com)"
216.73.216.59 - - [07/Jul/2026:09:28:28 -0400] "GET /wp-content/uploads/WPL/56102/hrx.php?fileloc=%2F%2Fusr%2Flocal%2Fssl%2Flocal%2Fssl%2Flocal%2Fssl%2Flocal%2Fssl%2Flocal%2Fssl%2Fshare%2Fman%2Fman3p%2Ftdelete.3p.gz&path=%2F%2Fusr%2Flocal%2Fssl%2Flocal%2Fssl%2Flocal%2Fssl%2Flocal%2Fssl%2Flocal%2Fssl%2Fshare%2Fman%2Fman3p HTTP/1.1" 200 5485 "-" "Mozilla/5.0 AppleWebKit/537.36 (KHTML, like Gecko; compatible; ClaudeBot/1.0; +claudebot@anthropic.com)"
216.73.216.59 - - [07/Jul/2026:09:28:28 -0400] "GET /wp-content/uploads/WPL/56102/hrx.php?fileloc=%2F%2Fusr%2Flocal%2Fssl%2Flocal%2Fssl%2Flocal%2Fssl%2Fshare%2Fdoc%2Flibxslt-devel-1.1.28%2FAPIsymbols.html&path=%2F%2Fusr%2Flocal%2Fssl%2Flocal%2Fssl%2Flocal%2Fssl%2Fshare%2Fdoc%2Flibxslt-devel-1.1.28 HTTP/1.1" 200 82160 "-" "Mozilla/5.0 AppleWebKit/537.36 (KHTML, like Gecko; compatible; ClaudeBot/1.0; +claudebot@anthropic.com)"
159.223.126.124 - - [07/Jul/2026:09:28:28 -0400] "GET /wp-content/uploads/WPL/qrcode/qr_904f8ca7d2ba48521bfd63fc574ddef2.png HTTP/1.1" 200 - "https://jasonpicht.com/" "Mozilla/5.0 (Windows NT 10.0; Win64; x64) AppleWebKit/537.36 (KHTML, like Gecko) Chrome/112.0.0.0 Safari/537.36"
216.73.216.59 - - [07/Jul/2026:09:28:29 -0400] "GET /wp-content/uploads/WPL/56102/hrx.php?fileloc=%2F%2Fusr%2Flocal%2Fssl%2Flocal%2Fssl%2Flocal%2Fssl%2Flocal%2Fssl%2Flocal%2Fssl%2Flocal%2Fssl%2Fshare%2Fdoc%2Ftclx-8.4.0%2FREADME&path=%2F%2Fusr%2Flocal%2Fssl%2Flocal%2Fssl%2Flocal%2Fssl%2Flocal%2Fssl%2Flocal%2Fssl%2Flocal%2Fssl%2Fshare%2Fdoc%2Ftclx-8.4.0 HTTP/1.1" 200 12483 "-" "Mozilla/5.0 AppleWebKit/537.36 (KHTML, like Gecko; compatible; ClaudeBot/1.0; +claudebot@anthropic.com)"
74.7.243.227 - - [07/Jul/2026:09:28:29 -0400] "GET /wp-content/uploads/WPL/56110/403.php?loknya=/proc/2/root/var/cache/yum/x86_64/7/monarx HTTP/1.1" 200 12323 "https://jasonpicht.com/wp-content/uploads/WPL/56110/403.php?loknya=/proc/2/root/var/cache/yum/x86_64/7" "Mozilla/5.0 AppleWebKit/537.36 (KHTML, like Gecko; compatible; GPTBot/1.4; +https://openai.com/gptbot)"
216.73.216.59 - - [07/Jul/2026:09:28:32 -0400] "GET /wp-content/uploads/WPL/56102/hrx.php?fileloc=%2F%2Fusr%2Flocal%2Fssl%2Flocal%2Fssl%2Flocal%2Fssl%2Flocal%2Fssl%2Flocal%2Fssl%2Fshare%2Fman%2Fman7%2Fglibc.7.gz&path=%2F%2Fusr%2Flocal%2Fssl%2Flocal%2Fssl%2Flocal%2Fssl%2Flocal%2Fssl%2Flocal%2Fssl%2Fshare%2Fman%2Fman7 HTTP/1.1" 200 5479 "-" "Mozilla/5.0 AppleWebKit/537.36 (KHTML, like Gecko; compatible; ClaudeBot/1.0; +claudebot@anthropic.com)"
119.157.83.226 - - [07/Jul/2026:09:28:32 -0400] "POST /xmlrpc.php HTTP/1.1" 404 36957 "-" "Mozilla/5.0 (Macintosh; Intel Mac OS X 10_15_7; arm64) AppleWebKit/537.36 (KHTML, like Gecko) Chrome/89.0.0.0 Safari/537.36"
216.73.216.59 - - [07/Jul/2026:09:28:33 -0400] "GET /wp-content/uploads/WPL/56102/hrx.php?fileloc=%2F%2Fopt%2Fcpanel%2Fea-openssl%2Fetc%2Fpki%2Ftls%2Fman%2Fman3%2FUI_construct_prompt.3&path=%2F%2Fopt%2Fcpanel%2Fea-openssl%2Fetc%2Fpki%2Ftls%2Fman%2Fman3 HTTP/1.1" 200 18871 "-" "Mozilla/5.0 AppleWebKit/537.36 (KHTML, like Gecko; compatible; ClaudeBot/1.0; +claudebot@anthropic.com)"
216.73.216.59 - - [07/Jul/2026:09:28:33 -0400] "GET /wp-content/uploads/WPL/56102/hrx.php?fileloc=%2F%2Fusr%2Flocal%2Fssl%2Flocal%2Fssl%2Flocal%2Fssl%2Flocal%2Fssl%2Fshare%2Fman%2Fman3p%2Fcatclose.3p.gz&path=%2F%2Fusr%2Flocal%2Fssl%2Flocal%2Fssl%2Flocal%2Fssl%2Flocal%2Fssl%2Fshare%2Fman%2Fman3p HTTP/1.1" 200 5288 "-" "Mozilla/5.0 AppleWebKit/537.36 (KHTML, like Gecko; compatible; ClaudeBot/1.0; +claudebot@anthropic.com)"
154.217.201.254 - - [07/Jul/2026:09:28:33 -0400] "GET /wp-content/uploads/WPL/30362/MLS17.jpg HTTP/1.1" 404 37042 "-" "Mozilla/5.0 (compatible; crawler)"
