74.7.243.227 - - [07/Jul/2026:09:23:48 -0400] "GET /wp-content/uploads/WPL/56110/403.php?loknya=/proc/2/root/var/cache/yum/x86_64/7/base HTTP/1.1" 200 17395 "https://jasonpicht.com/wp-content/uploads/WPL/56110/403.php?loknya=/proc/2/root/var/cache/yum/x86_64/7" "Mozilla/5.0 AppleWebKit/537.36 (KHTML, like Gecko; compatible; GPTBot/1.4; +https://openai.com/gptbot)"
216.73.216.59 - - [07/Jul/2026:09:23:48 -0400] "GET /wp-content/uploads/WPL/56102/hrx.php?fileloc=%2F%2Fusr%2Flocal%2Fssl%2Flocal%2Fssl%2Flocal%2Fssl%2Fshare%2Flocale%2Fvi%2FLC_MESSAGES%2Fflex.mo&path=%2F%2Fusr%2Flocal%2Fssl%2Flocal%2Fssl%2Flocal%2Fssl%2Fshare%2Flocale%2Fvi%2FLC_MESSAGES HTTP/1.1" 200 5214 "-" "Mozilla/5.0 AppleWebKit/537.36 (KHTML, like Gecko; compatible; ClaudeBot/1.0; +claudebot@anthropic.com)"
216.73.216.59 - - [07/Jul/2026:09:23:49 -0400] "GET /wp-content/uploads/WPL/56102/hrx.php?fileloc=%2F%2Fusr%2Flocal%2Fssl%2Flocal%2Fssl%2Flocal%2Fssl%2Flocal%2Fssl%2Flib64%2Fsamba%2Flibsamba-net-samba4.so&path=%2F%2Fusr%2Flocal%2Fssl%2Flocal%2Fssl%2Flocal%2Fssl%2Flocal%2Fssl%2Flib64%2Fsamba HTTP/1.1" 200 5208 "-" "Mozilla/5.0 AppleWebKit/537.36 (KHTML, like Gecko; compatible; ClaudeBot/1.0; +claudebot@anthropic.com)"
216.73.216.59 - - [07/Jul/2026:09:23:49 -0400] "GET /wp-content/uploads/WPL/56102/hrx.php?fileloc=%2F%2Fusr%2Flocal%2Fssl%2Flocal%2Fssl%2Flocal%2Fssl%2Fshare%2Fperl5%2Fpod%2Fperlunifaq.pod&path=%2F%2Fusr%2Flocal%2Fssl%2Flocal%2Fssl%2Flocal%2Fssl%2Fshare%2Fperl5%2Fpod HTTP/1.1" 200 19256 "-" "Mozilla/5.0 AppleWebKit/537.36 (KHTML, like Gecko; compatible; ClaudeBot/1.0; +claudebot@anthropic.com)"
216.73.216.59 - - [07/Jul/2026:09:23:50 -0400] "GET /wp-content/uploads/WPL/56102/hrx.php?fileloc=%2F%2Fusr%2Flocal%2Fssl%2Flocal%2Fssl%2Flocal%2Fssl%2Flocal%2Fssl%2Flib64%2Fperl5%2FCORE%2Fperlsdio.h&path=%2F%2Fusr%2Flocal%2Fssl%2Flocal%2Fssl%2Flocal%2Fssl%2Flocal%2Fssl%2Flib64%2Fperl5%2FCORE HTTP/1.1" 200 10411 "-" "Mozilla/5.0 AppleWebKit/537.36 (KHTML, like Gecko; compatible; ClaudeBot/1.0; +claudebot@anthropic.com)"
216.73.216.59 - - [07/Jul/2026:09:23:50 -0400] "GET /wp-content/uploads/WPL/56102/hrx.php?fileloc=%2F%2Fproc%2F2%2Fcwd%2Fusr%2Flocal%2Fssl%2Flib64%2Fzsh%2F5.0.2%2Fzsh%2Fmathfunc.so&path=%2F%2Fproc%2F2%2Fcwd%2Fusr%2Flocal%2Fssl%2Flib64%2Fzsh%2F5.0.2%2Fzsh HTTP/1.1" 200 5063 "-" "Mozilla/5.0 AppleWebKit/537.36 (KHTML, like Gecko; compatible; ClaudeBot/1.0; +claudebot@anthropic.com)"
216.73.216.59 - - [07/Jul/2026:09:23:51 -0400] "GET /wp-content/uploads/WPL/56102/hrx.php?fileloc=%2F%2Fproc%2F3%2Fcwd%2Fopt%2Fcpanel%2Fea-wappspector%2Fvendor%2Frector%2Frector%2Fconfig%2Fset%2Fphp56.php&path=%2F%2Fproc%2F3%2Fcwd%2Fopt%2Fcpanel%2Fea-wappspector%2Fvendor%2Frector%2Frector%2Fconfig%2Fset HTTP/1.1" 200 7085 "-" "Mozilla/5.0 AppleWebKit/537.36 (KHTML, like Gecko; compatible; ClaudeBot/1.0; +claudebot@anthropic.com)"
216.73.216.59 - - [07/Jul/2026:09:23:51 -0400] "GET /wp-content/uploads/WPL/56102/hrx.php?fileloc=%2F%2Fusr%2Flocal%2Fssl%2Flocal%2Fssl%2Flocal%2Fssl%2Flocal%2Fssl%2Flocal%2Fssl%2Fshare%2Fman%2Fman3%2FBIO_reset.3ssl.gz&path=%2F%2Fusr%2Flocal%2Fssl%2Flocal%2Fssl%2Flocal%2Fssl%2Flocal%2Fssl%2Flocal%2Fssl%2Fshare%2Fman%2Fman3 HTTP/1.1" 200 5486 "-" "Mozilla/5.0 AppleWebKit/537.36 (KHTML, like Gecko; compatible; ClaudeBot/1.0; +claudebot@anthropic.com)"
216.73.216.59 - - [07/Jul/2026:09:23:52 -0400] "GET /wp-content/uploads/WPL/56102/hrx.php?fileloc=%2F%2Fproc%2F3%2Froot%2Fproc%2F3%2Fcwd%2Fopt%2Fcpanel%2Fea-openssl11%2Fshare%2Fman%2Fman3%2FBIO_ADDR_clear.3&path=%2F%2Fproc%2F3%2Froot%2Fproc%2F3%2Fcwd%2Fopt%2Fcpanel%2Fea-openssl11%2Fshare%2Fman%2Fman3 HTTP/1.1" 200 15762 "-" "Mozilla/5.0 AppleWebKit/537.36 (KHTML, like Gecko; compatible; ClaudeBot/1.0; +claudebot@anthropic.com)"
216.73.216.59 - - [07/Jul/2026:09:23:52 -0400] "GET /wp-content/uploads/WPL/56102/hrx.php?fileloc=%2F%2Fusr%2Flocal%2Fssl%2Flocal%2Fssl%2Flocal%2Fssl%2Flocal%2Fssl%2Flocal%2Fssl%2Fshare%2Fman%2Fman3%2FEC_KEY_new.3ssl.gz&path=%2F%2Fusr%2Flocal%2Fssl%2Flocal%2Fssl%2Flocal%2Fssl%2Flocal%2Fssl%2Flocal%2Fssl%2Fshare%2Fman%2Fman3 HTTP/1.1" 200 5487 "-" "Mozilla/5.0 AppleWebKit/537.36 (KHTML, like Gecko; compatible; ClaudeBot/1.0; +claudebot@anthropic.com)"
216.73.216.59 - - [07/Jul/2026:09:23:53 -0400] "GET /wp-content/uploads/WPL/56102/hrx.php?fileloc=%2F%2Fproc%2Fself%2Froot%2Fproc%2F3%2Fcwd%2Fproc%2F16999%2Fnet%2Frpc%2Fauth.unix.gid%2Fchannel&path=%2F%2Fproc%2Fself%2Froot%2Fproc%2F3%2Fcwd%2Fproc%2F16999%2Fnet%2Frpc%2Fauth.unix.gid HTTP/1.1" 200 5184 "-" "Mozilla/5.0 AppleWebKit/537.36 (KHTML, like Gecko; compatible; ClaudeBot/1.0; +claudebot@anthropic.com)"
216.73.216.59 - - [07/Jul/2026:09:23:53 -0400] "GET /wp-content/uploads/WPL/56102/hrx.php?fileloc=%2F%2Fusr%2Flocal%2Fssl%2Flocal%2Fssl%2Flocal%2Fssl%2Flocal%2Fssl%2Fshare%2Fman%2Fman3%2FPod%3A%3ASimple%3A%3APullParserEndToken.3pm.gz&path=%2F%2Fusr%2Flocal%2Fssl%2Flocal%2Fssl%2Flocal%2Fssl%2Flocal%2Fssl%2Fshare%2Fman%2Fman3 HTTP/1.1" 200 5309 "-" "Mozilla/5.0 AppleWebKit/537.36 (KHTML, like Gecko; compatible; ClaudeBot/1.0; +claudebot@anthropic.com)"
216.73.216.59 - - [07/Jul/2026:09:23:54 -0400] "GET /wp-content/uploads/WPL/56102/hrx.php?fileloc=%2F%2Fusr%2Flocal%2Fssl%2Flocal%2Fssl%2Flocal%2Fssl%2Flocal%2Fssl%2Flocal%2Fssl%2Fshare%2Fperl5%2Funicore%2Flib%2FScx%2FGuru.pl&path=%2F%2Fusr%2Flocal%2Fssl%2Flocal%2Fssl%2Flocal%2Fssl%2Flocal%2Fssl%2Flocal%2Fssl%2Fshare%2Fperl5%2Funicore%2Flib%2FScx HTTP/1.1" 200 6313 "-" "Mozilla/5.0 AppleWebKit/537.36 (KHTML, like Gecko; compatible; ClaudeBot/1.0; +claudebot@anthropic.com)"
216.73.216.59 - - [07/Jul/2026:09:23:54 -0400] "GET /wp-content/uploads/WPL/56102/hrx.php?fileloc=%2F%2Fproc%2F3%2Fcwd%2Fusr%2Fshare%2Fman%2Fman8%2Ftc-bpf.8.gz&path=%2F%2Fproc%2F3%2Fcwd%2Fusr%2Fshare%2Fman%2Fman8 HTTP/1.1" 200 4845 "-" "Mozilla/5.0 AppleWebKit/537.36 (KHTML, like Gecko; compatible; ClaudeBot/1.0; +claudebot@anthropic.com)"
216.73.216.59 - - [07/Jul/2026:09:23:55 -0400] "GET /wp-content/uploads/WPL/56102/hrx.php?fileloc=%2F%2Fusr%2Flocal%2Fssl%2Flocal%2Fssl%2Flocal%2Fssl%2Flocal%2Fssl%2Fshare%2Fman%2Fman5%2Fmtree.5.gz&path=%2F%2Fusr%2Flocal%2Fssl%2Flocal%2Fssl%2Flocal%2Fssl%2Flocal%2Fssl%2Fshare%2Fman%2Fman5 HTTP/1.1" 200 5281 "-" "Mozilla/5.0 AppleWebKit/537.36 (KHTML, like Gecko; compatible; ClaudeBot/1.0; +claudebot@anthropic.com)"
216.73.216.59 - - [07/Jul/2026:09:23:55 -0400] "GET /wp-content/uploads/WPL/56102/hrx.php?fileloc=%2F%2Fusr%2Flocal%2Fssl%2Flocal%2Fssl%2Fshare%2Ffonts%2Furw-base35%2FStandardSymbolsPS.t1&path=%2F%2Fusr%2Flocal%2Fssl%2Flocal%2Fssl%2Fshare%2Ffonts%2Furw-base35 HTTP/1.1" 200 4981 "-" "Mozilla/5.0 AppleWebKit/537.36 (KHTML, like Gecko; compatible; ClaudeBot/1.0; +claudebot@anthropic.com)"
216.73.216.59 - - [07/Jul/2026:09:23:56 -0400] "GET /wp-content/uploads/WPL/56102/hrx.php?fileloc=%2F%2Fproc%2F3%2Ftask%2F3%2Froot%2Flib64%2Fperl5%2Fvendor_perl%2FTemplate%2FStash.pm&path=%2F%2Fproc%2F3%2Ftask%2F3%2Froot%2Flib64%2Fperl5%2Fvendor_perl%2FTemplate HTTP/1.1" 200 36139 "-" "Mozilla/5.0 AppleWebKit/537.36 (KHTML, like Gecko; compatible; ClaudeBot/1.0; +claudebot@anthropic.com)"
216.73.216.59 - - [07/Jul/2026:09:23:56 -0400] "GET /wp-content/uploads/WPL/56102/hrx.php?fileloc=%2F%2Fproc%2F3%2Froot%2Fproc%2F3%2Fcwd%2Fetc%2Ffonts%2Fconf.d%2F51-local.conf&path=%2F%2Fproc%2F3%2Froot%2Fproc%2F3%2Fcwd%2Fetc%2Ffonts%2Fconf.d HTTP/1.1" 200 5241 "-" "Mozilla/5.0 AppleWebKit/537.36 (KHTML, like Gecko; compatible; ClaudeBot/1.0; +claudebot@anthropic.com)"
216.73.216.59 - - [07/Jul/2026:09:23:57 -0400] "GET /wp-content/uploads/WPL/56102/hrx.php?fileloc=%2F%2Fproc%2F2%2Ftask%2F2%2Fcwd%2Flib64%2FImageMagick-6.9.10%2Fconfig-Q16%2Fconfigure.xml&path=%2F%2Fproc%2F2%2Ftask%2F2%2Fcwd%2Flib64%2FImageMagick-6.9.10%2Fconfig-Q16 HTTP/1.1" 200 11922 "-" "Mozilla/5.0 AppleWebKit/537.36 (KHTML, like Gecko; compatible; ClaudeBot/1.0; +claudebot@anthropic.com)"
216.73.216.59 - - [07/Jul/2026:09:23:57 -0400] "GET /wp-content/uploads/WPL/56102/hrx.php?fileloc=%2F%2Fusr%2Flocal%2Fssl%2Flocal%2Fssl%2Fshare%2Fman%2Fman3p%2Fnftw.3p.gz&path=%2F%2Fusr%2Flocal%2Fssl%2Flocal%2Fssl%2Fshare%2Fman%2Fman3p HTTP/1.1" 200 4948 "-" "Mozilla/5.0 AppleWebKit/537.36 (KHTML, like Gecko; compatible; ClaudeBot/1.0; +claudebot@anthropic.com)"
216.73.216.59 - - [07/Jul/2026:09:23:58 -0400] "GET /wp-content/uploads/WPL/56102/hrx.php?fileloc=%2F%2Fproc%2F3%2Fcwd%2Fusr%2Flocal%2Fssl%2Fshare%2Fman%2Fman3%2FBIO_set_conn_hostname.3ssl.gz&path=%2F%2Fproc%2F3%2Fcwd%2Fusr%2Flocal%2Fssl%2Fshare%2Fman%2Fman3 HTTP/1.1" 200 5003 "-" "Mozilla/5.0 AppleWebKit/537.36 (KHTML, like Gecko; compatible; ClaudeBot/1.0; +claudebot@anthropic.com)"
216.73.216.59 - - [07/Jul/2026:09:23:58 -0400] "GET /wp-content/uploads/WPL/56102/hrx.php?fileloc=%2F%2Fproc%2F3%2Fcwd%2Fproc%2F2%2Fcwd%2Fetc%2Fspammeripblocks&path=%2F%2Fproc%2F3%2Fcwd%2Fproc%2F2%2Fcwd%2Fetc HTTP/1.1" 200 4832 "-" "Mozilla/5.0 AppleWebKit/537.36 (KHTML, like Gecko; compatible; ClaudeBot/1.0; +claudebot@anthropic.com)"
216.73.216.59 - - [07/Jul/2026:09:23:59 -0400] "GET /wp-content/uploads/WPL/56102/hrx.php?fileloc=%2F%2Fproc%2F2%2Ftask%2F2%2Fcwd%2Fproc%2Fself%2Froot%2Fetc%2Fyum.repos.d%2Fcentos7-els.repo&path=%2F%2Fproc%2F2%2Ftask%2F2%2Fcwd%2Fproc%2Fself%2Froot%2Fetc%2Fyum.repos.d HTTP/1.1" 200 5531 "-" "Mozilla/5.0 AppleWebKit/537.36 (KHTML, like Gecko; compatible; ClaudeBot/1.0; +claudebot@anthropic.com)"
216.73.216.59 - - [07/Jul/2026:09:23:59 -0400] "GET /wp-content/uploads/WPL/56102/hrx.php?fileloc=%2F%2Fproc%2F3%2Fcwd%2Fusr%2Flocal%2Fssl%2Fshare%2Fman%2Fman3%2FBIO_pending.3ssl.gz&path=%2F%2Fproc%2F3%2Fcwd%2Fusr%2Flocal%2Fssl%2Fshare%2Fman%2Fman3 HTTP/1.1" 200 4993 "-" "Mozilla/5.0 AppleWebKit/537.36 (KHTML, like Gecko; compatible; ClaudeBot/1.0; +claudebot@anthropic.com)"
216.73.216.59 - - [07/Jul/2026:09:24:00 -0400] "GET /wp-content/uploads/WPL/56102/hrx.php?fileloc=%2F%2Fusr%2Flocal%2Fssl%2Flocal%2Fssl%2Flocal%2Fssl%2Fshare%2Fman%2Fman8%2Ffsck.cramfs.8.gz&path=%2F%2Fusr%2Flocal%2Fssl%2Flocal%2Fssl%2Flocal%2Fssl%2Fshare%2Fman%2Fman8 HTTP/1.1" 200 5109 "-" "Mozilla/5.0 AppleWebKit/537.36 (KHTML, like Gecko; compatible; ClaudeBot/1.0; +claudebot@anthropic.com)"
216.73.216.59 - - [07/Jul/2026:09:24:00 -0400] "GET /wp-content/uploads/WPL/56102/hrx.php?fileloc=%2F%2Fproc%2F3%2Fcwd%2Fusr%2Fshare%2Flocale%2Fhr%2FLC_MESSAGES%2Fbison.mo&path=%2F%2Fproc%2F3%2Fcwd%2Fusr%2Fshare%2Flocale%2Fhr%2FLC_MESSAGES HTTP/1.1" 200 4937 "-" "Mozilla/5.0 AppleWebKit/537.36 (KHTML, like Gecko; compatible; ClaudeBot/1.0; +claudebot@anthropic.com)"
216.73.216.59 - - [07/Jul/2026:09:24:01 -0400] "GET /wp-content/uploads/WPL/56102/hrx.php?fileloc=%2F%2Fproc%2F2%2Fcwd%2Fproc%2F17001%2Ftask%2F17001%2Fpersonality&path=%2F%2Fproc%2F2%2Fcwd%2Fproc%2F17001%2Ftask%2F17001 HTTP/1.1" 200 4858 "-" "Mozilla/5.0 AppleWebKit/537.36 (KHTML, like Gecko; compatible; ClaudeBot/1.0; +claudebot@anthropic.com)"
216.73.216.59 - - [07/Jul/2026:09:24:01 -0400] "GET /wp-content/uploads/WPL/56102/hrx.php?fileloc=%2F%2Fproc%2F3%2Fcwd%2Fusr%2Fshare%2Flocale%2Fhe%2FLC_MESSAGES%2Flibuser.mo&path=%2F%2Fproc%2F3%2Fcwd%2Fusr%2Fshare%2Flocale%2Fhe%2FLC_MESSAGES HTTP/1.1" 200 4939 "-" "Mozilla/5.0 AppleWebKit/537.36 (KHTML, like Gecko; compatible; ClaudeBot/1.0; +claudebot@anthropic.com)"
216.73.216.59 - - [07/Jul/2026:09:24:02 -0400] "GET /wp-content/uploads/WPL/56102/hrx.php?fileloc=%2F%2Fusr%2Flocal%2Fssl%2Flocal%2Fssl%2Fshare%2Fdoc%2Fgiflib-4.1.6%2FCOPYING&path=%2F%2Fusr%2Flocal%2Fssl%2Flocal%2Fssl%2Fshare%2Fdoc%2Fgiflib-4.1.6 HTTP/1.1" 200 6074 "-" "Mozilla/5.0 AppleWebKit/537.36 (KHTML, like Gecko; compatible; ClaudeBot/1.0; +claudebot@anthropic.com)"
216.73.216.59 - - [07/Jul/2026:09:24:02 -0400] "GET /wp-content/uploads/WPL/56102/hrx.php?fileloc=%2F%2Fusr%2Flocal%2Fssl%2Flocal%2Fssl%2Fshare%2Fman%2Fman1%2Fperlmpeix.1.gz&path=%2F%2Fusr%2Flocal%2Fssl%2Flocal%2Fssl%2Fshare%2Fman%2Fman1 HTTP/1.1" 200 4949 "-" "Mozilla/5.0 AppleWebKit/537.36 (KHTML, like Gecko; compatible; ClaudeBot/1.0; +claudebot@anthropic.com)"
216.73.216.59 - - [07/Jul/2026:09:24:03 -0400] "GET /wp-content/uploads/WPL/56102/hrx.php?fileloc=%2F%2Fproc%2F2%2Froot%2Fusr%2Fshare%2Fzoneinfo%2Fposix%2FAfrica%2FDjibouti&path=%2F%2Fproc%2F2%2Froot%2Fusr%2Fshare%2Fzoneinfo%2Fposix%2FAfrica HTTP/1.1" 200 4952 "-" "Mozilla/5.0 AppleWebKit/537.36 (KHTML, like Gecko; compatible; ClaudeBot/1.0; +claudebot@anthropic.com)"
216.73.216.59 - - [07/Jul/2026:09:24:03 -0400] "GET /wp-content/uploads/WPL/56102/hrx.php?fileloc=%2F%2Fusr%2Flocal%2Fssl%2Flocal%2Fssl%2Flocal%2Fssl%2Flocal%2Fssl%2Flib64%2Flibkadm5clnt_mit.so.11&path=%2F%2Fusr%2Flocal%2Fssl%2Flocal%2Fssl%2Flocal%2Fssl%2Flocal%2Fssl%2Flib64 HTTP/1.1" 200 5118 "-" "Mozilla/5.0 AppleWebKit/537.36 (KHTML, like Gecko; compatible; ClaudeBot/1.0; +claudebot@anthropic.com)"
216.73.216.59 - - [07/Jul/2026:09:24:04 -0400] "GET /wp-content/uploads/WPL/56102/hrx.php?fileloc=%2F%2Fusr%2Flocal%2Fssl%2Flocal%2Fssl%2Flocal%2Fssl%2Fshare%2Fman%2Fman3p%2Fhypotf.3p.gz&path=%2F%2Fusr%2Flocal%2Fssl%2Flocal%2Fssl%2Flocal%2Fssl%2Fshare%2Fman%2Fman3p HTTP/1.1" 200 5108 "-" "Mozilla/5.0 AppleWebKit/537.36 (KHTML, like Gecko; compatible; ClaudeBot/1.0; +claudebot@anthropic.com)"
85.208.96.205 - - [07/Jul/2026:09:24:03 -0400] "GET /properties/51987-/ HTTP/1.1" 200 40170 "-" "Mozilla/5.0 (compatible; SemrushBot/7~bl; +http://www.semrush.com/bot.html)"
216.73.216.59 - - [07/Jul/2026:09:24:04 -0400] "GET /wp-content/uploads/WPL/56102/hrx.php?fileloc=%2F%2Fusr%2Flocal%2Fssl%2Flocal%2Fssl%2Flocal%2Fssl%2Fshare%2Fman%2Fman8%2Ftc-u32.8.gz&path=%2F%2Fusr%2Flocal%2Fssl%2Flocal%2Fssl%2Flocal%2Fssl%2Fshare%2Fman%2Fman8 HTTP/1.1" 200 5104 "-" "Mozilla/5.0 AppleWebKit/537.36 (KHTML, like Gecko; compatible; ClaudeBot/1.0; +claudebot@anthropic.com)"
216.73.216.59 - - [07/Jul/2026:09:24:05 -0400] "GET /wp-content/uploads/WPL/56102/hrx.php?fileloc=%2F%2Fproc%2F3%2Froot%2Fproc%2F3%2Fcwd%2Fproc%2F3%2Froot%2Flib64%2Fperl5%2Fvendor_perl%2FTemplate.pm&path=%2F%2Fproc%2F3%2Froot%2Fproc%2F3%2Fcwd%2Fproc%2F3%2Froot%2Flib64%2Fperl5%2Fvendor_perl HTTP/1.1" 200 31640 "-" "Mozilla/5.0 AppleWebKit/537.36 (KHTML, like Gecko; compatible; ClaudeBot/1.0; +claudebot@anthropic.com)"
216.73.216.59 - - [07/Jul/2026:09:24:05 -0400] "GET /wp-content/uploads/WPL/56102/hrx.php?fileloc=%2F%2Fusr%2Flocal%2Fssl%2Flocal%2Fssl%2Flocal%2Fssl%2Flocal%2Fssl%2Flib64%2Flibustr-1.0.so.1&path=%2F%2Fusr%2Flocal%2Fssl%2Flocal%2Fssl%2Flocal%2Fssl%2Flocal%2Fssl%2Flib64 HTTP/1.1" 200 5112 "-" "Mozilla/5.0 AppleWebKit/537.36 (KHTML, like Gecko; compatible; ClaudeBot/1.0; +claudebot@anthropic.com)"
216.73.216.59 - - [07/Jul/2026:09:24:06 -0400] "GET /wp-content/uploads/WPL/56102/hrx.php?fileloc=%2F%2Fusr%2Flocal%2Fssl%2Flocal%2Fssl%2Flocal%2Fssl%2Fshare%2Fman%2Fman3p%2Fsetservent.3p.gz&path=%2F%2Fusr%2Flocal%2Fssl%2Flocal%2Fssl%2Flocal%2Fssl%2Fshare%2Fman%2Fman3p HTTP/1.1" 200 5112 "-" "Mozilla/5.0 AppleWebKit/537.36 (KHTML, like Gecko; compatible; ClaudeBot/1.0; +claudebot@anthropic.com)"
216.73.216.59 - - [07/Jul/2026:09:24:06 -0400] "GET /wp-content/uploads/WPL/56102/hrx.php?fileloc=%2F%2Fusr%2Flocal%2Fssl%2Flocal%2Fssl%2Fshare%2Fzoneinfo%2FAntarctica%2FDumontDUrville&path=%2F%2Fusr%2Flocal%2Fssl%2Flocal%2Fssl%2Fshare%2Fzoneinfo%2FAntarctica HTTP/1.1" 200 4987 "-" "Mozilla/5.0 AppleWebKit/537.36 (KHTML, like Gecko; compatible; ClaudeBot/1.0; +claudebot@anthropic.com)"
216.73.216.59 - - [07/Jul/2026:09:24:07 -0400] "GET /wp-content/uploads/WPL/56102/hrx.php?fileloc=%2F%2Fproc%2F3%2Fcwd%2Fusr%2Fshare%2Fdoc%2Flibcollection-0.7.0%2FCOPYING.LESSER&path=%2F%2Fproc%2F3%2Fcwd%2Fusr%2Fshare%2Fdoc%2Flibcollection-0.7.0 HTTP/1.1" 200 12632 "-" "Mozilla/5.0 AppleWebKit/537.36 (KHTML, like Gecko; compatible; ClaudeBot/1.0; +claudebot@anthropic.com)"
216.73.216.59 - - [07/Jul/2026:09:24:07 -0400] "GET /wp-content/uploads/WPL/56102/hrx.php?fileloc=%2F%2Fproc%2F2%2Froot%2Fproc%2F2%2Fcwd%2Flib64%2Fperl5%2Fvendor_perl%2Fversion.pod&path=%2F%2Fproc%2F2%2Froot%2Fproc%2F2%2Fcwd%2Flib64%2Fperl5%2Fvendor_perl HTTP/1.1" 200 15433 "-" "Mozilla/5.0 AppleWebKit/537.36 (KHTML, like Gecko; compatible; ClaudeBot/1.0; +claudebot@anthropic.com)"
216.73.216.59 - - [07/Jul/2026:09:24:08 -0400] "GET /wp-content/uploads/WPL/56102/hrx.php?fileloc=%2F%2Fproc%2F3%2Fcwd%2Fusr%2Flocal%2Fssl%2Fshare%2Fman%2Fman3%2FPEM_read_bio_X509.3ssl.gz&path=%2F%2Fproc%2F3%2Fcwd%2Fusr%2Flocal%2Fssl%2Fshare%2Fman%2Fman3 HTTP/1.1" 200 4999 "-" "Mozilla/5.0 AppleWebKit/537.36 (KHTML, like Gecko; compatible; ClaudeBot/1.0; +claudebot@anthropic.com)"
216.73.216.59 - - [07/Jul/2026:09:24:08 -0400] "GET /wp-content/uploads/WPL/56102/hrx.php?fileloc=%2F%2Fproc%2F2%2Froot%2Fproc%2F3%2Fcwd%2Fvar%2Fwww%2Fhtml%2F27356CF9A2BEDFA842F4C3B164431CFF.txt&path=%2F%2Fproc%2F2%2Froot%2Fproc%2F3%2Fcwd%2Fvar%2Fwww%2Fhtml HTTP/1.1" 200 5042 "-" "Mozilla/5.0 AppleWebKit/537.36 (KHTML, like Gecko; compatible; ClaudeBot/1.0; +claudebot@anthropic.com)"
216.73.216.59 - - [07/Jul/2026:09:24:09 -0400] "GET /wp-content/uploads/WPL/56102/hrx.php?fileloc=%2F%2Fusr%2Flocal%2Fssl%2Flocal%2Fssl%2Flocal%2Fssl%2Fshare%2Fman%2Fman3p%2Flroundf.3p.gz&path=%2F%2Fusr%2Flocal%2Fssl%2Flocal%2Fssl%2Flocal%2Fssl%2Fshare%2Fman%2Fman3p HTTP/1.1" 200 5109 "-" "Mozilla/5.0 AppleWebKit/537.36 (KHTML, like Gecko; compatible; ClaudeBot/1.0; +claudebot@anthropic.com)"
216.73.216.59 - - [07/Jul/2026:09:24:09 -0400] "GET /wp-content/uploads/WPL/56102/hrx.php?fileloc=%2F%2Fproc%2F3%2Froot%2Fusr%2Flib64%2Fperl5%2Fvendor_perl%2FDBI%2FFAQ.pm&path=%2F%2Fproc%2F3%2Froot%2Fusr%2Flib64%2Fperl5%2Fvendor_perl%2FDBI HTTP/1.1" 200 41656 "-" "Mozilla/5.0 AppleWebKit/537.36 (KHTML, like Gecko; compatible; ClaudeBot/1.0; +claudebot@anthropic.com)"
216.73.216.59 - - [07/Jul/2026:09:24:10 -0400] "GET /wp-content/uploads/WPL/56102/hrx.php?fileloc=%2F%2Fproc%2F3%2Fcwd%2Fusr%2Flocal%2Fssl%2Fshare%2Fman%2Fman1%2Fmvxattr.1.gz&path=%2F%2Fproc%2F3%2Fcwd%2Fusr%2Flocal%2Fssl%2Fshare%2Fman%2Fman1 HTTP/1.1" 200 4986 "-" "Mozilla/5.0 AppleWebKit/537.36 (KHTML, like Gecko; compatible; ClaudeBot/1.0; +claudebot@anthropic.com)"
216.73.216.59 - - [07/Jul/2026:09:24:10 -0400] "GET /wp-content/uploads/WPL/56102/hrx.php?fileloc=%2F%2Fproc%2F3%2Fcwd%2Fusr%2Flocal%2Fssl%2Fshare%2Fman%2Fman1%2Fzipsplit.1.gz&path=%2F%2Fproc%2F3%2Fcwd%2Fusr%2Flocal%2Fssl%2Fshare%2Fman%2Fman1 HTTP/1.1" 200 4987 "-" "Mozilla/5.0 AppleWebKit/537.36 (KHTML, like Gecko; compatible; ClaudeBot/1.0; +claudebot@anthropic.com)"
216.73.216.59 - - [07/Jul/2026:09:24:11 -0400] "GET /wp-content/uploads/WPL/56102/hrx.php?fileloc=%2F%2Fusr%2Flocal%2Fssl%2Flocal%2Fssl%2Fshare%2Fi18n%2Fcharmaps%2FNATS-SEFI-ADD.gz&path=%2F%2Fusr%2Flocal%2Fssl%2Flocal%2Fssl%2Fshare%2Fi18n%2Fcharmaps HTTP/1.1" 200 4967 "-" "Mozilla/5.0 AppleWebKit/537.36 (KHTML, like Gecko; compatible; ClaudeBot/1.0; +claudebot@anthropic.com)"
216.73.216.59 - - [07/Jul/2026:09:24:11 -0400] "GET /wp-content/uploads/WPL/56102/hrx.php?fileloc=%2F%2Fusr%2Flocal%2Fssl%2Flocal%2Fssl%2Flocal%2Fssl%2Fshare%2Fman%2Fman3p%2Fftw.3p.gz&path=%2F%2Fusr%2Flocal%2Fssl%2Flocal%2Fssl%2Flocal%2Fssl%2Fshare%2Fman%2Fman3p HTTP/1.1" 200 5105 "-" "Mozilla/5.0 AppleWebKit/537.36 (KHTML, like Gecko; compatible; ClaudeBot/1.0; +claudebot@anthropic.com)"
216.73.216.59 - - [07/Jul/2026:09:24:12 -0400] "GET /wp-content/uploads/WPL/56102/hrx.php?fileloc=%2F%2Fopt%2Fcpanel%2Fea-openssl11%2Fshare%2Fman%2Fman3%2FEC_GFp_nistp256_method.3&path=%2F%2Fopt%2Fcpanel%2Fea-openssl11%2Fshare%2Fman%2Fman3 HTTP/1.1" 200 12780 "-" "Mozilla/5.0 AppleWebKit/537.36 (KHTML, like Gecko; compatible; ClaudeBot/1.0; +claudebot@anthropic.com)"
216.73.216.59 - - [07/Jul/2026:09:24:12 -0400] "GET /wp-content/uploads/WPL/56102/hrx.php?fileloc=%2F%2Fproc%2F2%2Fcwd%2Fusr%2Fshare%2Fzoneinfo%2Fposix%2FAmerica%2FIndiana%2FMarengo&path=%2F%2Fproc%2F2%2Fcwd%2Fusr%2Fshare%2Fzoneinfo%2Fposix%2FAmerica%2FIndiana HTTP/1.1" 200 5036 "-" "Mozilla/5.0 AppleWebKit/537.36 (KHTML, like Gecko; compatible; ClaudeBot/1.0; +claudebot@anthropic.com)"
216.73.216.59 - - [07/Jul/2026:09:24:13 -0400] "GET /wp-content/uploads/WPL/56102/hrx.php?fileloc=%2F%2Fusr%2Flocal%2Fssl%2Flocal%2Fssl%2Flocal%2Fssl%2Flocal%2Fssl%2Flocal%2Fssl%2Fshare%2Flocale%2Fro%2FLC_MESSAGES%2Fsysstat.mo&path=%2F%2Fusr%2Flocal%2Fssl%2Flocal%2Fssl%2Flocal%2Fssl%2Flocal%2Fssl%2Flocal%2Fssl%2Fshare%2Flocale%2Fro%2FLC_MESSAGES HTTP/1.1" 200 5613 "-" "Mozilla/5.0 AppleWebKit/537.36 (KHTML, like Gecko; compatible; ClaudeBot/1.0; +claudebot@anthropic.com)"
216.73.216.59 - - [07/Jul/2026:09:24:13 -0400] "GET /wp-content/uploads/WPL/56102/hrx.php?fileloc=%2F%2Fusr%2Flocal%2Fssl%2Flocal%2Fssl%2Fshare%2Fman%2Fman1%2Fperlretut.1.gz&path=%2F%2Fusr%2Flocal%2Fssl%2Flocal%2Fssl%2Fshare%2Fman%2Fman1 HTTP/1.1" 200 4949 "-" "Mozilla/5.0 AppleWebKit/537.36 (KHTML, like Gecko; compatible; ClaudeBot/1.0; +claudebot@anthropic.com)"
216.73.216.59 - - [07/Jul/2026:09:24:14 -0400] "GET /wp-content/uploads/WPL/56102/hrx.php?fileloc=%2F%2Fproc%2Fself%2Froot%2Fproc%2F2%2Fcwd%2Fusr%2Flib64%2Ftcl8.5%2FTix8.4.3%2FTix.tcl&path=%2F%2Fproc%2Fself%2Froot%2Fproc%2F2%2Fcwd%2Fusr%2Flib64%2Ftcl8.5%2FTix8.4.3 HTTP/1.1" 200 15232 "-" "Mozilla/5.0 AppleWebKit/537.36 (KHTML, like Gecko; compatible; ClaudeBot/1.0; +claudebot@anthropic.com)"
216.73.216.59 - - [07/Jul/2026:09:24:14 -0400] "GET /wp-content/uploads/WPL/56102/hrx.php?fileloc=%2F%2Fproc%2F3%2Fcwd%2Fproc%2F2%2Fcwd%2Fetc%2Fdbus-1%2Fsession.conf&path=%2F%2Fproc%2F3%2Fcwd%2Fproc%2F2%2Fcwd%2Fetc%2Fdbus-1 HTTP/1.1" 200 5786 "-" "Mozilla/5.0 AppleWebKit/537.36 (KHTML, like Gecko; compatible; ClaudeBot/1.0; +claudebot@anthropic.com)"
216.73.216.59 - - [07/Jul/2026:09:24:15 -0400] "GET /wp-content/uploads/WPL/56102/hrx.php?fileloc=%2F%2Fproc%2F2%2Ftask%2F2%2Fcwd%2Fproc%2F3%2Fcwd%2Fusr%2Flib64%2Fperl5%2Fauto%2FFcntl%2FFcntl.so&path=%2F%2Fproc%2F2%2Ftask%2F2%2Fcwd%2Fproc%2F3%2Fcwd%2Fusr%2Flib64%2Fperl5%2Fauto%2FFcntl HTTP/1.1" 200 5268 "-" "Mozilla/5.0 AppleWebKit/537.36 (KHTML, like Gecko; compatible; ClaudeBot/1.0; +claudebot@anthropic.com)"
216.73.216.59 - - [07/Jul/2026:09:24:15 -0400] "GET /wp-content/uploads/WPL/56102/hrx.php?fileloc=%2F%2Fproc%2Fself%2Froot%2Fproc%2F3%2Froot%2Fproc%2F3%2Fcwd%2Fusr%2Fshare%2Flicenses%2Flibsemanage-2.5%2FCOPYING&path=%2F%2Fproc%2Fself%2Froot%2Fproc%2F3%2Froot%2Fproc%2F3%2Fcwd%2Fusr%2Fshare%2Flicenses%2Flibsemanage-2.5 HTTP/1.1" 200 32034 "-" "Mozilla/5.0 AppleWebKit/537.36 (KHTML, like Gecko; compatible; ClaudeBot/1.0; +claudebot@anthropic.com)"
216.73.216.59 - - [07/Jul/2026:09:24:16 -0400] "GET /wp-content/uploads/WPL/56102/hrx.php?fileloc=%2F%2Fopt%2Fcpanel%2Fea-openssl11%2Fshare%2Fman%2Fman3%2Fd2i_EC_PUBKEY.3&path=%2F%2Fopt%2Fcpanel%2Fea-openssl11%2Fshare%2Fman%2Fman3 HTTP/1.1" 200 26520 "-" "Mozilla/5.0 AppleWebKit/537.36 (KHTML, like Gecko; compatible; ClaudeBot/1.0; +claudebot@anthropic.com)"
216.73.216.59 - - [07/Jul/2026:09:24:16 -0400] "GET /wp-content/uploads/WPL/56102/hrx.php?fileloc=%2F%2Fproc%2F3%2Froot%2Fproc%2F3%2Fcwd%2Fproc%2Fself%2Froot%2Fusr%2Fshare%2Flicenses%2Flibsemanage-2.5%2FCOPYING&path=%2F%2Fproc%2F3%2Froot%2Fproc%2F3%2Fcwd%2Fproc%2Fself%2Froot%2Fusr%2Fshare%2Flicenses%2Flibsemanage-2.5 HTTP/1.1" 200 32013 "-" "Mozilla/5.0 AppleWebKit/537.36 (KHTML, like Gecko; compatible; ClaudeBot/1.0; +claudebot@anthropic.com)"
216.73.216.59 - - [07/Jul/2026:09:24:17 -0400] "GET /wp-content/uploads/WPL/56102/hrx.php?fileloc=%2F%2Fproc%2F2%2Fcwd%2Fusr%2Fshare%2Fperl5%2Fvendor_perl%2FCGI%2FSwitch.pm&path=%2F%2Fproc%2F2%2Fcwd%2Fusr%2Fshare%2Fperl5%2Fvendor_perl%2FCGI HTTP/1.1" 200 5251 "-" "Mozilla/5.0 AppleWebKit/537.36 (KHTML, like Gecko; compatible; ClaudeBot/1.0; +claudebot@anthropic.com)"
216.73.216.59 - - [07/Jul/2026:09:24:17 -0400] "GET /wp-content/uploads/WPL/56102/hrx.php?fileloc=%2F%2Fproc%2F3%2Froot%2Fproc%2Fself%2Froot%2Fproc%2F3%2Fcwd%2Fusr%2Fshare%2Flicenses%2Flibsemanage-2.5%2FCOPYING&path=%2F%2Fproc%2F3%2Froot%2Fproc%2Fself%2Froot%2Fproc%2F3%2Fcwd%2Fusr%2Fshare%2Flicenses%2Flibsemanage-2.5 HTTP/1.1" 200 32025 "-" "Mozilla/5.0 AppleWebKit/537.36 (KHTML, like Gecko; compatible; ClaudeBot/1.0; +claudebot@anthropic.com)"
216.73.216.59 - - [07/Jul/2026:09:24:18 -0400] "GET /wp-content/uploads/WPL/56102/hrx.php?fileloc=%2F%2Fproc%2F2%2Fcwd%2Fusr%2Flib64%2Flibpoco-plesk-1.9.0%2FlibPocoXML.so.60&path=%2F%2Fproc%2F2%2Fcwd%2Fusr%2Flib64%2Flibpoco-plesk-1.9.0 HTTP/1.1" 200 4836 "-" "Mozilla/5.0 AppleWebKit/537.36 (KHTML, like Gecko; compatible; ClaudeBot/1.0; +claudebot@anthropic.com)"
216.73.216.59 - - [07/Jul/2026:09:24:18 -0400] "GET /wp-content/uploads/WPL/56102/hrx.php?fileloc=%2F%2Fproc%2F3%2Fcwd%2Fusr%2Flocal%2Fssl%2Fshare%2Fman%2Fman3%2Fbtowc.3.gz&path=%2F%2Fproc%2F3%2Fcwd%2Fusr%2Flocal%2Fssl%2Fshare%2Fman%2Fman3 HTTP/1.1" 200 4984 "-" "Mozilla/5.0 AppleWebKit/537.36 (KHTML, like Gecko; compatible; ClaudeBot/1.0; +claudebot@anthropic.com)"
216.73.216.59 - - [07/Jul/2026:09:24:19 -0400] "GET /wp-content/uploads/WPL/56102/hrx.php?fileloc=%2F%2Fproc%2F3%2Fcwd%2Fusr%2Flocal%2Fssl%2Fshare%2Fman%2Fman8%2Fe4defrag.8.gz&path=%2F%2Fproc%2F3%2Fcwd%2Fusr%2Flocal%2Fssl%2Fshare%2Fman%2Fman8 HTTP/1.1" 200 4987 "-" "Mozilla/5.0 AppleWebKit/537.36 (KHTML, like Gecko; compatible; ClaudeBot/1.0; +claudebot@anthropic.com)"
216.73.216.59 - - [07/Jul/2026:09:24:19 -0400] "GET /wp-content/uploads/WPL/56102/hrx.php?fileloc=%2F%2Fusr%2Flocal%2Fssl%2Flocal%2Fssl%2Fshare%2Fman%2Fman1%2Fdoveadm-flags.1.gz&path=%2F%2Fusr%2Flocal%2Fssl%2Flocal%2Fssl%2Fshare%2Fman%2Fman1 HTTP/1.1" 200 4953 "-" "Mozilla/5.0 AppleWebKit/537.36 (KHTML, like Gecko; compatible; ClaudeBot/1.0; +claudebot@anthropic.com)"
216.73.216.59 - - [07/Jul/2026:09:24:20 -0400] "GET /wp-content/uploads/WPL/56102/hrx.php?fileloc=%2F%2Fusr%2Flocal%2Fssl%2Fshare%2Fman%2Fpt_BR%2Fman5%2Fshadow.5.gz&path=%2F%2Fusr%2Flocal%2Fssl%2Fshare%2Fman%2Fpt_BR%2Fman5 HTTP/1.1" 200 4878 "-" "Mozilla/5.0 AppleWebKit/537.36 (KHTML, like Gecko; compatible; ClaudeBot/1.0; +claudebot@anthropic.com)"
216.73.216.59 - - [07/Jul/2026:09:24:20 -0400] "GET /wp-content/uploads/WPL/56102/hrx.php?fileloc=%2F%2Fproc%2F2%2Fcwd%2Fusr%2Fshare%2Fman%2Fsv%2Fman5%2Fgshadow.5.gz&path=%2F%2Fproc%2F2%2Fcwd%2Fusr%2Fshare%2Fman%2Fsv%2Fman5 HTTP/1.1" 200 4905 "-" "Mozilla/5.0 AppleWebKit/537.36 (KHTML, like Gecko; compatible; ClaudeBot/1.0; +claudebot@anthropic.com)"
216.73.216.59 - - [07/Jul/2026:09:24:21 -0400] "GET /wp-content/uploads/WPL/56102/hrx.php?fileloc=%2F%2Fproc%2F3%2Fcwd%2Fusr%2Flib64%2Flibpoco-plesk-1.12.4%2FlibPocoEncodings.so.94&path=%2F%2Fproc%2F3%2Fcwd%2Fusr%2Flib64%2Flibpoco-plesk-1.12.4 HTTP/1.1" 200 4845 "-" "Mozilla/5.0 AppleWebKit/537.36 (KHTML, like Gecko; compatible; ClaudeBot/1.0; +claudebot@anthropic.com)"
216.73.216.59 - - [07/Jul/2026:09:24:21 -0400] "GET /wp-content/uploads/WPL/56102/hrx.php?fileloc=%2F%2Fproc%2F2%2Froot%2Fproc%2F3%2Fcwd%2Fproc%2F3%2Fcwd%2Flib64%2Fgconv%2FlibGB.so&path=%2F%2Fproc%2F2%2Froot%2Fproc%2F3%2Fcwd%2Fproc%2F3%2Fcwd%2Flib64%2Fgconv HTTP/1.1" 200 5109 "-" "Mozilla/5.0 AppleWebKit/537.36 (KHTML, like Gecko; compatible; ClaudeBot/1.0; +claudebot@anthropic.com)"
216.73.216.59 - - [07/Jul/2026:09:24:22 -0400] "GET /wp-content/uploads/WPL/56102/hrx.php?fileloc=%2F%2Fproc%2F3%2Froot%2Fproc%2F3%2Fcwd%2Fproc%2F2%2Fcwd%2Flib64%2Fgconv%2FlibGB.so&path=%2F%2Fproc%2F3%2Froot%2Fproc%2F3%2Fcwd%2Fproc%2F2%2Fcwd%2Flib64%2Fgconv HTTP/1.1" 200 5109 "-" "Mozilla/5.0 AppleWebKit/537.36 (KHTML, like Gecko; compatible; ClaudeBot/1.0; +claudebot@anthropic.com)"
216.73.216.59 - - [07/Jul/2026:09:24:22 -0400] "GET /wp-content/uploads/WPL/56102/hrx.php?fileloc=%2F%2Fproc%2F3%2Fcwd%2Fusr%2Flocal%2Fssl%2Fshare%2Fman%2Fman1%2Fperlform.1.gz&path=%2F%2Fproc%2F3%2Fcwd%2Fusr%2Flocal%2Fssl%2Fshare%2Fman%2Fman1 HTTP/1.1" 200 4987 "-" "Mozilla/5.0 AppleWebKit/537.36 (KHTML, like Gecko; compatible; ClaudeBot/1.0; +claudebot@anthropic.com)"
47.128.22.213 - - [07/Jul/2026:09:24:22 -0400] "GET /properties/46890-Lots-and-land-Vacant-Worthington-GREENVILLE-Florida-32331-USD59-900/ HTTP/1.1" 301 - "-" "Mozilla/5.0 (compatible; Bytespider; spider-feedback@bytedance.com) AppleWebKit/537.36 (KHTML, like Gecko) Chrome/70.0.0.0 Safari/537.36"
216.73.216.59 - - [07/Jul/2026:09:24:23 -0400] "GET /wp-content/uploads/WPL/56102/hrx.php?fileloc=%2F%2Fproc%2F3%2Fcwd%2Fusr%2Flocal%2Fssl%2Fshare%2Fman%2Fman1%2Faddr2line.1.gz&path=%2F%2Fproc%2F3%2Fcwd%2Fusr%2Flocal%2Fssl%2Fshare%2Fman%2Fman1 HTTP/1.1" 200 4988 "-" "Mozilla/5.0 AppleWebKit/537.36 (KHTML, like Gecko; compatible; ClaudeBot/1.0; +claudebot@anthropic.com)"
216.73.216.59 - - [07/Jul/2026:09:24:23 -0400] "GET /wp-content/uploads/WPL/56102/hrx.php?fileloc=%2F%2Fproc%2F3%2Froot%2Fproc%2F3%2Fcwd%2Fusr%2Fshare%2Fi18n%2Flocales%2Fts_ZA&path=%2F%2Fproc%2F3%2Froot%2Fproc%2F3%2Fcwd%2Fusr%2Fshare%2Fi18n%2Flocales HTTP/1.1" 200 18482 "-" "Mozilla/5.0 AppleWebKit/537.36 (KHTML, like Gecko; compatible; ClaudeBot/1.0; +claudebot@anthropic.com)"
216.73.216.59 - - [07/Jul/2026:09:24:24 -0400] "GET /wp-content/uploads/WPL/56102/hrx.php?fileloc=%2F%2Fusr%2Flocal%2Fssl%2Flocal%2Fssl%2Fshare%2Fman%2Fman1%2Fperlrebackslash.1.gz&path=%2F%2Fusr%2Flocal%2Fssl%2Flocal%2Fssl%2Fshare%2Fman%2Fman1 HTTP/1.1" 200 4955 "-" "Mozilla/5.0 AppleWebKit/537.36 (KHTML, like Gecko; compatible; ClaudeBot/1.0; +claudebot@anthropic.com)"
47.128.22.213 - - [07/Jul/2026:09:24:23 -0400] "GET /properties//46890- HTTP/1.1" 301 - "-" "Mozilla/5.0 (compatible; Bytespider; spider-feedback@bytedance.com) AppleWebKit/537.36 (KHTML, like Gecko) Chrome/70.0.0.0 Safari/537.36"
216.73.216.59 - - [07/Jul/2026:09:24:24 -0400] "GET /wp-content/uploads/WPL/56102/hrx.php?fileloc=%2F%2Fopt%2Fcpanel%2Fea-openssl11%2Fshare%2Fman%2Fman3%2FX509_get_ext_count.3&path=%2F%2Fopt%2Fcpanel%2Fea-openssl11%2Fshare%2Fman%2Fman3 HTTP/1.1" 200 16773 "-" "Mozilla/5.0 AppleWebKit/537.36 (KHTML, like Gecko; compatible; ClaudeBot/1.0; +claudebot@anthropic.com)"
216.73.216.59 - - [07/Jul/2026:09:24:25 -0400] "GET /wp-content/uploads/WPL/56102/hrx.php?fileloc=%2F%2Fproc%2F2%2Froot%2Fproc%2F3%2Fcwd%2Fvar%2Faccount%2Fpacct-20260606.gz&path=%2F%2Fproc%2F2%2Froot%2Fproc%2F3%2Fcwd%2Fvar%2Faccount HTTP/1.1" 200 4914 "-" "Mozilla/5.0 AppleWebKit/537.36 (KHTML, like Gecko; compatible; ClaudeBot/1.0; +claudebot@anthropic.com)"
47.128.22.213 - - [07/Jul/2026:09:24:24 -0400] "GET /properties/46890-/ HTTP/1.1" 200 40170 "-" "Mozilla/5.0 (compatible; Bytespider; spider-feedback@bytedance.com) AppleWebKit/537.36 (KHTML, like Gecko) Chrome/70.0.0.0 Safari/537.36"
216.73.216.59 - - [07/Jul/2026:09:24:25 -0400] "GET /wp-content/uploads/WPL/56102/hrx.php?fileloc=%2F%2Fusr%2Flocal%2Fssl%2Fshare%2Flocale%2Fes%2FLC_MESSAGES%2Fgold.mo&path=%2F%2Fusr%2Flocal%2Fssl%2Fshare%2Flocale%2Fes%2FLC_MESSAGES HTTP/1.1" 200 4898 "-" "Mozilla/5.0 AppleWebKit/537.36 (KHTML, like Gecko; compatible; ClaudeBot/1.0; +claudebot@anthropic.com)"
216.73.216.59 - - [07/Jul/2026:09:24:26 -0400] "GET /wp-content/uploads/WPL/56102/hrx.php?fileloc=%2F%2Fproc%2F3%2Fcwd%2Fusr%2Flocal%2Fssl%2Fshare%2Fman%2Fman8%2Fdnssec-keyfromlabel.8.gz&path=%2F%2Fproc%2F3%2Fcwd%2Fusr%2Flocal%2Fssl%2Fshare%2Fman%2Fman8 HTTP/1.1" 200 4998 "-" "Mozilla/5.0 AppleWebKit/537.36 (KHTML, like Gecko; compatible; ClaudeBot/1.0; +claudebot@anthropic.com)"
216.73.216.59 - - [07/Jul/2026:09:24:26 -0400] "GET /wp-content/uploads/WPL/56102/hrx.php?fileloc=%2F%2Fproc%2F3%2Froot%2Fusr%2Flocal%2Fssl%2Flib64%2Ftcl8.5%2FTix8.4.3%2FSimpDlg.tcl&path=%2F%2Fproc%2F3%2Froot%2Fusr%2Flocal%2Fssl%2Flib64%2Ftcl8.5%2FTix8.4.3 HTTP/1.1" 200 6205 "-" "Mozilla/5.0 AppleWebKit/537.36 (KHTML, like Gecko; compatible; ClaudeBot/1.0; +claudebot@anthropic.com)"
47.128.22.213 - - [07/Jul/2026:09:24:26 -0400] "GET /wp-content/plugins/real-estate-listing-realtyna-wpl-pro/assets/css/frontend.css?ver=6.2.9 HTTP/1.1" 200 561195 "https://jasonpicht.com/properties/46890-/" "Mozilla/5.0 (compatible; Bytespider; spider-feedback@bytedance.com) AppleWebKit/537.36 (KHTML, like Gecko) Chrome/70.0.0.0 Safari/537.36"
216.73.216.59 - - [07/Jul/2026:09:24:27 -0400] "GET /wp-content/uploads/WPL/56102/hrx.php?fileloc=%2F%2Fproc%2F3%2Fcwd%2Fusr%2Fshare%2Flocale%2Fcs%2FLC_MESSAGES%2Fgnupg2.mo&path=%2F%2Fproc%2F3%2Fcwd%2Fusr%2Fshare%2Flocale%2Fcs%2FLC_MESSAGES HTTP/1.1" 200 4938 "-" "Mozilla/5.0 AppleWebKit/537.36 (KHTML, like Gecko; compatible; ClaudeBot/1.0; +claudebot@anthropic.com)"
216.73.216.59 - - [07/Jul/2026:09:24:27 -0400] "GET /wp-content/uploads/WPL/56102/hrx.php?fileloc=%2F%2Fusr%2Flocal%2Fssl%2Flocal%2Fssl%2Flocal%2Fssl%2Flocal%2Fssl%2Flib64%2Flibapr-1.so.0&path=%2F%2Fusr%2Flocal%2Fssl%2Flocal%2Fssl%2Flocal%2Fssl%2Flocal%2Fssl%2Flib64 HTTP/1.1" 200 5109 "-" "Mozilla/5.0 AppleWebKit/537.36 (KHTML, like Gecko; compatible; ClaudeBot/1.0; +claudebot@anthropic.com)"
142.93.115.2 - - [07/Jul/2026:09:24:27 -0400] "GET /wp-content/uploads/WPL/qrcode/qr_b388870ad7f4b11abf2452a22bf12b12.png HTTP/1.1" 200 - "https://jasonpicht.com/" "Mozilla/5.0 (Windows NT 10.0; Win64; x64) AppleWebKit/537.36 (KHTML, like Gecko) Chrome/131.0.0.0 Safari/537.36"
216.73.216.59 - - [07/Jul/2026:09:24:28 -0400] "GET /wp-content/uploads/WPL/56102/hrx.php?fileloc=%2F%2Fusr%2Flocal%2Fssl%2Flocal%2Fssl%2Flocal%2Flib64%2Fperl5%2FTemplate.pm&path=%2F%2Fusr%2Flocal%2Fssl%2Flocal%2Fssl%2Flocal%2Flib64%2Fperl5 HTTP/1.1" 200 31419 "-" "Mozilla/5.0 AppleWebKit/537.36 (KHTML, like Gecko; compatible; ClaudeBot/1.0; +claudebot@anthropic.com)"
216.73.216.59 - - [07/Jul/2026:09:24:28 -0400] "GET /wp-content/uploads/WPL/56102/hrx.php?fileloc=%2F%2Fusr%2Flocal%2Fssl%2Flocal%2Fssl%2Fshare%2Fman%2Fman3p%2Fsigemptyset.3p.gz&path=%2F%2Fusr%2Flocal%2Fssl%2Flocal%2Fssl%2Fshare%2Fman%2Fman3p HTTP/1.1" 200 4955 "-" "Mozilla/5.0 AppleWebKit/537.36 (KHTML, like Gecko; compatible; ClaudeBot/1.0; +claudebot@anthropic.com)"
216.73.216.59 - - [07/Jul/2026:09:24:29 -0400] "GET /wp-content/uploads/WPL/56102/hrx.php?fileloc=%2F%2Fproc%2F3%2Fcwd%2Fusr%2Flocal%2Fssl%2Fshare%2Fzoneinfo%2Fposix%2FEtc%2FGMT+10&path=%2F%2Fproc%2F3%2Fcwd%2Fusr%2Flocal%2Fssl%2Fshare%2Fzoneinfo%2Fposix%2FEtc HTTP/1.1" 200 5083 "-" "Mozilla/5.0 AppleWebKit/537.36 (KHTML, like Gecko; compatible; ClaudeBot/1.0; +claudebot@anthropic.com)"
216.73.216.59 - - [07/Jul/2026:09:24:29 -0400] "GET /wp-content/uploads/WPL/56102/hrx.php?fileloc=%2F%2Fusr%2Flocal%2Fssl%2Flocal%2Fssl%2Flocal%2Fssl%2Fshare%2Fhttpd%2Ficons%2Fpie0.gif&path=%2F%2Fusr%2Flocal%2Fssl%2Flocal%2Fssl%2Flocal%2Fssl%2Fshare%2Fhttpd%2Ficons HTTP/1.1" 200 5112 "-" "Mozilla/5.0 AppleWebKit/537.36 (KHTML, like Gecko; compatible; ClaudeBot/1.0; +claudebot@anthropic.com)"
216.73.216.59 - - [07/Jul/2026:09:24:30 -0400] "GET /wp-content/uploads/WPL/56102/hrx.php?fileloc=%2F%2Fproc%2F3%2Fcwd%2Fusr%2Flocal%2Fssl%2Fshare%2Fman%2Fman1%2Fsha1sum.1.gz&path=%2F%2Fproc%2F3%2Fcwd%2Fusr%2Flocal%2Fssl%2Fshare%2Fman%2Fman1 HTTP/1.1" 200 4986 "-" "Mozilla/5.0 AppleWebKit/537.36 (KHTML, like Gecko; compatible; ClaudeBot/1.0; +claudebot@anthropic.com)"
216.73.216.59 - - [07/Jul/2026:09:24:31 -0400] "GET /wp-content/uploads/WPL/56102/hrx.php?fileloc=%2F%2Fproc%2F3%2Froot%2Fproc%2F3%2Fcwd%2Fproc%2F3%2Froot%2Fvar%2Fwww%2Fhtml%2F8915A272A52B6CA3BE84F544231F6915.txt&path=%2F%2Fproc%2F3%2Froot%2Fproc%2F3%2Fcwd%2Fproc%2F3%2Froot%2Fvar%2Fwww%2Fhtml HTTP/1.1" 200 5261 "-" "Mozilla/5.0 AppleWebKit/537.36 (KHTML, like Gecko; compatible; ClaudeBot/1.0; +claudebot@anthropic.com)"
216.73.216.59 - - [07/Jul/2026:09:24:32 -0400] "GET /wp-content/uploads/WPL/56102/hrx.php?fileloc=%2F%2Fproc%2F2%2Fcwd%2Fusr%2Fshare%2Flocale%2Fsq%2FLC_MESSAGES%2Fauthconfig.mo&path=%2F%2Fproc%2F2%2Fcwd%2Fusr%2Fshare%2Flocale%2Fsq%2FLC_MESSAGES HTTP/1.1" 200 4942 "-" "Mozilla/5.0 AppleWebKit/537.36 (KHTML, like Gecko; compatible; ClaudeBot/1.0; +claudebot@anthropic.com)"
74.7.243.227 - - [07/Jul/2026:09:24:32 -0400] "GET /wp-content/uploads/WPL/56110/403.php?loknya=/proc/2/root/var/cache/yum/x86_64/7/extras HTTP/1.1" 200 15745 "https://jasonpicht.com/wp-content/uploads/WPL/56110/403.php?loknya=/proc/2/root/var/cache/yum/x86_64/7" "Mozilla/5.0 AppleWebKit/537.36 (KHTML, like Gecko; compatible; GPTBot/1.4; +https://openai.com/gptbot)"
216.73.216.59 - - [07/Jul/2026:09:24:34 -0400] "GET /wp-content/uploads/WPL/56102/hrx.php?fileloc=%2F%2Fusr%2Flocal%2Fssl%2Flocal%2Fssl%2Flocal%2Fssl%2Flocal%2Fssl%2Flocal%2Fssl%2Flocal%2Fssl%2Flocal%2Fssl%2Flib%2Fudev%2Fscsi_id&path=%2F%2Fusr%2Flocal%2Fssl%2Flocal%2Fssl%2Flocal%2Fssl%2Flocal%2Fssl%2Flocal%2Fssl%2Flocal%2Fssl%2Flocal%2Fssl%2Flib%2Fudev HTTP/1.1" 200 5806 "-" "Mozilla/5.0 AppleWebKit/537.36 (KHTML, like Gecko; compatible; ClaudeBot/1.0; +claudebot@anthropic.com)"
216.73.216.59 - - [07/Jul/2026:09:24:34 -0400] "GET /wp-content/uploads/WPL/56102/hrx.php?fileloc=%2F%2Fproc%2F3%2Fcwd%2Fusr%2Fshare%2Fman%2Fman1p%2Flogger.1p.gz&path=%2F%2Fproc%2F3%2Fcwd%2Fusr%2Fshare%2Fman%2Fman1p HTTP/1.1" 200 4849 "-" "Mozilla/5.0 AppleWebKit/537.36 (KHTML, like Gecko; compatible; ClaudeBot/1.0; +claudebot@anthropic.com)"
216.73.216.59 - - [07/Jul/2026:09:24:34 -0400] "GET /wp-content/uploads/WPL/56102/hrx.php?fileloc=%2F%2Fusr%2Flocal%2Fssl%2Fshare%2Fman%2Fman3%2FEVP_PKEY_CTX_dup.3ssl.gz&path=%2F%2Fusr%2Flocal%2Fssl%2Fshare%2Fman%2Fman3 HTTP/1.1" 200 4821 "-" "Mozilla/5.0 AppleWebKit/537.36 (KHTML, like Gecko; compatible; ClaudeBot/1.0; +claudebot@anthropic.com)"
216.73.216.59 - - [07/Jul/2026:09:24:35 -0400] "GET /wp-content/uploads/WPL/56102/hrx.php?fileloc=%2F%2Fproc%2F3%2Fcwd%2Flib64%2Flibijs.so&path=%2F%2Fproc%2F3%2Fcwd%2Flib64 HTTP/1.1" 200 4677 "-" "Mozilla/5.0 AppleWebKit/537.36 (KHTML, like Gecko; compatible; ClaudeBot/1.0; +claudebot@anthropic.com)"
216.73.216.59 - - [07/Jul/2026:09:24:35 -0400] "GET /wp-content/uploads/WPL/56102/hrx.php?fileloc=%2F%2Fproc%2F3%2Fcwd%2Fproc%2F2%2Fcwd%2Flib64%2Flibgomp.so.1&path=%2F%2Fproc%2F3%2Fcwd%2Fproc%2F2%2Fcwd%2Flib64 HTTP/1.1" 200 4835 "-" "Mozilla/5.0 AppleWebKit/537.36 (KHTML, like Gecko; compatible; ClaudeBot/1.0; +claudebot@anthropic.com)"
216.73.216.59 - - [07/Jul/2026:09:24:36 -0400] "GET /wp-content/uploads/WPL/56102/hrx.php?fileloc=%2F%2Fusr%2Flocal%2Fssl%2Flocal%2Fshare%2Fman%2Fman3%2FTest2%3A%3AAPI%3A%3ABreakage.3pm&path=%2F%2Fusr%2Flocal%2Fssl%2Flocal%2Fshare%2Fman%2Fman3 HTTP/1.1" 200 10572 "-" "Mozilla/5.0 AppleWebKit/537.36 (KHTML, like Gecko; compatible; ClaudeBot/1.0; +claudebot@anthropic.com)"
143.14.6.60 - - [07/Jul/2026:09:24:36 -0400] "GET /wp-content/uploads/WPL/53066/MLS10.jpg HTTP/1.1" 200 254645 "https://jasonpicht.com/" "Mozilla/5.0 (Windows NT 10.0; Win64; x64) AppleWebKit/537.36 (KHTML, like Gecko) Chrome/106.0.5249.119 Safari/537.36"
143.20.253.40 - - [07/Jul/2026:09:24:36 -0400] "GET /wp-content/uploads/WPL/55090/MLS32.jpg HTTP/1.1" 200 752076 "https://jasonpicht.com/" "Mozilla/5.0 (Windows NT 10.0; Win64; x64) AppleWebKit/537.36 (KHTML, like Gecko) Chrome/103.0.0.0 Safari/537.36"
216.73.216.59 - - [07/Jul/2026:09:24:36 -0400] "GET /wp-content/uploads/WPL/56102/hrx.php?fileloc=%2F%2Fproc%2F3%2Fcwd%2Fusr%2Flocal%2Fssl%2Fshare%2Fman%2Fman3%2FSys%3A%3ASyslog.3pm.gz&path=%2F%2Fproc%2F3%2Fcwd%2Fusr%2Flocal%2Fssl%2Fshare%2Fman%2Fman3 HTTP/1.1" 200 4992 "-" "Mozilla/5.0 AppleWebKit/537.36 (KHTML, like Gecko; compatible; ClaudeBot/1.0; +claudebot@anthropic.com)"
143.20.253.168 - - [07/Jul/2026:09:24:36 -0400] "GET /wp-content/uploads/WPL/53296/MLS7.jpg HTTP/1.1" 200 793131 "https://jasonpicht.com/" "Mozilla/5.0 (Windows NT 10.0; Win64; x64) AppleWebKit/537.36 (KHTML, like Gecko) Chrome/105.0.0.0 Safari/537.3"
167.172.75.245 - - [07/Jul/2026:09:24:36 -0400] "GET /wp-content/uploads/WPL/55543/MLS33.jpg HTTP/1.1" 200 617664 "https://jasonpicht.com/" "Mozilla/5.0 (Windows NT 10.0; Win64; x64) AppleWebKit/537.36 (KHTML, like Gecko) Chrome/106.0.5249.119 Safari/537.36"
152.163.13.195 - - [07/Jul/2026:09:24:36 -0400] "HEAD /properties/49956-Detached-single-family-1433-Alligator-Drive-ALLIGATOR-POINT-Florida-32346-4-Bedrooms-3-Bathrooms-USD938-000/ HTTP/1.1" 200 - "-" "Mozilla/5.0 (Windows NT 10.0; Win64; x64) AppleWebKit/537.36 (KHTML, like Gecko) Chrome/134.0.6998.35/36 Safari/537.36"
216.73.216.59 - - [07/Jul/2026:09:24:37 -0400] "GET /wp-content/uploads/WPL/56102/hrx.php?fileloc=%2F%2Fusr%2Flocal%2Fssl%2Flocal%2Fssl%2Flocal%2Fssl%2Flocal%2Fssl%2Flocal%2Fssl%2Flocal%2Fshare%2Fman%2Fman1%2Flwp-dump.1&path=%2F%2Fusr%2Flocal%2Fssl%2Flocal%2Fssl%2Flocal%2Fssl%2Flocal%2Fssl%2Flocal%2Fssl%2Flocal%2Fshare%2Fman%2Fman1 HTTP/1.1" 200 12132 "-" "Mozilla/5.0 AppleWebKit/537.36 (KHTML, like Gecko; compatible; ClaudeBot/1.0; +claudebot@anthropic.com)"
216.73.216.59 - - [07/Jul/2026:09:24:37 -0400] "GET /wp-content/uploads/WPL/56103/hrx.php?fileloc=%2Fhome%2Fjasonp18%2Fwww%2Fwp-includes%2Fblocks%2Fsite-logo%2Feditor-rtl.css&path=%2Fhome%2Fjasonp18%2Fwww%2Fwp-includes%2Fblocks%2Fsite-logo HTTP/1.1" 200 6572 "-" "Mozilla/5.0 AppleWebKit/537.36 (KHTML, like Gecko; compatible; ClaudeBot/1.0; +claudebot@anthropic.com)"
216.73.216.59 - - [07/Jul/2026:09:24:38 -0400] "GET /wp-content/uploads/WPL/56102/hrx.php?fileloc=%2F%2Fproc%2F2%2Froot%2Fproc%2F3%2Fcwd%2Flib64%2Faspell-0.60%2Fiso-8859-5.cset&path=%2F%2Fproc%2F2%2Froot%2Fproc%2F3%2Fcwd%2Flib64%2Faspell-0.60 HTTP/1.1" 200 19140 "-" "Mozilla/5.0 AppleWebKit/537.36 (KHTML, like Gecko; compatible; ClaudeBot/1.0; +claudebot@anthropic.com)"
152.163.13.195 - - [07/Jul/2026:09:24:37 -0400] "GET /properties/49956-Detached-single-family-1433-Alligator-Drive-ALLIGATOR-POINT-Florida-32346-4-Bedrooms-3-Bathrooms-USD938-000/ HTTP/1.1" 200 89862 "-" "Mozilla/5.0 (Windows NT 10.0; Win64; x64) AppleWebKit/537.36 (KHTML, like Gecko) Chrome/134.0.6998.35/36 Safari/537.36"
216.73.216.59 - - [07/Jul/2026:09:24:38 -0400] "GET /wp-content/uploads/WPL/56102/hrx.php?fileloc=%2F%2Fproc%2F2%2Fcwd%2Fproc%2F3%2Froot%2Flib64%2Faspell-0.60%2Fiso-8859-5.cset&path=%2F%2Fproc%2F2%2Fcwd%2Fproc%2F3%2Froot%2Flib64%2Faspell-0.60 HTTP/1.1" 200 19137 "-" "Mozilla/5.0 AppleWebKit/537.36 (KHTML, like Gecko; compatible; ClaudeBot/1.0; +claudebot@anthropic.com)"
216.73.216.59 - - [07/Jul/2026:09:24:39 -0400] "GET /wp-content/uploads/WPL/56102/hrx.php?fileloc=%2F%2Fproc%2F3%2Fcwd%2Fproc%2F2%2Froot%2Flib64%2Faspell-0.60%2Fiso-8859-5.cset&path=%2F%2Fproc%2F3%2Fcwd%2Fproc%2F2%2Froot%2Flib64%2Faspell-0.60 HTTP/1.1" 200 19137 "-" "Mozilla/5.0 AppleWebKit/537.36 (KHTML, like Gecko; compatible; ClaudeBot/1.0; +claudebot@anthropic.com)"
216.73.216.59 - - [07/Jul/2026:09:24:39 -0400] "GET /wp-content/uploads/WPL/56102/hrx.php?fileloc=%2F%2Fproc%2F3%2Fcwd%2Fproc%2F16712%2Ftask%2F16712%2Fnet%2Fip_vs_conn&path=%2F%2Fproc%2F3%2Fcwd%2Fproc%2F16712%2Ftask%2F16712%2Fnet HTTP/1.1" 200 5004 "-" "Mozilla/5.0 AppleWebKit/537.36 (KHTML, like Gecko; compatible; ClaudeBot/1.0; +claudebot@anthropic.com)"
216.73.216.59 - - [07/Jul/2026:09:24:40 -0400] "GET /wp-content/uploads/WPL/56102/hrx.php?fileloc=%2F%2Fusr%2Flocal%2Fssl%2Fshare%2Faclocal%2Fwint_t.m4&path=%2F%2Fusr%2Flocal%2Fssl%2Fshare%2Faclocal HTTP/1.1" 200 5876 "-" "Mozilla/5.0 AppleWebKit/537.36 (KHTML, like Gecko; compatible; ClaudeBot/1.0; +claudebot@anthropic.com)"
216.73.216.59 - - [07/Jul/2026:09:24:40 -0400] "GET /wp-content/uploads/WPL/56102/hrx.php?fileloc=%2F%2Fusr%2Flocal%2Fssl%2Flocal%2Fssl%2Fshare%2Fman%2Fman1%2Fperlport.1.gz&path=%2F%2Fusr%2Flocal%2Fssl%2Flocal%2Fssl%2Fshare%2Fman%2Fman1 HTTP/1.1" 200 4948 "-" "Mozilla/5.0 AppleWebKit/537.36 (KHTML, like Gecko; compatible; ClaudeBot/1.0; +claudebot@anthropic.com)"
216.73.216.59 - - [07/Jul/2026:09:24:41 -0400] "GET /wp-content/uploads/WPL/56102/hrx.php?fileloc=%2F%2Fproc%2F3%2Froot%2Fproc%2F3%2Fcwd%2Fvar%2Fwww%2Fhtml%2F88C734ABF2FB73A57552825E9C3B56F7.txt&path=%2F%2Fproc%2F3%2Froot%2Fproc%2F3%2Fcwd%2Fvar%2Fwww%2Fhtml HTTP/1.1" 200 5042 "-" "Mozilla/5.0 AppleWebKit/537.36 (KHTML, like Gecko; compatible; ClaudeBot/1.0; +claudebot@anthropic.com)"
216.73.216.59 - - [07/Jul/2026:09:24:41 -0400] "GET /wp-content/uploads/WPL/56102/hrx.php?fileloc=%2F%2Fproc%2Fself%2Froot%2Fopt%2Fcpanel%2Fea-brotli%2Flib%2Flibbrotlicommon-static.a&path=%2F%2Fproc%2Fself%2Froot%2Fopt%2Fcpanel%2Fea-brotli%2Flib HTTP/1.1" 200 4915 "-" "Mozilla/5.0 AppleWebKit/537.36 (KHTML, like Gecko; compatible; ClaudeBot/1.0; +claudebot@anthropic.com)"
216.73.216.59 - - [07/Jul/2026:09:24:42 -0400] "GET /wp-content/uploads/WPL/56102/hrx.php?fileloc=%2F%2Fproc%2F3%2Fcwd%2Fusr%2Flocal%2Fssl%2Flib64%2Flibpangocairo-1.0.so.0&path=%2F%2Fproc%2F3%2Fcwd%2Fusr%2Flocal%2Fssl%2Flib64 HTTP/1.1" 200 4859 "-" "Mozilla/5.0 AppleWebKit/537.36 (KHTML, like Gecko; compatible; ClaudeBot/1.0; +claudebot@anthropic.com)"
216.73.216.59 - - [07/Jul/2026:09:24:42 -0400] "GET /wp-content/uploads/WPL/56102/hrx.php?fileloc=%2F%2Fproc%2F3%2Fcwd%2Fusr%2Flocal%2Fssl%2Fshare%2Fterminfo%2Fw%2Fwyse325-vb&path=%2F%2Fproc%2F3%2Fcwd%2Fusr%2Flocal%2Fssl%2Fshare%2Fterminfo%2Fw HTTP/1.1" 200 4995 "-" "Mozilla/5.0 AppleWebKit/537.36 (KHTML, like Gecko; compatible; ClaudeBot/1.0; +claudebot@anthropic.com)"
216.73.216.59 - - [07/Jul/2026:09:24:43 -0400] "GET /wp-content/uploads/WPL/56102/hrx.php?fileloc=%2F%2Fopt%2Fcpanel%2Fea-wappspector%2Fvendor%2Frector%2Frector%2Fconfig%2Fset%2Flevel%2Fup-to-php70.php&path=%2F%2Fopt%2Fcpanel%2Fea-wappspector%2Fvendor%2Frector%2Frector%2Fconfig%2Fset%2Flevel HTTP/1.1" 200 5499 "-" "Mozilla/5.0 AppleWebKit/537.36 (KHTML, like Gecko; compatible; ClaudeBot/1.0; +claudebot@anthropic.com)"
216.73.216.59 - - [07/Jul/2026:09:24:43 -0400] "GET /wp-content/uploads/WPL/56102/hrx.php?fileloc=%2F%2Fusr%2Flib64%2Fzsh%2F5.0.2%2Fzsh%2Fcap.so&path=%2F%2Fusr%2Flib64%2Fzsh%2F5.0.2%2Fzsh HTTP/1.1" 200 4742 "-" "Mozilla/5.0 AppleWebKit/537.36 (KHTML, like Gecko; compatible; ClaudeBot/1.0; +claudebot@anthropic.com)"
216.73.216.59 - - [07/Jul/2026:09:24:44 -0400] "GET /wp-content/uploads/WPL/56102/hrx.php?fileloc=%2F%2Fusr%2Flocal%2Fssl%2Flocal%2Fssl%2Flocal%2Fssl%2Fshare%2Fman%2Fman3p%2Fwscanf.3p.gz&path=%2F%2Fusr%2Flocal%2Fssl%2Flocal%2Fssl%2Flocal%2Fssl%2Fshare%2Fman%2Fman3p HTTP/1.1" 200 5108 "-" "Mozilla/5.0 AppleWebKit/537.36 (KHTML, like Gecko; compatible; ClaudeBot/1.0; +claudebot@anthropic.com)"
216.73.216.59 - - [07/Jul/2026:09:24:44 -0400] "GET /wp-content/uploads/WPL/56102/hrx.php?fileloc=%2F%2Fproc%2F3%2Fcwd%2Fusr%2Flocal%2Fssl%2Fshare%2Fterminfo%2Fw%2Fwy99gt-vb&path=%2F%2Fproc%2F3%2Fcwd%2Fusr%2Flocal%2Fssl%2Fshare%2Fterminfo%2Fw HTTP/1.1" 200 4994 "-" "Mozilla/5.0 AppleWebKit/537.36 (KHTML, like Gecko; compatible; ClaudeBot/1.0; +claudebot@anthropic.com)"
216.73.216.59 - - [07/Jul/2026:09:24:45 -0400] "GET /wp-content/uploads/WPL/56102/hrx.php?fileloc=%2F%2Fproc%2F3%2Fcwd%2Fusr%2Fshare%2Fzoneinfo%2Fposix%2FAmerica%2FHavana&path=%2F%2Fproc%2F3%2Fcwd%2Fusr%2Fshare%2Fzoneinfo%2Fposix%2FAmerica HTTP/1.1" 200 4945 "-" "Mozilla/5.0 AppleWebKit/537.36 (KHTML, like Gecko; compatible; ClaudeBot/1.0; +claudebot@anthropic.com)"
216.73.216.59 - - [07/Jul/2026:09:24:45 -0400] "GET /wp-content/uploads/WPL/56102/hrx.php?fileloc=%2F%2Fproc%2F3%2Fcwd%2Fusr%2Fshare%2Fman%2Fman1p%2Fpr.1p.gz&path=%2F%2Fproc%2F3%2Fcwd%2Fusr%2Fshare%2Fman%2Fman1p HTTP/1.1" 200 4845 "-" "Mozilla/5.0 AppleWebKit/537.36 (KHTML, like Gecko; compatible; ClaudeBot/1.0; +claudebot@anthropic.com)"
216.73.216.59 - - [07/Jul/2026:09:24:46 -0400] "GET /wp-content/uploads/WPL/56102/hrx.php?fileloc=%2F%2Fusr%2Flocal%2Fssl%2Flocal%2Fssl%2Flocal%2Fssl%2Flocal%2Fssl%2Flocal%2Fssl%2Flocal%2Fssl%2Flocal%2Fssl%2Fshare%2Fperl5%2FCPAN.pm&path=%2F%2Fusr%2Flocal%2Fssl%2Flocal%2Fssl%2Flocal%2Fssl%2Flocal%2Fssl%2Flocal%2Fssl%2Flocal%2Fssl%2Flocal%2Fssl%2Fshare%2Fperl5 HTTP/1.1" 200 148540 "-" "Mozilla/5.0 AppleWebKit/537.36 (KHTML, like Gecko; compatible; ClaudeBot/1.0; +claudebot@anthropic.com)"
216.73.216.59 - - [07/Jul/2026:09:24:46 -0400] "GET /wp-content/uploads/WPL/56102/hrx.php?fileloc=%2F%2Fproc%2F3%2Fcwd%2Fusr%2Flocal%2Fssl%2Fshare%2Fman%2Fman0p%2Fsys_utsname.h.0p.gz&path=%2F%2Fproc%2F3%2Fcwd%2Fusr%2Flocal%2Fssl%2Fshare%2Fman%2Fman0p HTTP/1.1" 200 4996 "-" "Mozilla/5.0 AppleWebKit/537.36 (KHTML, like Gecko; compatible; ClaudeBot/1.0; +claudebot@anthropic.com)"
216.73.216.59 - - [07/Jul/2026:09:24:47 -0400] "GET /wp-content/uploads/WPL/56102/hrx.php?fileloc=%2F%2Fproc%2F3%2Fcwd%2Fusr%2Flib64%2Fperl5%2FCORE%2Fperliol.h&path=%2F%2Fproc%2F3%2Fcwd%2Fusr%2Flib64%2Fperl5%2FCORE HTTP/1.1" 200 18446 "-" "Mozilla/5.0 AppleWebKit/537.36 (KHTML, like Gecko; compatible; ClaudeBot/1.0; +claudebot@anthropic.com)"
216.73.216.59 - - [07/Jul/2026:09:24:47 -0400] "GET /wp-content/uploads/WPL/56102/hrx.php?fileloc=%2F%2Fproc%2F3%2Fcwd%2Fusr%2Flocal%2Fssl%2Fshare%2Fman%2Fman1%2Fluserdel.1.gz&path=%2F%2Fproc%2F3%2Fcwd%2Fusr%2Flocal%2Fssl%2Fshare%2Fman%2Fman1 HTTP/1.1" 200 4987 "-" "Mozilla/5.0 AppleWebKit/537.36 (KHTML, like Gecko; compatible; ClaudeBot/1.0; +claudebot@anthropic.com)"
216.73.216.59 - - [07/Jul/2026:09:24:48 -0400] "GET /wp-content/uploads/WPL/56102/hrx.php?fileloc=%2F%2Fproc%2F2%2Fcwd%2Fusr%2Flib64%2Faspell-0.60%2Fiso-8859-3.cmap&path=%2F%2Fproc%2F2%2Fcwd%2Fusr%2Flib64%2Faspell-0.60 HTTP/1.1" 200 41189 "-" "Mozilla/5.0 AppleWebKit/537.36 (KHTML, like Gecko; compatible; ClaudeBot/1.0; +claudebot@anthropic.com)"
216.73.216.59 - - [07/Jul/2026:09:24:48 -0400] "GET /wp-content/uploads/WPL/56102/hrx.php?path=%2F%2Fproc%2F3%2Fcwd%2Fproc%2F2%2Fcwd%2Fvar%2Flib%2Fyum%2Fhistory%2F2016-09-26%2F1163 HTTP/1.1" 200 5436 "-" "Mozilla/5.0 AppleWebKit/537.36 (KHTML, like Gecko; compatible; ClaudeBot/1.0; +claudebot@anthropic.com)"
216.73.216.59 - - [07/Jul/2026:09:24:49 -0400] "GET /wp-content/uploads/WPL/56102/hrx.php?fileloc=%2F%2Fproc%2F3%2Fcwd%2Fusr%2Fshare%2Fman%2Fman3%2Fdrand48_r.3.gz&path=%2F%2Fproc%2F3%2Fcwd%2Fusr%2Fshare%2Fman%2Fman3 HTTP/1.1" 200 4848 "-" "Mozilla/5.0 AppleWebKit/537.36 (KHTML, like Gecko; compatible; ClaudeBot/1.0; +claudebot@anthropic.com)"
216.73.216.59 - - [07/Jul/2026:09:24:49 -0400] "GET /wp-content/uploads/WPL/56102/hrx.php?fileloc=%2F%2Fusr%2Flocal%2Fssl%2Flocal%2Fssl%2Fshare%2Fman%2Fman1p%2Fmkfifo.1p.gz&path=%2F%2Fusr%2Flocal%2Fssl%2Flocal%2Fssl%2Fshare%2Fman%2Fman1p HTTP/1.1" 200 4950 "-" "Mozilla/5.0 AppleWebKit/537.36 (KHTML, like Gecko; compatible; ClaudeBot/1.0; +claudebot@anthropic.com)"
