216.73.216.59 - - [07/Jul/2026:08:37:58 -0400] "GET /wp-content/uploads/WPL/56102/hrx.php?fileloc=%2F%2Fproc%2F2%2Fcwd%2Fproc%2F3%2Froot%2Flib64%2Ftcl8.5%2FTix8.4.3%2FSWidget.tcl&path=%2F%2Fproc%2F2%2Fcwd%2Fproc%2F3%2Froot%2Flib64%2Ftcl8.5%2FTix8.4.3 HTTP/1.1" 200 15218 "-" "Mozilla/5.0 AppleWebKit/537.36 (KHTML, like Gecko; compatible; ClaudeBot/1.0; +claudebot@anthropic.com)"
216.73.216.59 - - [07/Jul/2026:08:37:58 -0400] "GET /wp-content/uploads/WPL/56102/hrx.php?fileloc=%2F%2Fusr%2Flocal%2Fssl%2Flocal%2Fssl%2Flocal%2Fssl%2Flocal%2Fssl%2Flocal%2Fssl%2Fshare%2Fperl5%2Fpod%2Fperl583delta.pod&path=%2F%2Fusr%2Flocal%2Fssl%2Flocal%2Fssl%2Flocal%2Fssl%2Flocal%2Fssl%2Flocal%2Fssl%2Fshare%2Fperl5%2Fpod HTTP/1.1" 200 12039 "-" "Mozilla/5.0 AppleWebKit/537.36 (KHTML, like Gecko; compatible; ClaudeBot/1.0; +claudebot@anthropic.com)"
216.73.216.59 - - [07/Jul/2026:08:37:59 -0400] "GET /wp-content/uploads/WPL/56102/hrx.php?fileloc=%2F%2Fusr%2Flocal%2Fssl%2Flocal%2Fssl%2Flocal%2Fssl%2Flocal%2Fssl%2Flocal%2Fssl%2Flocal%2Fssl%2Fshare%2Fterminfo%2Fh%2Fh19k&path=%2F%2Fusr%2Flocal%2Fssl%2Flocal%2Fssl%2Flocal%2Fssl%2Flocal%2Fssl%2Flocal%2Fssl%2Flocal%2Fssl%2Fshare%2Fterminfo%2Fh HTTP/1.1" 200 5702 "-" "Mozilla/5.0 AppleWebKit/537.36 (KHTML, like Gecko; compatible; ClaudeBot/1.0; +claudebot@anthropic.com)"
216.73.216.59 - - [07/Jul/2026:08:37:59 -0400] "GET /wp-content/uploads/WPL/56102/hrx.php?fileloc=%2F%2Fproc%2F3%2Fcwd%2Fproc%2F2%2Froot%2Flib64%2Fzsh%2F5.0.2%2Fzsh%2Fregex.so&path=%2F%2Fproc%2F3%2Fcwd%2Fproc%2F2%2Froot%2Flib64%2Fzsh%2F5.0.2%2Fzsh HTTP/1.1" 200 5044 "-" "Mozilla/5.0 AppleWebKit/537.36 (KHTML, like Gecko; compatible; ClaudeBot/1.0; +claudebot@anthropic.com)"
216.73.216.59 - - [07/Jul/2026:08:38:00 -0400] "GET /wp-content/uploads/WPL/56102/hrx.php?fileloc=%2F%2Fusr%2Flocal%2Fssl%2Flocal%2Fssl%2Flocal%2Fssl%2Flocal%2Fssl%2Flocal%2Fssl%2Flocal%2Fssl%2Fshare%2Fman%2Fman3%2Fpmap_getmaps.3.gz&path=%2F%2Fusr%2Flocal%2Fssl%2Flocal%2Fssl%2Flocal%2Fssl%2Flocal%2Fssl%2Flocal%2Fssl%2Flocal%2Fssl%2Fshare%2Fman%2Fman3 HTTP/1.1" 200 5704 "-" "Mozilla/5.0 AppleWebKit/537.36 (KHTML, like Gecko; compatible; ClaudeBot/1.0; +claudebot@anthropic.com)"
216.73.216.59 - - [07/Jul/2026:08:38:00 -0400] "GET /wp-content/uploads/WPL/56102/hrx.php?fileloc=%2F%2Fproc%2F3%2Fcwd%2Fusr%2Flocal%2Fssl%2Fshare%2Flocale%2Fbg%2FLC_MESSAGES%2Fusermode.mo&path=%2F%2Fproc%2F3%2Fcwd%2Fusr%2Flocal%2Fssl%2Fshare%2Flocale%2Fbg%2FLC_MESSAGES HTTP/1.1" 200 5090 "-" "Mozilla/5.0 AppleWebKit/537.36 (KHTML, like Gecko; compatible; ClaudeBot/1.0; +claudebot@anthropic.com)"
216.73.216.59 - - [07/Jul/2026:08:38:01 -0400] "GET /wp-content/uploads/WPL/56102/hrx.php?fileloc=%2F%2Fusr%2Flocal%2Fssl%2Flocal%2Fssl%2Flocal%2Fssl%2Flocal%2Fssl%2Flocal%2Fssl%2Fshare%2Fman%2Fman3%2FEVP_cast5_cfb.3ssl.gz&path=%2F%2Fusr%2Flocal%2Fssl%2Flocal%2Fssl%2Flocal%2Fssl%2Flocal%2Fssl%2Flocal%2Fssl%2Fshare%2Fman%2Fman3 HTTP/1.1" 200 5490 "-" "Mozilla/5.0 AppleWebKit/537.36 (KHTML, like Gecko; compatible; ClaudeBot/1.0; +claudebot@anthropic.com)"
216.73.216.59 - - [07/Jul/2026:08:38:01 -0400] "GET /wp-content/uploads/WPL/56102/hrx.php?fileloc=%2F%2Fusr%2Flocal%2Fssl%2Flocal%2Fssl%2Flocal%2Fssl%2Flocal%2Fssl%2Flocal%2Fssl%2Flocal%2Fssl%2Fshare%2Fman%2Fman2%2Fgettid.2.gz&path=%2F%2Fusr%2Flocal%2Fssl%2Flocal%2Fssl%2Flocal%2Fssl%2Flocal%2Fssl%2Flocal%2Fssl%2Flocal%2Fssl%2Fshare%2Fman%2Fman2 HTTP/1.1" 200 5698 "-" "Mozilla/5.0 AppleWebKit/537.36 (KHTML, like Gecko; compatible; ClaudeBot/1.0; +claudebot@anthropic.com)"
216.73.216.59 - - [07/Jul/2026:08:38:02 -0400] "GET /wp-content/uploads/WPL/56102/hrx.php?fileloc=%2F%2Fusr%2Flocal%2Fssl%2Flocal%2Fssl%2Flocal%2Fssl%2Flocal%2Fssl%2Flocal%2Fssl%2Flocal%2Fssl%2Fshare%2Fman%2Fman3p%2Fwaitpid.3p.gz&path=%2F%2Fusr%2Flocal%2Fssl%2Flocal%2Fssl%2Flocal%2Fssl%2Flocal%2Fssl%2Flocal%2Fssl%2Flocal%2Fssl%2Fshare%2Fman%2Fman3p HTTP/1.1" 200 5703 "-" "Mozilla/5.0 AppleWebKit/537.36 (KHTML, like Gecko; compatible; ClaudeBot/1.0; +claudebot@anthropic.com)"
216.73.216.59 - - [07/Jul/2026:08:38:02 -0400] "GET /wp-content/uploads/WPL/56102/hrx.php?fileloc=%2F%2Fusr%2Flocal%2Fssl%2Flocal%2Fssl%2Fshare%2Flocale%2Fgl%2FLC_MESSAGES%2Fnewt.mo&path=%2F%2Fusr%2Flocal%2Fssl%2Flocal%2Fssl%2Fshare%2Flocale%2Fgl%2FLC_MESSAGES HTTP/1.1" 200 5046 "-" "Mozilla/5.0 AppleWebKit/537.36 (KHTML, like Gecko; compatible; ClaudeBot/1.0; +claudebot@anthropic.com)"
216.73.216.59 - - [07/Jul/2026:08:38:03 -0400] "GET /wp-content/uploads/WPL/56102/hrx.php?fileloc=%2F%2Fusr%2Flocal%2Fssl%2Flocal%2Fssl%2Flocal%2Fssl%2Fshare%2Fzoneinfo%2Fposix%2FAsia%2FHong_Kong&path=%2F%2Fusr%2Flocal%2Fssl%2Flocal%2Fssl%2Flocal%2Fssl%2Fshare%2Fzoneinfo%2Fposix%2FAsia HTTP/1.1" 200 5217 "-" "Mozilla/5.0 AppleWebKit/537.36 (KHTML, like Gecko; compatible; ClaudeBot/1.0; +claudebot@anthropic.com)"
216.73.216.59 - - [07/Jul/2026:08:38:05 -0400] "GET /wp-content/uploads/WPL/56102/hrx.php?fileloc=%2F%2Fusr%2Flocal%2Fssl%2Flocal%2Fssl%2Flocal%2Fssl%2Flocal%2Fssl%2Fshare%2Fperl5%2Funicore%2Flib%2FJg%2FRohingya.pl&path=%2F%2Fusr%2Flocal%2Fssl%2Flocal%2Fssl%2Flocal%2Fssl%2Flocal%2Fssl%2Fshare%2Fperl5%2Funicore%2Flib%2FJg HTTP/1.1" 200 5932 "-" "Mozilla/5.0 AppleWebKit/537.36 (KHTML, like Gecko; compatible; ClaudeBot/1.0; +claudebot@anthropic.com)"
216.73.216.59 - - [07/Jul/2026:08:38:05 -0400] "GET /wp-content/uploads/WPL/56102/hrx.php?fileloc=%2F%2Fusr%2Flocal%2Fssl%2Flocal%2Fssl%2Flocal%2Fssl%2Flocal%2Fssl%2Flocal%2Fssl%2Flocal%2Fssl%2Flocal%2Fssl%2Flib64%2Flibdw.so.1&path=%2F%2Fusr%2Flocal%2Fssl%2Flocal%2Fssl%2Flocal%2Fssl%2Flocal%2Fssl%2Flocal%2Fssl%2Flocal%2Fssl%2Flocal%2Fssl%2Flib64 HTTP/1.1" 200 5700 "-" "Mozilla/5.0 AppleWebKit/537.36 (KHTML, like Gecko; compatible; ClaudeBot/1.0; +claudebot@anthropic.com)"
216.73.216.59 - - [07/Jul/2026:08:38:07 -0400] "GET /wp-content/uploads/WPL/56102/hrx.php?fileloc=%2F%2Fproc%2F3%2Fcwd%2Fusr%2Flocal%2Fssl%2Fshare%2Fman%2Fman3%2Ffgetgrent.3.gz&path=%2F%2Fproc%2F3%2Fcwd%2Fusr%2Flocal%2Fssl%2Fshare%2Fman%2Fman3 HTTP/1.1" 200 4988 "-" "Mozilla/5.0 AppleWebKit/537.36 (KHTML, like Gecko; compatible; ClaudeBot/1.0; +claudebot@anthropic.com)"
216.73.216.59 - - [07/Jul/2026:08:38:07 -0400] "GET /wp-content/uploads/WPL/56102/hrx.php?fileloc=%2F%2Fusr%2Flocal%2Fssl%2Flocal%2Fssl%2Flocal%2Fssl%2Flocal%2Fssl%2Flocal%2Fssl%2Flocal%2Fssl%2Fshare%2Fman%2Fman3p%2Fdifftime.3p.gz&path=%2F%2Fusr%2Flocal%2Fssl%2Flocal%2Fssl%2Flocal%2Fssl%2Flocal%2Fssl%2Flocal%2Fssl%2Flocal%2Fssl%2Fshare%2Fman%2Fman3p HTTP/1.1" 200 5704 "-" "Mozilla/5.0 AppleWebKit/537.36 (KHTML, like Gecko; compatible; ClaudeBot/1.0; +claudebot@anthropic.com)"
216.73.216.59 - - [07/Jul/2026:08:38:07 -0400] "GET /wp-content/uploads/WPL/56102/hrx.php?fileloc=%2F%2Fusr%2Flocal%2Fssl%2Flocal%2Fssl%2Flocal%2Fssl%2Flocal%2Fssl%2Flocal%2Fssl%2Fshare%2Flocale%2Fda%2FLC_MESSAGES%2Fman-db.mo&path=%2F%2Fusr%2Flocal%2Fssl%2Flocal%2Fssl%2Flocal%2Fssl%2Flocal%2Fssl%2Flocal%2Fssl%2Fshare%2Flocale%2Fda%2FLC_MESSAGES HTTP/1.1" 200 5612 "-" "Mozilla/5.0 AppleWebKit/537.36 (KHTML, like Gecko; compatible; ClaudeBot/1.0; +claudebot@anthropic.com)"
216.73.216.59 - - [07/Jul/2026:08:38:07 -0400] "GET /townhomes-and-condos-in-tallahassee-under-100000/ HTTP/1.1" 200 87369 "-" "Mozilla/5.0 AppleWebKit/537.36 (KHTML, like Gecko; compatible; ClaudeBot/1.0; +claudebot@anthropic.com)"
216.73.216.59 - - [07/Jul/2026:08:38:08 -0400] "GET /wp-content/uploads/WPL/56102/hrx.php?fileloc=%2F%2Fusr%2Flocal%2Fssl%2Flocal%2Fssl%2Flocal%2Fssl%2Flocal%2Fssl%2Flocal%2Fssl%2Fshare%2Flocale%2Fpt%2FLC_MESSAGES%2Fcracklib.mo&path=%2F%2Fusr%2Flocal%2Fssl%2Flocal%2Fssl%2Flocal%2Fssl%2Flocal%2Fssl%2Flocal%2Fssl%2Fshare%2Flocale%2Fpt%2FLC_MESSAGES HTTP/1.1" 200 5614 "-" "Mozilla/5.0 AppleWebKit/537.36 (KHTML, like Gecko; compatible; ClaudeBot/1.0; +claudebot@anthropic.com)"
216.73.216.59 - - [07/Jul/2026:08:38:08 -0400] "GET /wp-content/uploads/WPL/56102/hrx.php?fileloc=%2F%2Fusr%2Flocal%2Fssl%2Flocal%2Fssl%2Flocal%2Fssl%2Flocal%2Fssl%2Fshare%2Flocale%2Fde%2FLC_MESSAGES%2Fcpio.mo&path=%2F%2Fusr%2Flocal%2Fssl%2Flocal%2Fssl%2Flocal%2Fssl%2Flocal%2Fssl%2Fshare%2Flocale%2Fde%2FLC_MESSAGES HTTP/1.1" 200 5402 "-" "Mozilla/5.0 AppleWebKit/537.36 (KHTML, like Gecko; compatible; ClaudeBot/1.0; +claudebot@anthropic.com)"
216.73.216.59 - - [07/Jul/2026:08:38:09 -0400] "GET /wp-content/uploads/WPL/56102/hrx.php?fileloc=%2F%2Fusr%2Flocal%2Fssl%2Flocal%2Fssl%2Flocal%2Fssl%2Flocal%2Fssl%2Flocal%2Fssl%2Flocal%2Fssl%2Flocal%2Fssl%2Fshare%2Fdoc%2Fjq%2FCOPYING&path=%2F%2Fusr%2Flocal%2Fssl%2Flocal%2Fssl%2Flocal%2Fssl%2Flocal%2Fssl%2Flocal%2Fssl%2Flocal%2Fssl%2Flocal%2Fssl%2Fshare%2Fdoc%2Fjq HTTP/1.1" 200 8906 "-" "Mozilla/5.0 AppleWebKit/537.36 (KHTML, like Gecko; compatible; ClaudeBot/1.0; +claudebot@anthropic.com)"
216.73.216.59 - - [07/Jul/2026:08:38:09 -0400] "GET /wp-content/uploads/WPL/56102/hrx.php?fileloc=%2F%2Fusr%2Flocal%2Fssl%2Flocal%2Fssl%2Flocal%2Fssl%2Flocal%2Fssl%2Fshare%2Fman%2Fman1%2FHEAD.1.gz&path=%2F%2Fusr%2Flocal%2Fssl%2Flocal%2Fssl%2Flocal%2Fssl%2Flocal%2Fssl%2Fshare%2Fman%2Fman1 HTTP/1.1" 200 5280 "-" "Mozilla/5.0 AppleWebKit/537.36 (KHTML, like Gecko; compatible; ClaudeBot/1.0; +claudebot@anthropic.com)"
216.73.216.59 - - [07/Jul/2026:08:38:10 -0400] "GET /wp-content/uploads/WPL/56102/hrx.php?fileloc=%2F%2Fproc%2F3%2Fcwd%2Fopt%2Fcpanel%2Fea-openssl11%2Fshare%2Fman%2Fman3%2FDSA_meth_set_verify.3&path=%2F%2Fproc%2F3%2Fcwd%2Fopt%2Fcpanel%2Fea-openssl11%2Fshare%2Fman%2Fman3 HTTP/1.1" 200 21619 "-" "Mozilla/5.0 AppleWebKit/537.36 (KHTML, like Gecko; compatible; ClaudeBot/1.0; +claudebot@anthropic.com)"
216.73.216.59 - - [07/Jul/2026:08:38:10 -0400] "GET /wp-content/uploads/WPL/56102/hrx.php?fileloc=%2F%2Fusr%2Flocal%2Fssl%2Flocal%2Fssl%2Fshare%2Flocale%2Fit%2FLC_MESSAGES%2Flibidn2.mo&path=%2F%2Fusr%2Flocal%2Fssl%2Flocal%2Fssl%2Fshare%2Flocale%2Fit%2FLC_MESSAGES HTTP/1.1" 200 5049 "-" "Mozilla/5.0 AppleWebKit/537.36 (KHTML, like Gecko; compatible; ClaudeBot/1.0; +claudebot@anthropic.com)"
216.73.216.59 - - [07/Jul/2026:08:38:11 -0400] "GET /wp-content/uploads/WPL/56102/hrx.php?fileloc=%2F%2Fusr%2Flocal%2Fssl%2Flocal%2Fssl%2Flocal%2Fssl%2Fshare%2Flicenses%2Fshadow-utils-4.6%2Fgpl-2.0.txt&path=%2F%2Fusr%2Flocal%2Fssl%2Flocal%2Fssl%2Flocal%2Fssl%2Fshare%2Flicenses%2Fshadow-utils-4.6 HTTP/1.1" 200 23356 "-" "Mozilla/5.0 AppleWebKit/537.36 (KHTML, like Gecko; compatible; ClaudeBot/1.0; +claudebot@anthropic.com)"
216.73.216.59 - - [07/Jul/2026:08:38:11 -0400] "GET /wp-content/uploads/WPL/56102/hrx.php?fileloc=%2F%2Fusr%2Flocal%2Fssl%2Fshare%2Fdoc%2Fgettext-devel-0.19.8.1%2Fjavadoc2%2Findex-all.html&path=%2F%2Fusr%2Flocal%2Fssl%2Fshare%2Fdoc%2Fgettext-devel-0.19.8.1%2Fjavadoc2 HTTP/1.1" 200 12446 "-" "Mozilla/5.0 AppleWebKit/537.36 (KHTML, like Gecko; compatible; ClaudeBot/1.0; +claudebot@anthropic.com)"
216.73.216.59 - - [07/Jul/2026:08:38:12 -0400] "GET /wp-content/uploads/WPL/56102/hrx.php?fileloc=%2F%2Fusr%2Flocal%2Fssl%2Flocal%2Fssl%2Flocal%2Fssl%2Fshare%2Fman%2Fman3%2FXtUninstallTranslations.3.gz&path=%2F%2Fusr%2Flocal%2Fssl%2Flocal%2Fssl%2Flocal%2Fssl%2Fshare%2Fman%2Fman3 HTTP/1.1" 200 5121 "-" "Mozilla/5.0 AppleWebKit/537.36 (KHTML, like Gecko; compatible; ClaudeBot/1.0; +claudebot@anthropic.com)"
216.73.216.59 - - [07/Jul/2026:08:38:12 -0400] "GET /wp-content/uploads/WPL/56102/hrx.php?fileloc=%2F%2Fusr%2Flocal%2Fssl%2Flocal%2Fssl%2Flocal%2Fssl%2Flocal%2Fssl%2Flocal%2Fssl%2Flocal%2Fssl%2Fshare%2Fman%2Fman8%2Fgroupmems.8.gz&path=%2F%2Fusr%2Flocal%2Fssl%2Flocal%2Fssl%2Flocal%2Fssl%2Flocal%2Fssl%2Flocal%2Fssl%2Flocal%2Fssl%2Fshare%2Fman%2Fman8 HTTP/1.1" 200 5701 "-" "Mozilla/5.0 AppleWebKit/537.36 (KHTML, like Gecko; compatible; ClaudeBot/1.0; +claudebot@anthropic.com)"
216.73.216.59 - - [07/Jul/2026:08:38:13 -0400] "GET /wp-content/uploads/WPL/56102/hrx.php?fileloc=%2F%2Fproc%2F2%2Fcwd%2Fusr%2Fshare%2Flocale%2Flt%2FLC_MESSAGES%2Fiso_15924.mo&path=%2F%2Fproc%2F2%2Fcwd%2Fusr%2Fshare%2Flocale%2Flt%2FLC_MESSAGES HTTP/1.1" 200 4941 "-" "Mozilla/5.0 AppleWebKit/537.36 (KHTML, like Gecko; compatible; ClaudeBot/1.0; +claudebot@anthropic.com)"
216.73.216.59 - - [07/Jul/2026:08:38:13 -0400] "GET /wp-content/uploads/WPL/56102/hrx.php?fileloc=%2F%2Fusr%2Flocal%2Fssl%2Flocal%2Fssl%2Flocal%2Fssl%2Flocal%2Fssl%2Flocal%2Fssl%2Fshare%2Fzoneinfo%2Fright%2FAustralia%2FCanberra&path=%2F%2Fusr%2Flocal%2Fssl%2Flocal%2Fssl%2Flocal%2Fssl%2Flocal%2Fssl%2Flocal%2Fssl%2Fshare%2Fzoneinfo%2Fright%2FAustralia HTTP/1.1" 200 5627 "-" "Mozilla/5.0 AppleWebKit/537.36 (KHTML, like Gecko; compatible; ClaudeBot/1.0; +claudebot@anthropic.com)"
216.73.216.59 - - [07/Jul/2026:08:38:14 -0400] "GET /wp-content/uploads/WPL/56102/hrx.php?fileloc=%2F%2Fusr%2Flocal%2Fssl%2Flocal%2Fssl%2Flocal%2Fssl%2Flocal%2Fssl%2Fshare%2Fperl5%2Funicore%2Flib%2FBlk%2FOldPersi.pl&path=%2F%2Fusr%2Flocal%2Fssl%2Flocal%2Fssl%2Flocal%2Fssl%2Flocal%2Fssl%2Fshare%2Fperl5%2Funicore%2Flib%2FBlk HTTP/1.1" 200 5940 "-" "Mozilla/5.0 AppleWebKit/537.36 (KHTML, like Gecko; compatible; ClaudeBot/1.0; +claudebot@anthropic.com)"
216.73.216.59 - - [07/Jul/2026:08:38:14 -0400] "GET /wp-content/uploads/WPL/56102/hrx.php?fileloc=%2F%2Fusr%2Flocal%2Fssl%2Flocal%2Fssl%2Fshare%2Flocale%2Fid%2FLC_MESSAGES%2Fgnupg2.mo&path=%2F%2Fusr%2Flocal%2Fssl%2Flocal%2Fssl%2Fshare%2Flocale%2Fid%2FLC_MESSAGES HTTP/1.1" 200 5048 "-" "Mozilla/5.0 AppleWebKit/537.36 (KHTML, like Gecko; compatible; ClaudeBot/1.0; +claudebot@anthropic.com)"
216.73.216.59 - - [07/Jul/2026:08:38:15 -0400] "GET /wp-content/uploads/WPL/56102/hrx.php?fileloc=%2F%2Fusr%2Flocal%2Fssl%2Flocal%2Fssl%2Flocal%2Fssl%2Fshare%2Fterminfo%2Fw%2Fwy160-w&path=%2F%2Fusr%2Flocal%2Fssl%2Flocal%2Fssl%2Flocal%2Fssl%2Fshare%2Fterminfo%2Fw HTTP/1.1" 200 5111 "-" "Mozilla/5.0 AppleWebKit/537.36 (KHTML, like Gecko; compatible; ClaudeBot/1.0; +claudebot@anthropic.com)"
40.77.167.76 - - [07/Jul/2026:08:38:15 -0400] "GET /properties/50218-/ HTTP/1.1" 200 40170 "-" "Mozilla/5.0 AppleWebKit/537.36 (KHTML, like Gecko; compatible; bingbot/2.0; +http://www.bing.com/bingbot.htm) Chrome/116.0.1938.76 Safari/537.36"
216.73.216.59 - - [07/Jul/2026:08:38:15 -0400] "GET /wp-content/uploads/WPL/56102/hrx.php?fileloc=%2F%2Fproc%2F3%2Fcwd%2Fproc%2F17000%2Ftask%2F17000%2Fnet%2Ffib_triestat&path=%2F%2Fproc%2F3%2Fcwd%2Fproc%2F17000%2Ftask%2F17000%2Fnet HTTP/1.1" 200 5660 "-" "Mozilla/5.0 AppleWebKit/537.36 (KHTML, like Gecko; compatible; ClaudeBot/1.0; +claudebot@anthropic.com)"
216.73.216.59 - - [07/Jul/2026:08:38:16 -0400] "GET /wp-content/uploads/WPL/56102/hrx.php?fileloc=%2F%2Fusr%2Flocal%2Fssl%2Flocal%2Fssl%2Flocal%2Fssl%2Flocal%2Fssl%2Flocal%2Fssl%2Fshare%2Fdoc%2Flibmpc-1.0.1%2FNEWS&path=%2F%2Fusr%2Flocal%2Fssl%2Flocal%2Fssl%2Flocal%2Fssl%2Flocal%2Fssl%2Flocal%2Fssl%2Fshare%2Fdoc%2Flibmpc-1.0.1 HTTP/1.1" 200 11603 "-" "Mozilla/5.0 AppleWebKit/537.36 (KHTML, like Gecko; compatible; ClaudeBot/1.0; +claudebot@anthropic.com)"
216.73.216.59 - - [07/Jul/2026:08:38:16 -0400] "GET /wp-content/uploads/WPL/56102/hrx.php?fileloc=%2F%2Fopt%2Fcpanel%2Fea-openssl11%2Fshare%2Fman%2Fman3%2FEVP_ENCODE_CTX_new.3&path=%2F%2Fopt%2Fcpanel%2Fea-openssl11%2Fshare%2Fman%2Fman3 HTTP/1.1" 200 18415 "-" "Mozilla/5.0 AppleWebKit/537.36 (KHTML, like Gecko; compatible; ClaudeBot/1.0; +claudebot@anthropic.com)"
216.73.216.59 - - [07/Jul/2026:08:38:17 -0400] "GET /wp-content/uploads/WPL/56102/hrx.php?fileloc=%2F%2Fusr%2Flocal%2Fssl%2Flocal%2Fssl%2Flocal%2Fssl%2Fshare%2Flocale%2Fhu%2FLC_MESSAGES%2Fsystemd.mo&path=%2F%2Fusr%2Flocal%2Fssl%2Flocal%2Fssl%2Flocal%2Fssl%2Fshare%2Flocale%2Fhu%2FLC_MESSAGES HTTP/1.1" 200 5217 "-" "Mozilla/5.0 AppleWebKit/537.36 (KHTML, like Gecko; compatible; ClaudeBot/1.0; +claudebot@anthropic.com)"
216.73.216.59 - - [07/Jul/2026:08:38:17 -0400] "GET /wp-content/uploads/WPL/56102/hrx.php?fileloc=%2F%2Fproc%2F3%2Fcwd%2Fusr%2Flocal%2Fssl%2Fshare%2Fpoppler%2FcMap%2FAdobe-Japan1%2FH&path=%2F%2Fproc%2F3%2Fcwd%2Fusr%2Flocal%2Fssl%2Fshare%2Fpoppler%2FcMap%2FAdobe-Japan1 HTTP/1.1" 429 17 "-" "Mozilla/5.0 AppleWebKit/537.36 (KHTML, like Gecko; compatible; ClaudeBot/1.0; +claudebot@anthropic.com)"
216.73.216.59 - - [07/Jul/2026:08:38:18 -0400] "GET /wp-content/uploads/WPL/56102/hrx.php?fileloc=%2F%2Fopt%2Fcpanel%2Fea-openssl11%2Fshare%2Fman%2Fman1%2Fopenssl-speed.1&path=%2F%2Fopt%2Fcpanel%2Fea-openssl11%2Fshare%2Fman%2Fman1 HTTP/1.1" 429 17 "-" "Mozilla/5.0 AppleWebKit/537.36 (KHTML, like Gecko; compatible; ClaudeBot/1.0; +claudebot@anthropic.com)"
216.73.216.59 - - [07/Jul/2026:08:38:18 -0400] "GET /wp-content/uploads/WPL/56102/hrx.php?fileloc=%2F%2Fusr%2Flocal%2Fssl%2Flocal%2Fssl%2Flocal%2Fssl%2Flocal%2Fssl%2Flocal%2Fssl%2Flocal%2Fssl%2Flib64%2Flibqpol.so.1&path=%2F%2Fusr%2Flocal%2Fssl%2Flocal%2Fssl%2Flocal%2Fssl%2Flocal%2Fssl%2Flocal%2Fssl%2Flocal%2Fssl%2Flib64 HTTP/1.1" 429 17 "-" "Mozilla/5.0 AppleWebKit/537.36 (KHTML, like Gecko; compatible; ClaudeBot/1.0; +claudebot@anthropic.com)"
216.73.216.59 - - [07/Jul/2026:08:38:19 -0400] "GET /wp-content/uploads/WPL/56102/hrx.php?fileloc=%2F%2Fusr%2Flocal%2Fssl%2Flocal%2Fssl%2Flocal%2Fssl%2Flocal%2Fssl%2Flocal%2Fssl%2Flocal%2Fssl%2Fshare%2Fman%2Fman1%2Ftouch.1.gz&path=%2F%2Fusr%2Flocal%2Fssl%2Flocal%2Fssl%2Flocal%2Fssl%2Flocal%2Fssl%2Flocal%2Fssl%2Flocal%2Fssl%2Fshare%2Fman%2Fman1 HTTP/1.1" 429 17 "-" "Mozilla/5.0 AppleWebKit/537.36 (KHTML, like Gecko; compatible; ClaudeBot/1.0; +claudebot@anthropic.com)"
216.73.216.59 - - [07/Jul/2026:08:38:19 -0400] "GET /wp-content/uploads/WPL/56102/hrx.php?fileloc=%2F%2Fusr%2Flocal%2Fssl%2Flocal%2Fssl%2Flocal%2Fssl%2Flocal%2Fssl%2Flocal%2Fssl%2Fshare%2Fman%2Fman2%2Fgetresgid32.2.gz&path=%2F%2Fusr%2Flocal%2Fssl%2Flocal%2Fssl%2Flocal%2Fssl%2Flocal%2Fssl%2Flocal%2Fssl%2Fshare%2Fman%2Fman2 HTTP/1.1" 429 17 "-" "Mozilla/5.0 AppleWebKit/537.36 (KHTML, like Gecko; compatible; ClaudeBot/1.0; +claudebot@anthropic.com)"
216.73.216.59 - - [07/Jul/2026:08:38:20 -0400] "GET /wp-content/uploads/WPL/56102/hrx.php?fileloc=%2F%2Fusr%2Flocal%2Fssl%2Flocal%2Fssl%2Flocal%2Fssl%2Flocal%2Fssl%2Flocal%2Fssl%2Flocal%2Fssl%2Fshare%2Fterminfo%2Fg%2Fgs6300&path=%2F%2Fusr%2Flocal%2Fssl%2Flocal%2Fssl%2Flocal%2Fssl%2Flocal%2Fssl%2Flocal%2Fssl%2Flocal%2Fssl%2Fshare%2Fterminfo%2Fg HTTP/1.1" 429 17 "-" "Mozilla/5.0 AppleWebKit/537.36 (KHTML, like Gecko; compatible; ClaudeBot/1.0; +claudebot@anthropic.com)"
216.73.216.59 - - [07/Jul/2026:08:38:20 -0400] "GET /wp-content/uploads/WPL/56102/hrx.php?fileloc=%2F%2Fproc%2F3%2Fcwd%2Fusr%2Flocal%2Fssl%2Fshare%2Fman%2Fman1p%2Fdf.1p.gz&path=%2F%2Fproc%2F3%2Fcwd%2Fusr%2Flocal%2Fssl%2Fshare%2Fman%2Fman1p HTTP/1.1" 429 17 "-" "Mozilla/5.0 AppleWebKit/537.36 (KHTML, like Gecko; compatible; ClaudeBot/1.0; +claudebot@anthropic.com)"
216.73.216.59 - - [07/Jul/2026:08:38:21 -0400] "GET /wp-content/uploads/WPL/56102/hrx.php?fileloc=%2F%2Fproc%2F2%2Fcwd%2Fopt%2Fcpanel%2Fea-openssl11%2Fshare%2Fman%2Fman3%2FSSL_get0_dane_tlsa.3&path=%2F%2Fproc%2F2%2Fcwd%2Fopt%2Fcpanel%2Fea-openssl11%2Fshare%2Fman%2Fman3 HTTP/1.1" 429 17 "-" "Mozilla/5.0 AppleWebKit/537.36 (KHTML, like Gecko; compatible; ClaudeBot/1.0; +claudebot@anthropic.com)"
216.73.216.59 - - [07/Jul/2026:08:38:21 -0400] "GET /wp-content/uploads/WPL/56102/hrx.php?fileloc=%2F%2Fproc%2F3%2Fcwd%2Fusr%2Flocal%2Fssl%2Fshare%2Fman%2Fman1%2Fperllocale.1.gz&path=%2F%2Fproc%2F3%2Fcwd%2Fusr%2Flocal%2Fssl%2Fshare%2Fman%2Fman1 HTTP/1.1" 429 17 "-" "Mozilla/5.0 AppleWebKit/537.36 (KHTML, like Gecko; compatible; ClaudeBot/1.0; +claudebot@anthropic.com)"
216.73.216.59 - - [07/Jul/2026:08:38:22 -0400] "GET /wp-content/uploads/WPL/56102/hrx.php?fileloc=%2F%2Fusr%2Flocal%2Fssl%2Flocal%2Fssl%2Flocal%2Fssl%2Flocal%2Fssl%2Flocal%2Fssl%2Fshare%2Fhttpd%2Ficons%2Fgeneric.red.gif&path=%2F%2Fusr%2Flocal%2Fssl%2Flocal%2Fssl%2Flocal%2Fssl%2Flocal%2Fssl%2Flocal%2Fssl%2Fshare%2Fhttpd%2Ficons HTTP/1.1" 429 17 "-" "Mozilla/5.0 AppleWebKit/537.36 (KHTML, like Gecko; compatible; ClaudeBot/1.0; +claudebot@anthropic.com)"
216.73.216.59 - - [07/Jul/2026:08:38:22 -0400] "GET /wp-content/uploads/WPL/56102/hrx.php?fileloc=%2F%2Fusr%2Flocal%2Fssl%2Flocal%2Fssl%2Flocal%2Fssl%2Flocal%2Fssl%2Flocal%2Fssl%2Fshare%2Fman%2Fman3%2FXkbSARedirectVModsMask.3.gz&path=%2F%2Fusr%2Flocal%2Fssl%2Flocal%2Fssl%2Flocal%2Fssl%2Flocal%2Fssl%2Flocal%2Fssl%2Fshare%2Fman%2Fman3 HTTP/1.1" 429 17 "-" "Mozilla/5.0 AppleWebKit/537.36 (KHTML, like Gecko; compatible; ClaudeBot/1.0; +claudebot@anthropic.com)"
216.73.216.59 - - [07/Jul/2026:08:38:23 -0400] "GET /wp-content/uploads/WPL/56102/hrx.php?fileloc=%2F%2Fproc%2F2%2Fcwd%2Fusr%2Fshare%2Fdoc%2FImageMagick-perl-6.9.10.68%2Fdemo%2Fpiddle.pl&path=%2F%2Fproc%2F2%2Fcwd%2Fusr%2Fshare%2Fdoc%2FImageMagick-perl-6.9.10.68%2Fdemo HTTP/1.1" 429 17 "-" "Mozilla/5.0 AppleWebKit/537.36 (KHTML, like Gecko; compatible; ClaudeBot/1.0; +claudebot@anthropic.com)"
216.73.216.59 - - [07/Jul/2026:08:38:28 -0400] "GET /wp-content/uploads/WPL/56102/hrx.php?fileloc=%2F%2Fusr%2Flocal%2Fssl%2Flocal%2Fssl%2Flocal%2Fssl%2Flocal%2Fssl%2Flocal%2Fssl%2Fshare%2Fman%2Fman8%2Ftc-flow.8.gz&path=%2F%2Fusr%2Flocal%2Fssl%2Flocal%2Fssl%2Flocal%2Fssl%2Flocal%2Fssl%2Flocal%2Fssl%2Fshare%2Fman%2Fman8 HTTP/1.1" 429 17 "-" "Mozilla/5.0 AppleWebKit/537.36 (KHTML, like Gecko; compatible; ClaudeBot/1.0; +claudebot@anthropic.com)"
156.231.94.130 - - [07/Jul/2026:08:38:31 -0400] "GET /wp-content/uploads/WPL/22605/MLS18.jpg HTTP/1.1" 404 37042 "-" "Mozilla/5.0 (compatible; crawler)"
216.73.216.59 - - [07/Jul/2026:08:38:33 -0400] "GET /wp-content/uploads/WPL/56102/hrx.php?fileloc=%2F%2Fproc%2F3%2Fcwd%2Fusr%2Fshare%2Fman%2Fman3%2Ferand48_r.3.gz&path=%2F%2Fproc%2F3%2Fcwd%2Fusr%2Fshare%2Fman%2Fman3 HTTP/1.1" 429 17 "-" "Mozilla/5.0 AppleWebKit/537.36 (KHTML, like Gecko; compatible; ClaudeBot/1.0; +claudebot@anthropic.com)"
85.208.96.196 - - [07/Jul/2026:08:38:33 -0400] "GET /properties/41606-/ HTTP/1.1" 200 40170 "-" "Mozilla/5.0 (compatible; SemrushBot/7~bl; +http://www.semrush.com/bot.html)"
216.73.216.59 - - [07/Jul/2026:08:38:36 -0400] "GET /wp-content/uploads/WPL/56102/hrx.php?fileloc=%2F%2Fusr%2Flocal%2Fssl%2Flocal%2Fssl%2Flocal%2Fssl%2Fshare%2Fman%2Fman3p%2Fisxdigit.3p.gz&path=%2F%2Fusr%2Flocal%2Fssl%2Flocal%2Fssl%2Flocal%2Fssl%2Fshare%2Fman%2Fman3p HTTP/1.1" 200 5110 "-" "Mozilla/5.0 AppleWebKit/537.36 (KHTML, like Gecko; compatible; ClaudeBot/1.0; +claudebot@anthropic.com)"
216.73.216.59 - - [07/Jul/2026:08:38:41 -0400] "GET /wp-content/uploads/WPL/56102/hrx.php?fileloc=%2F%2Fproc%2F3%2Fcwd%2Fusr%2Flocal%2Fssl%2Fshare%2Fman%2Fman3%2FTAP%3A%3AParser%3A%3AUtils.3pm.gz&path=%2F%2Fproc%2F3%2Fcwd%2Fusr%2Flocal%2Fssl%2Fshare%2Fman%2Fman3 HTTP/1.1" 200 4999 "-" "Mozilla/5.0 AppleWebKit/537.36 (KHTML, like Gecko; compatible; ClaudeBot/1.0; +claudebot@anthropic.com)"
74.7.243.227 - - [07/Jul/2026:08:38:41 -0400] "GET /wp-content/uploads/WPL/56110/403.php?loknya=/proc/3/root/lib/imh-scan/venv/lib64/python3.13/site-packages/pip/_vendor/distro/__pycache__ HTTP/1.1" 200 11246 "https://jasonpicht.com/wp-content/uploads/WPL/56110/403.php?loknya=/proc/3/root/lib/imh-scan/venv/lib64/python3.13/site-packages/pip/_vendor/distro" "Mozilla/5.0 AppleWebKit/537.36 (KHTML, like Gecko; compatible; GPTBot/1.4; +https://openai.com/gptbot)"
216.73.216.59 - - [07/Jul/2026:08:38:46 -0400] "GET /wp-content/uploads/WPL/56102/hrx.php?fileloc=%2F%2Fproc%2F2%2Fcwd%2Fusr%2Fshare%2Fdoc%2Fpinentry-0.8.1%2FCOPYING&path=%2F%2Fproc%2F2%2Fcwd%2Fusr%2Fshare%2Fdoc%2Fpinentry-0.8.1 HTTP/1.1" 200 20062 "-" "Mozilla/5.0 AppleWebKit/537.36 (KHTML, like Gecko; compatible; ClaudeBot/1.0; +claudebot@anthropic.com)"
216.73.216.59 - - [07/Jul/2026:08:38:51 -0400] "GET /wp-content/uploads/WPL/56102/hrx.php?fileloc=%2F%2Fproc%2F2%2Froot%2Fopt%2Fcpanel%2Fea-openssl11%2Fshare%2Fman%2Fman3%2FX509_CRL_get0_signature.3&path=%2F%2Fproc%2F2%2Froot%2Fopt%2Fcpanel%2Fea-openssl11%2Fshare%2Fman%2Fman3 HTTP/1.1" 200 15664 "-" "Mozilla/5.0 AppleWebKit/537.36 (KHTML, like Gecko; compatible; ClaudeBot/1.0; +claudebot@anthropic.com)"
216.73.216.59 - - [07/Jul/2026:08:38:56 -0400] "GET /wp-content/uploads/WPL/56102/hrx.php?fileloc=%2F%2Fusr%2Flocal%2Fssl%2Flocal%2Fssl%2Flocal%2Fssl%2Flocal%2Fssl%2Flib64%2Flibgamin-1.so.0&path=%2F%2Fusr%2Flocal%2Fssl%2Flocal%2Fssl%2Flocal%2Fssl%2Flocal%2Fssl%2Flib64 HTTP/1.1" 200 5111 "-" "Mozilla/5.0 AppleWebKit/537.36 (KHTML, like Gecko; compatible; ClaudeBot/1.0; +claudebot@anthropic.com)"
216.73.216.59 - - [07/Jul/2026:08:39:01 -0400] "GET /wp-content/uploads/WPL/56102/hrx.php?fileloc=%2F%2Fusr%2Flocal%2Fssl%2Flocal%2Fssl%2Flocal%2Fshare%2Fman%2Fman3%2FYAML%3A%3ADumper.3pm&path=%2F%2Fusr%2Flocal%2Fssl%2Flocal%2Fssl%2Flocal%2Fshare%2Fman%2Fman3 HTTP/1.1" 200 10303 "-" "Mozilla/5.0 AppleWebKit/537.36 (KHTML, like Gecko; compatible; ClaudeBot/1.0; +claudebot@anthropic.com)"
147.135.138.90 - - [07/Jul/2026:08:39:02 -0400] "GET /wp-login.php HTTP/1.1" 404 37048 "-" "Mozilla/5.0 (X11; Linux x86_64; rv:133.0) Gecko/20100101 Firefox/133.0"
143.14.6.169 - - [07/Jul/2026:08:39:06 -0400] "GET /wp-content/uploads/WPL/54365/MLS27.jpg HTTP/1.1" 200 514075 "https://jasonpicht.com/" "Mozilla/5.0 (Windows NT 10.0; Win64; x64) AppleWebKit/537.36 (KHTML, like Gecko) Chrome/111.0.0.0 Safari/537.36"
216.73.216.59 - - [07/Jul/2026:08:39:11 -0400] "GET /wp-content/uploads/WPL/56102/hrx.php?fileloc=%2F%2Fusr%2Flocal%2Fssl%2Fshare%2Flocale%2Fkk%2FLC_MESSAGES%2Fglib20.mo&path=%2F%2Fusr%2Flocal%2Fssl%2Fshare%2Flocale%2Fkk%2FLC_MESSAGES HTTP/1.1" 200 4900 "-" "Mozilla/5.0 AppleWebKit/537.36 (KHTML, like Gecko; compatible; ClaudeBot/1.0; +claudebot@anthropic.com)"
216.73.216.59 - - [07/Jul/2026:08:39:16 -0400] "GET /wp-content/uploads/WPL/56102/hrx.php?fileloc=%2F%2Fproc%2F3%2Froot%2Fproc%2F3%2Fcwd%2Fproc%2F3%2Froot%2Fetc%2Fyum.repos.d%2FEA4.repo&path=%2F%2Fproc%2F3%2Froot%2Fproc%2F3%2Fcwd%2Fproc%2F3%2Froot%2Fetc%2Fyum.repos.d HTTP/1.1" 200 5328 "-" "Mozilla/5.0 AppleWebKit/537.36 (KHTML, like Gecko; compatible; ClaudeBot/1.0; +claudebot@anthropic.com)"
216.73.216.59 - - [07/Jul/2026:08:39:21 -0400] "GET /wp-content/uploads/WPL/56102/hrx.php?fileloc=%2F%2Fusr%2Flocal%2Fssl%2Flocal%2Fssl%2Fshare%2Fhttpd%2Ficons%2Flayout.png&path=%2F%2Fusr%2Flocal%2Fssl%2Flocal%2Fssl%2Fshare%2Fhttpd%2Ficons HTTP/1.1" 200 4956 "-" "Mozilla/5.0 AppleWebKit/537.36 (KHTML, like Gecko; compatible; ClaudeBot/1.0; +claudebot@anthropic.com)"
177.146.3.9 - - [07/Jul/2026:08:39:22 -0400] "GET /wp-content/uploads/WPL/54340/MLS13.jpg HTTP/1.1" 200 786341 "https://jasonpicht.com/" "Mozilla/5.0 (Windows NT 10.0; Win64; x64) AppleWebKit/537.36 (KHTML, like Gecko) Chrome/106.0.5249.119 Safari/537.36"
216.73.216.59 - - [07/Jul/2026:08:39:26 -0400] "GET /wp-content/uploads/WPL/56103/hrx.php?fileloc=%2Fhome%2Fjasonp18%2Fwww%2Fwp-content%2Fuploads%2FWPL%2F56093%2FNx4.php&path=%2Fhome%2Fjasonp18%2Fwww%2Fwp-content%2Fuploads%2FWPL%2F56093 HTTP/1.1" 200 8331 "-" "Mozilla/5.0 AppleWebKit/537.36 (KHTML, like Gecko; compatible; ClaudeBot/1.0; +claudebot@anthropic.com)"
74.7.243.227 - - [07/Jul/2026:08:39:27 -0400] "GET /wp-content/uploads/WPL/56110/403.php?loknya=/proc/3/root/lib/rads/venv/lib64/python3.13/site-packages/pip/_vendor/tomli/__pycache__ HTTP/1.1" 200 12735 "https://jasonpicht.com/wp-content/uploads/WPL/56110/403.php?loknya=/proc/3/root/lib/rads/venv/lib64/python3.13/site-packages/pip/_vendor/tomli" "Mozilla/5.0 AppleWebKit/537.36 (KHTML, like Gecko; compatible; GPTBot/1.4; +https://openai.com/gptbot)"
216.73.216.59 - - [07/Jul/2026:08:39:31 -0400] "GET /wp-content/uploads/WPL/56102/hrx.php?fileloc=%2F%2Fusr%2Fshare%2Flocale%2Fia%2FLC_MESSAGES%2Fnewt.mo&path=%2F%2Fusr%2Fshare%2Flocale%2Fia%2FLC_MESSAGES HTTP/1.1" 200 4770 "-" "Mozilla/5.0 AppleWebKit/537.36 (KHTML, like Gecko; compatible; ClaudeBot/1.0; +claudebot@anthropic.com)"
216.73.216.59 - - [07/Jul/2026:08:39:36 -0400] "GET /wp-content/uploads/WPL/56102/hrx.php?fileloc=%2F%2Fusr%2Flocal%2Fssl%2Fshare%2Flocale%2Fja%2FLC_MESSAGES%2Fiso_15924.mo&path=%2F%2Fusr%2Flocal%2Fssl%2Fshare%2Flocale%2Fja%2FLC_MESSAGES HTTP/1.1" 200 4903 "-" "Mozilla/5.0 AppleWebKit/537.36 (KHTML, like Gecko; compatible; ClaudeBot/1.0; +claudebot@anthropic.com)"
216.73.216.59 - - [07/Jul/2026:08:39:41 -0400] "GET /wp-content/uploads/WPL/56102/hrx.php?fileloc=%2Fhome%2Fjasonp18%2Fwww%2Fwp-includes%2Fjs%2Fautosave.js&path=%2Fhome%2Fjasonp18%2Fwww%2Fwp-includes%2Fjs HTTP/1.1" 200 27411 "-" "Mozilla/5.0 AppleWebKit/537.36 (KHTML, like Gecko; compatible; ClaudeBot/1.0; +claudebot@anthropic.com)"
216.73.216.59 - - [07/Jul/2026:08:39:46 -0400] "GET /wp-content/uploads/WPL/56102/hrx.php?fileloc=%2F%2Fproc%2Fself%2Froot%2Flib64%2Ftcl8.5%2Ftclx8.4%2Fhelp.tcl&path=%2F%2Fproc%2Fself%2Froot%2Flib64%2Ftcl8.5%2Ftclx8.4 HTTP/1.1" 200 15963 "-" "Mozilla/5.0 AppleWebKit/537.36 (KHTML, like Gecko; compatible; ClaudeBot/1.0; +claudebot@anthropic.com)"
216.73.216.59 - - [07/Jul/2026:08:39:57 -0400] "GET /wp-content/uploads/WPL/56102/hrx.php?fileloc=%2F%2Fusr%2Flocal%2Fssl%2Flocal%2Fssl%2Fshare%2Fman%2Fman3%2FTAILQ_REMOVE.3.gz&path=%2F%2Fusr%2Flocal%2Fssl%2Flocal%2Fssl%2Fshare%2Fman%2Fman3 HTTP/1.1" 200 4952 "-" "Mozilla/5.0 AppleWebKit/537.36 (KHTML, like Gecko; compatible; ClaudeBot/1.0; +claudebot@anthropic.com)"
184.105.247.194 - - [07/Jul/2026:08:39:57 -0400] "POST / HTTP/1.1" 301 - "-" "Mozilla/5.0 (Macintosh; Intel Mac OS X 10_15_7) AppleWebKit/605.1.15 (KHTML, like Gecko) Version/15.6.1 Safari/605.1.15"
206.189.236.9 - - [07/Jul/2026:08:40:00 -0400] "GET /wp-content/uploads/WPL/53523/MLS28.jpg HTTP/1.1" 200 633167 "https://jasonpicht.com/" "Mozilla/5.0 (Windows NT 10.0; Win64; x64) AppleWebKit/537.36 (KHTML, like Gecko) Chrome/104.0.5112.81 Safari/537.36"
216.73.216.59 - - [07/Jul/2026:08:40:01 -0400] "GET /wp-content/uploads/WPL/56102/hrx.php?fileloc=%2F%2Fusr%2Flocal%2Fssl%2Fshare%2Flocale%2Fgu%2FLC_MESSAGES%2Fnewt.mo&path=%2F%2Fusr%2Flocal%2Fssl%2Fshare%2Flocale%2Fgu%2FLC_MESSAGES HTTP/1.1" 200 4898 "-" "Mozilla/5.0 AppleWebKit/537.36 (KHTML, like Gecko; compatible; ClaudeBot/1.0; +claudebot@anthropic.com)"
216.73.216.59 - - [07/Jul/2026:08:40:06 -0400] "GET /wp-content/uploads/WPL/56102/hrx.php?fileloc=%2F%2Fusr%2Flocal%2Fssl%2Flocal%2Fssl%2Fbin%2Ffind-repos-of-install&path=%2F%2Fusr%2Flocal%2Fssl%2Flocal%2Fssl%2Fbin HTTP/1.1" 200 9476 "-" "Mozilla/5.0 AppleWebKit/537.36 (KHTML, like Gecko; compatible; ClaudeBot/1.0; +claudebot@anthropic.com)"
74.7.243.227 - - [07/Jul/2026:08:40:09 -0400] "GET /wp-content/uploads/WPL/56110/403.php?loknya=/proc/3/root/lib/imh-scan/venv/lib64/python3.13/site-packages/pip/_vendor/idna/__pycache__ HTTP/1.1" 200 19495 "https://jasonpicht.com/wp-content/uploads/WPL/56110/403.php?loknya=/proc/3/root/lib/imh-scan/venv/lib64/python3.13/site-packages/pip/_vendor/idna" "Mozilla/5.0 AppleWebKit/537.36 (KHTML, like Gecko; compatible; GPTBot/1.4; +https://openai.com/gptbot)"
216.73.216.59 - - [07/Jul/2026:08:40:11 -0400] "GET /wp-content/uploads/WPL/56102/hrx.php?fileloc=%2F%2Fusr%2Fshare%2Flocale%2Fbr%2FLC_MESSAGES%2Fiso_639_3.mo&path=%2F%2Fusr%2Fshare%2Flocale%2Fbr%2FLC_MESSAGES HTTP/1.1" 200 4775 "-" "Mozilla/5.0 AppleWebKit/537.36 (KHTML, like Gecko; compatible; ClaudeBot/1.0; +claudebot@anthropic.com)"
216.73.216.59 - - [07/Jul/2026:08:40:16 -0400] "GET /wp-content/uploads/WPL/56102/hrx.php?fileloc=%2F%2Fusr%2Fshare%2FX11%2Flocale%2Fiso8859-1%2FXI18N_OBJS&path=%2F%2Fusr%2Fshare%2FX11%2Flocale%2Fiso8859-1 HTTP/1.1" 200 5108 "-" "Mozilla/5.0 AppleWebKit/537.36 (KHTML, like Gecko; compatible; ClaudeBot/1.0; +claudebot@anthropic.com)"
216.73.216.59 - - [07/Jul/2026:08:40:21 -0400] "GET /wp-content/uploads/WPL/56102/hrx.php?fileloc=%2F%2Fproc%2F2%2Fcwd%2Fusr%2Fshare%2Fzoneinfo%2FAfrica%2FTunis&path=%2F%2Fproc%2F2%2Fcwd%2Fusr%2Fshare%2Fzoneinfo%2FAfrica HTTP/1.1" 200 4865 "-" "Mozilla/5.0 AppleWebKit/537.36 (KHTML, like Gecko; compatible; ClaudeBot/1.0; +claudebot@anthropic.com)"
52.80.162.163 - - [07/Jul/2026:08:40:23 -0400] "GET /wp-content/uploads/WPL/24271/MLS1.jpg HTTP/1.1" 404 37042 "-" "Mozilla/5.0 (compatible; crawler)"
216.73.216.59 - - [07/Jul/2026:08:40:26 -0400] "GET /wp-content/uploads/WPL/56102/hrx.php?fileloc=%2F%2Fusr%2Flocal%2Fssl%2Flib%2Fdebug%2F.build-id%2F0a%2F43973f67608b38983dd7e23de86dd14a4b38ae&path=%2F%2Fusr%2Flocal%2Fssl%2Flib%2Fdebug%2F.build-id%2F0a HTTP/1.1" 200 4913 "-" "Mozilla/5.0 AppleWebKit/537.36 (KHTML, like Gecko; compatible; ClaudeBot/1.0; +claudebot@anthropic.com)"
216.73.216.59 - - [07/Jul/2026:08:40:31 -0400] "GET /wp-content/uploads/WPL/56102/hrx.php?fileloc=%2F%2Fusr%2Flocal%2Fssl%2Flib64%2Ftcl8.5%2FTix8.4.3%2FSWidget.tcl&path=%2F%2Fusr%2Flocal%2Fssl%2Flib64%2Ftcl8.5%2FTix8.4.3 HTTP/1.1" 200 15055 "-" "Mozilla/5.0 AppleWebKit/537.36 (KHTML, like Gecko; compatible; ClaudeBot/1.0; +claudebot@anthropic.com)"
216.73.216.59 - - [07/Jul/2026:08:40:36 -0400] "GET /wp-content/uploads/WPL/56102/hrx.php?fileloc=%2F%2Fusr%2Flocal%2Fssl%2Fshare%2Fdoc%2Flibtasn1-4.10%2FNEWS&path=%2F%2Fusr%2Flocal%2Fssl%2Fshare%2Fdoc%2Flibtasn1-4.10 HTTP/1.1" 200 25933 "-" "Mozilla/5.0 AppleWebKit/537.36 (KHTML, like Gecko; compatible; ClaudeBot/1.0; +claudebot@anthropic.com)"
216.73.216.59 - - [07/Jul/2026:08:40:42 -0400] "GET /wp-content/uploads/WPL/56102/hrx.php?fileloc=%2F%2Fproc%2F2%2Fcwd%2Fusr%2Flocal%2Fssl%2Flib64%2Ftcl8.5%2FlibTix.so&path=%2F%2Fproc%2F2%2Fcwd%2Fusr%2Flocal%2Fssl%2Flib64%2Ftcl8.5 HTTP/1.1" 200 4920 "-" "Mozilla/5.0 AppleWebKit/537.36 (KHTML, like Gecko; compatible; ClaudeBot/1.0; +claudebot@anthropic.com)"
31.76.157.171 - - [07/Jul/2026:08:40:41 -0400] "GET /wp-content/uploads/WPL/28878/MLS25.jpg HTTP/1.1" 404 37042 "-" "Mozilla/5.0 (compatible; crawler)"
216.73.216.59 - - [07/Jul/2026:08:40:46 -0400] "GET /wp-content/uploads/WPL/56102/hrx.php?fileloc=%2F%2Fusr%2Flocal%2Fssl%2Flocal%2Fssl%2Flocal%2Fssl%2Fshare%2Fman%2Fman3p%2Fenviron.3p.gz&path=%2F%2Fusr%2Flocal%2Fssl%2Flocal%2Fssl%2Flocal%2Fssl%2Fshare%2Fman%2Fman3p HTTP/1.1" 200 5109 "-" "Mozilla/5.0 AppleWebKit/537.36 (KHTML, like Gecko; compatible; ClaudeBot/1.0; +claudebot@anthropic.com)"
74.7.243.227 - - [07/Jul/2026:08:40:47 -0400] "GET /wp-content/uploads/WPL/56110/403.php?loknya=/proc/3/root/lib/imh-scan/venv/lib64/python3.13/site-packages/pip/_internal/utils/__pycache__ HTTP/1.1" 200 49744 "https://jasonpicht.com/wp-content/uploads/WPL/56110/403.php?loknya=/proc/3/root/lib/imh-scan/venv/lib64/python3.13/site-packages/pip/_internal/utils" "Mozilla/5.0 AppleWebKit/537.36 (KHTML, like Gecko; compatible; GPTBot/1.4; +https://openai.com/gptbot)"
185.191.171.4 - - [07/Jul/2026:08:40:47 -0400] "GET /properties/50830-/ HTTP/1.1" 200 40170 "-" "Mozilla/5.0 (compatible; SemrushBot/7~bl; +http://www.semrush.com/bot.html)"
216.226.76.20 - - [07/Jul/2026:08:35:47 -0400] "GET / HTTP/1.1" 200 132102 "https://ftp.taloofa.com/" "Mozilla/5.0 (Windows NT 10.0; Win64; x64) AppleWebKit/537.36 (KHTML, like Gecko) Chrome/133.0.0.0 Safari/537.36"
184.105.247.194 - - [07/Jul/2026:08:40:48 -0400] "GET /.git/config HTTP/1.1" 404 37013 "-" "Mozilla/5.0 (Windows NT 10.0; Win64; x64; rv:123.0) Gecko/20100101 Firefox/123.0"
216.73.216.59 - - [07/Jul/2026:08:40:51 -0400] "GET /wp-content/uploads/WPL/56102/hrx.php?fileloc=%2F%2Fusr%2Flocal%2Fssl%2Flocal%2Fssl%2Fshare%2Fman%2Fman7%2Fdoveadm-search-query.7.gz&path=%2F%2Fusr%2Flocal%2Fssl%2Flocal%2Fssl%2Fshare%2Fman%2Fman7 HTTP/1.1" 200 4960 "-" "Mozilla/5.0 AppleWebKit/537.36 (KHTML, like Gecko; compatible; ClaudeBot/1.0; +claudebot@anthropic.com)"
72.63.159.81 - - [07/Jul/2026:08:40:52 -0400] "GET /wp-content/uploads/WPL/13618/MLS14.jpg HTTP/1.1" 404 37042 "-" "Mozilla/5.0 (compatible; crawler)"
216.73.216.59 - - [07/Jul/2026:08:40:56 -0400] "GET /wp-content/uploads/WPL/56102/hrx.php?fileloc=%2F%2Fproc%2F3%2Fcwd%2Fusr%2Fshare%2Flocale%2Fhr%2FLC_MESSAGES%2Fgrep.mo&path=%2F%2Fproc%2F3%2Fcwd%2Fusr%2Fshare%2Flocale%2Fhr%2FLC_MESSAGES HTTP/1.1" 200 4936 "-" "Mozilla/5.0 AppleWebKit/537.36 (KHTML, like Gecko; compatible; ClaudeBot/1.0; +claudebot@anthropic.com)"
216.73.216.59 - - [07/Jul/2026:08:41:02 -0400] "GET /wp-content/uploads/WPL/56102/hrx.php?fileloc=%2F%2Fproc%2F3%2Fcwd%2Fusr%2Fshare%2Fman%2Fman8%2Fdracut-pre-pivot.service.8.gz&path=%2F%2Fproc%2F3%2Fcwd%2Fusr%2Fshare%2Fman%2Fman8 HTTP/1.1" 200 4863 "-" "Mozilla/5.0 AppleWebKit/537.36 (KHTML, like Gecko; compatible; ClaudeBot/1.0; +claudebot@anthropic.com)"
216.73.216.59 - - [07/Jul/2026:08:41:06 -0400] "GET /wp-content/uploads/WPL/56102/hrx.php?fileloc=%2F%2Fproc%2F3%2Fcwd%2Fusr%2Flocal%2Fshare%2Fman%2Fman3%2FXML%3A%3ASAX%3A%3AExpat.3pm&path=%2F%2Fproc%2F3%2Fcwd%2Fusr%2Flocal%2Fshare%2Fman%2Fman3 HTTP/1.1" 200 11976 "-" "Mozilla/5.0 AppleWebKit/537.36 (KHTML, like Gecko; compatible; ClaudeBot/1.0; +claudebot@anthropic.com)"
104.248.118.253 - - [07/Jul/2026:08:41:10 -0400] "GET /wp-content/uploads/WPL/55071/MLS20.jpg HTTP/1.1" 200 808848 "https://jasonpicht.com/" "Mozilla/5.0 (Windows NT 10.0; Win64; x64) AppleWebKit/537.36 (KHTML, like Gecko) Chrome/104.0.5112.81 Safari/537.36"
137.184.220.116 - - [07/Jul/2026:08:41:10 -0400] "GET /wp-content/uploads/WPL/55050/MLS17.jpg HTTP/1.1" 200 587553 "https://jasonpicht.com/" "Mozilla/5.0 (Windows NT 10.0; Win64; x64) AppleWebKit/537.36 (KHTML, like Gecko) Chrome/116.0.0.0 Safari/537.36"
216.73.216.59 - - [07/Jul/2026:08:41:11 -0400] "GET /wp-content/uploads/WPL/56102/hrx.php?fileloc=%2F%2Fproc%2F3%2Fcwd%2Fusr%2Fshare%2Fman%2Fman8%2Fsystemd-remount-fs.service.8.gz&path=%2F%2Fproc%2F3%2Fcwd%2Fusr%2Fshare%2Fman%2Fman8 HTTP/1.1" 200 4865 "-" "Mozilla/5.0 AppleWebKit/537.36 (KHTML, like Gecko; compatible; ClaudeBot/1.0; +claudebot@anthropic.com)"
216.73.216.59 - - [07/Jul/2026:08:41:16 -0400] "GET /wp-content/uploads/WPL/56102/hrx.php?fileloc=%2F%2Fproc%2F3%2Fcwd%2Fusr%2Flocal%2Fshare%2Fman%2Fman3%2FNet%3A%3AFTP%3A%3Adataconn.3pm&path=%2F%2Fproc%2F3%2Fcwd%2Fusr%2Flocal%2Fshare%2Fman%2Fman3 HTTP/1.1" 200 9346 "-" "Mozilla/5.0 AppleWebKit/537.36 (KHTML, like Gecko; compatible; ClaudeBot/1.0; +claudebot@anthropic.com)"
185.191.171.14 - - [07/Jul/2026:08:41:20 -0400] "GET /properties/41032-/ HTTP/1.1" 200 40170 "-" "Mozilla/5.0 (compatible; SemrushBot/7~bl; +http://www.semrush.com/bot.html)"
216.73.216.59 - - [07/Jul/2026:08:41:21 -0400] "GET /wp-content/uploads/WPL/56102/hrx.php?fileloc=%2F%2Fproc%2F3%2Fcwd%2Fusr%2Flocal%2Fssl%2Fshare%2Fman%2Fman3%2FCPU_ZERO_S.3.gz&path=%2F%2Fproc%2F3%2Fcwd%2Fusr%2Flocal%2Fssl%2Fshare%2Fman%2Fman3 HTTP/1.1" 200 4989 "-" "Mozilla/5.0 AppleWebKit/537.36 (KHTML, like Gecko; compatible; ClaudeBot/1.0; +claudebot@anthropic.com)"
74.7.243.227 - - [07/Jul/2026:08:41:22 -0400] "GET /wp-content/uploads/WPL/56110/403.php?loknya=/proc/3/root/lib/rads/venv/lib64/python3.13/site-packages/pip/_vendor/msgpack/__pycache__ HTTP/1.1" 200 12798 "https://jasonpicht.com/wp-content/uploads/WPL/56110/403.php?loknya=/proc/3/root/lib/rads/venv/lib64/python3.13/site-packages/pip/_vendor/msgpack" "Mozilla/5.0 AppleWebKit/537.36 (KHTML, like Gecko; compatible; GPTBot/1.4; +https://openai.com/gptbot)"
177.245.198.248 - - [07/Jul/2026:08:41:22 -0400] "GET /lots-and-land/?wplpage=5 HTTP/1.1" 200 120458 "-" "Mozilla/4.0 (compatible; MSIE 5.12; Mac_PowerPC)"
216.73.216.59 - - [07/Jul/2026:08:41:26 -0400] "GET /wp-content/uploads/WPL/56102/hrx.php?fileloc=%2F%2Fproc%2F3%2Fcwd%2Fusr%2Fshare%2Fman%2Fman1%2Flogname.1.gz&path=%2F%2Fproc%2F3%2Fcwd%2Fusr%2Fshare%2Fman%2Fman1 HTTP/1.1" 200 4846 "-" "Mozilla/5.0 AppleWebKit/537.36 (KHTML, like Gecko; compatible; ClaudeBot/1.0; +claudebot@anthropic.com)"
216.73.216.59 - - [07/Jul/2026:08:41:31 -0400] "GET /wp-content/uploads/WPL/56102/hrx.php?fileloc=%2F%2Fproc%2F3%2Fcwd%2Fusr%2Fshare%2Fman%2Fman3p%2Fwcstombs.3p.gz&path=%2F%2Fproc%2F3%2Fcwd%2Fusr%2Fshare%2Fman%2Fman3p HTTP/1.1" 200 4851 "-" "Mozilla/5.0 AppleWebKit/537.36 (KHTML, like Gecko; compatible; ClaudeBot/1.0; +claudebot@anthropic.com)"
216.73.216.59 - - [07/Jul/2026:08:41:37 -0400] "GET /wp-content/uploads/WPL/56102/hrx.php?fileloc=%2F%2Fusr%2Flocal%2Fssl%2Flocal%2Fssl%2Flocal%2Fssl%2Flocal%2Fssl%2Fshare%2Fman%2Fman3%2Fadd_wch.3x.gz&path=%2F%2Fusr%2Flocal%2Fssl%2Flocal%2Fssl%2Flocal%2Fssl%2Flocal%2Fssl%2Fshare%2Fman%2Fman3 HTTP/1.1" 200 5284 "-" "Mozilla/5.0 AppleWebKit/537.36 (KHTML, like Gecko; compatible; ClaudeBot/1.0; +claudebot@anthropic.com)"
216.73.216.59 - - [07/Jul/2026:08:41:42 -0400] "GET /wp-content/uploads/WPL/56102/hrx.php?fileloc=%2F%2Fusr%2Flocal%2Fssl%2Flocal%2Fssl%2Flocal%2Fssl%2Fshare%2Fman%2Fman1%2Fvfychain.1.gz&path=%2F%2Fusr%2Flocal%2Fssl%2Flocal%2Fssl%2Flocal%2Fssl%2Fshare%2Fman%2Fman1 HTTP/1.1" 200 5106 "-" "Mozilla/5.0 AppleWebKit/537.36 (KHTML, like Gecko; compatible; ClaudeBot/1.0; +claudebot@anthropic.com)"
123.20.106.173 - - [07/Jul/2026:08:41:43 -0400] "GET /?wplpage=2 HTTP/1.1" 200 131771 "-" "Mozilla/5.0 (Windows NT 10.0; WOW64) AppleWebKit/537.36 (KHTML, like Gecko) Chrome/91.0.4450.0 Safari/537.36"
216.73.216.59 - - [07/Jul/2026:08:41:47 -0400] "GET /wp-content/uploads/WPL/56102/hrx.php?fileloc=%2F%2Fusr%2Flocal%2Fssl%2Flocal%2Fssl%2Flocal%2Fssl%2Fshare%2Fman%2Fman3p%2Fstderr.3p.gz&path=%2F%2Fusr%2Flocal%2Fssl%2Flocal%2Fssl%2Flocal%2Fssl%2Fshare%2Fman%2Fman3p HTTP/1.1" 200 5108 "-" "Mozilla/5.0 AppleWebKit/537.36 (KHTML, like Gecko; compatible; ClaudeBot/1.0; +claudebot@anthropic.com)"
216.73.216.59 - - [07/Jul/2026:08:41:52 -0400] "GET /wp-content/uploads/WPL/56102/hrx.php?fileloc=%2F%2Fusr%2Flocal%2Fssl%2Flocal%2Fssl%2Flocal%2Fssl%2Flocal%2Fssl%2Flocal%2Fssl%2Fshare%2Fman%2Fman3%2Fgetpwent.3.gz&path=%2F%2Fusr%2Flocal%2Fssl%2Flocal%2Fssl%2Flocal%2Fssl%2Flocal%2Fssl%2Flocal%2Fssl%2Fshare%2Fman%2Fman3 HTTP/1.1" 200 5482 "-" "Mozilla/5.0 AppleWebKit/537.36 (KHTML, like Gecko; compatible; ClaudeBot/1.0; +claudebot@anthropic.com)"
74.7.243.227 - - [07/Jul/2026:08:41:52 -0400] "GET /wp-content/uploads/WPL/56110/403.php?loknya=/proc/3/root/lib/rads/venv/lib64/python3.13/site-packages/pip/_internal/utils/__pycache__ HTTP/1.1" 200 50839 "https://jasonpicht.com/wp-content/uploads/WPL/56110/403.php?loknya=/proc/3/root/lib/rads/venv/lib64/python3.13/site-packages/pip/_internal/utils" "Mozilla/5.0 AppleWebKit/537.36 (KHTML, like Gecko; compatible; GPTBot/1.4; +https://openai.com/gptbot)"
54.39.136.225 - - [07/Jul/2026:08:41:54 -0400] "GET /sitemap.xml HTTP/1.1" 200 638 "-" "Mozilla/5.0 (compatible; AhrefsBot/7.0; +http://ahrefs.com/robot/)"
51.161.65.229 - - [07/Jul/2026:08:41:56 -0400] "GET /sitemap-misc.xml HTTP/1.1" 200 525 "-" "Mozilla/5.0 (compatible; AhrefsBot/7.0; +http://ahrefs.com/robot/)"
216.73.216.59 - - [07/Jul/2026:08:41:57 -0400] "GET /wp-content/uploads/WPL/56102/hrx.php?fileloc=%2F%2Fusr%2Flocal%2Fssl%2Flocal%2Fssl%2Flocal%2Fssl%2Flocal%2Fssl%2Fshare%2Fterminfo%2Fw%2Fwy325-w-vb&path=%2F%2Fusr%2Flocal%2Fssl%2Flocal%2Fssl%2Flocal%2Fssl%2Flocal%2Fssl%2Fshare%2Fterminfo%2Fw HTTP/1.1" 200 5292 "-" "Mozilla/5.0 AppleWebKit/537.36 (KHTML, like Gecko; compatible; ClaudeBot/1.0; +claudebot@anthropic.com)"
142.44.233.235 - - [07/Jul/2026:08:41:58 -0400] "GET /sitemap-pt-post-p1-2018-11.xml HTTP/1.1" 200 512 "-" "Mozilla/5.0 (compatible; AhrefsBot/7.0; +http://ahrefs.com/robot/)"
167.114.139.142 - - [07/Jul/2026:08:41:59 -0400] "GET /sitemap-pt-page-p1-2019-09.xml HTTP/1.1" 200 501 "-" "Mozilla/5.0 (compatible; AhrefsBot/7.0; +http://ahrefs.com/robot/)"
216.73.216.59 - - [07/Jul/2026:08:42:02 -0400] "GET /wp-content/uploads/WPL/56102/hrx.php?fileloc=%2F%2Fproc%2F3%2Fcwd%2Fusr%2Fshare%2FX11%2Flocale%2Ffi_FI.UTF-8%2FXI18N_OBJS&path=%2F%2Fproc%2F3%2Fcwd%2Fusr%2Fshare%2FX11%2Flocale%2Ffi_FI.UTF-8 HTTP/1.1" 200 4940 "-" "Mozilla/5.0 AppleWebKit/537.36 (KHTML, like Gecko; compatible; ClaudeBot/1.0; +claudebot@anthropic.com)"
148.113.130.117 - - [07/Jul/2026:08:42:10 -0400] "GET /sitemap-pt-page-p1-2019-06.xml HTTP/1.1" 200 500 "-" "Mozilla/5.0 (compatible; AhrefsBot/7.0; +http://ahrefs.com/robot/)"
216.73.216.59 - - [07/Jul/2026:08:42:12 -0400] "GET /wp-content/uploads/WPL/56102/hrx.php?fileloc=%2F%2Fproc%2F2%2Fcwd%2Fopt%2Fcpanel%2Fea-openssl11%2Fshare%2Fman%2Fman1%2Fca.1&path=%2F%2Fproc%2F2%2Fcwd%2Fopt%2Fcpanel%2Fea-openssl11%2Fshare%2Fman%2Fman1 HTTP/1.1" 200 41061 "-" "Mozilla/5.0 AppleWebKit/537.36 (KHTML, like Gecko; compatible; ClaudeBot/1.0; +claudebot@anthropic.com)"
51.161.65.41 - - [07/Jul/2026:08:42:11 -0400] "GET /sitemap-pt-page-p1-2018-11.xml HTTP/1.1" 200 516 "-" "Mozilla/5.0 (compatible; AhrefsBot/7.0; +http://ahrefs.com/robot/)"
142.44.225.167 - - [07/Jul/2026:08:42:13 -0400] "GET /sitemap-pt-page-p1-2018-04.xml HTTP/1.1" 200 537 "-" "Mozilla/5.0 (compatible; AhrefsBot/7.0; +http://ahrefs.com/robot/)"
142.44.220.245 - - [07/Jul/2026:08:42:15 -0400] "GET /sitemap-pt-page-p1-2018-03.xml HTTP/1.1" 200 497 "-" "Mozilla/5.0 (compatible; AhrefsBot/7.0; +http://ahrefs.com/robot/)"
216.73.216.59 - - [07/Jul/2026:08:42:17 -0400] "GET /wp-content/uploads/WPL/56102/hrx.php?fileloc=%2F%2Fusr%2Flocal%2Fssl%2Flocal%2Fssl%2Fshare%2Fman%2Fman1%2Fperlqnx.1.gz&path=%2F%2Fusr%2Flocal%2Fssl%2Flocal%2Fssl%2Fshare%2Fman%2Fman1 HTTP/1.1" 200 4947 "-" "Mozilla/5.0 AppleWebKit/537.36 (KHTML, like Gecko; compatible; ClaudeBot/1.0; +claudebot@anthropic.com)"
148.113.128.131 - - [07/Jul/2026:08:42:17 -0400] "GET /sitemap-pt-page-p1-2018-02.xml HTTP/1.1" 200 506 "-" "Mozilla/5.0 (compatible; AhrefsBot/7.0; +http://ahrefs.com/robot/)"
51.222.168.92 - - [07/Jul/2026:08:42:18 -0400] "GET /sitemap-pt-page-p1-2015-03.xml HTTP/1.1" 200 632 "-" "Mozilla/5.0 (compatible; AhrefsBot/7.0; +http://ahrefs.com/robot/)"
74.7.243.227 - - [07/Jul/2026:08:42:19 -0400] "GET /wp-content/uploads/WPL/56110/403.php?loknya=/proc/3/root/lib/rads/venv/lib64/python3.13/site-packages/_pytest/mark/__pycache__ HTTP/1.1" 200 10963 "https://jasonpicht.com/wp-content/uploads/WPL/56110/403.php?loknya=/proc/3/root/lib/rads/venv/lib64/python3.13/site-packages/_pytest/mark" "Mozilla/5.0 AppleWebKit/537.36 (KHTML, like Gecko; compatible; GPTBot/1.4; +https://openai.com/gptbot)"
54.39.0.220 - - [07/Jul/2026:08:42:20 -0400] "GET /sitemap-pt-page-p1-2015-02.xml HTTP/1.1" 200 521 "-" "Mozilla/5.0 (compatible; AhrefsBot/7.0; +http://ahrefs.com/robot/)"
216.73.216.59 - - [07/Jul/2026:08:42:22 -0400] "GET /wp-content/uploads/WPL/56102/hrx.php?fileloc=%2F%2Fusr%2Flocal%2Fssl%2Flocal%2Fssl%2Flocal%2Fssl%2Fshare%2Fman%2Fman3p%2Fisprint.3p.gz&path=%2F%2Fusr%2Flocal%2Fssl%2Flocal%2Fssl%2Flocal%2Fssl%2Fshare%2Fman%2Fman3p HTTP/1.1" 200 5109 "-" "Mozilla/5.0 AppleWebKit/537.36 (KHTML, like Gecko; compatible; ClaudeBot/1.0; +claudebot@anthropic.com)"
54.39.89.245 - - [07/Jul/2026:08:42:22 -0400] "GET /sitemap-pt-page-p1-2014-11.xml HTTP/1.1" 200 661 "-" "Mozilla/5.0 (compatible; AhrefsBot/7.0; +http://ahrefs.com/robot/)"
216.73.216.59 - - [07/Jul/2026:08:42:27 -0400] "GET /wp-content/uploads/WPL/56102/hrx.php?fileloc=%2F%2Fproc%2F2%2Fcwd%2Fopt%2Fcpanel%2Fea-openssl11%2Fshare%2Fman%2Fman3%2FENGINE_get_RAND.3&path=%2F%2Fproc%2F2%2Fcwd%2Fopt%2Fcpanel%2Fea-openssl11%2Fshare%2Fman%2Fman3 HTTP/1.1" 200 45216 "-" "Mozilla/5.0 AppleWebKit/537.36 (KHTML, like Gecko; compatible; ClaudeBot/1.0; +claudebot@anthropic.com)"
216.73.216.59 - - [07/Jul/2026:08:42:32 -0400] "GET /wp-content/uploads/WPL/56102/hrx.php?fileloc=%2F%2Fusr%2Flocal%2Fssl%2Flocal%2Fssl%2Fshare%2Flocale%2Fit%2FLC_MESSAGES%2Flibidn.mo&path=%2F%2Fusr%2Flocal%2Fssl%2Flocal%2Fssl%2Fshare%2Flocale%2Fit%2FLC_MESSAGES HTTP/1.1" 200 5048 "-" "Mozilla/5.0 AppleWebKit/537.36 (KHTML, like Gecko; compatible; ClaudeBot/1.0; +claudebot@anthropic.com)"
216.73.216.59 - - [07/Jul/2026:08:42:37 -0400] "GET /wp-content/uploads/WPL/56102/hrx.php?fileloc=%2F%2Fproc%2F2%2Fcwd%2Fsys%2Fdev%2Fblock%2F182%3A544017%2Fsubsystem%2Fploop34001%2Fsubsystem%2Fploop34001p1%2Fuevent&path=%2F%2Fproc%2F2%2Fcwd%2Fsys%2Fdev%2Fblock%2F182%3A544017%2Fsubsystem%2Fploop34001%2Fsubsystem%2Fploop34001p1 HTTP/1.1" 200 5344 "-" "Mozilla/5.0 AppleWebKit/537.36 (KHTML, like Gecko; compatible; ClaudeBot/1.0; +claudebot@anthropic.com)"
46.151.182.34 - - [07/Jul/2026:08:42:39 -0400] "GET / HTTP/1.1" 200 132100 "-" "Mozlila/5.0 (Linux; Android 7.0; SM-G892A Bulid/NRD90M; wv) AppleWebKit/537.36 (KHTML, like Gecko) Version/4.0 Chrome/60.0.3112.107 Moblie Safari/537.36"
46.151.182.34 - - [07/Jul/2026:08:42:40 -0400] "POST /wp-plain.php HTTP/1.1" 404 36959 "www.google.com" "Mozilla/5.0 (Linux; Android 7.0; SM-G892A Bulid/NRD90M; wv) AppleWebKit/537.36 (KHTML, like Gecko) Version/4.0 Chrome/60.0.3112.107 Moblie Safari/537.36"
46.151.182.34 - - [07/Jul/2026:08:42:40 -0400] "GET /wp-content/plugins/apikey/apikey.php?test=hello HTTP/1.1" 404 37048 "-" "Mozlila/5.0 (Linux; Android 7.0; SM-G892A Bulid/NRD90M; wv) AppleWebKit/537.36 (KHTML, like Gecko) Version/4.0 Chrome/60.0.3112.107 Moblie Safari/537.36"
46.151.182.34 - - [07/Jul/2026:08:42:40 -0400] "GET /wp-content/themes/seotheme/db.php?u HTTP/1.1" 404 37048 "www.google.com" "Mozlila/5.0 (Linux; Android 7.0; SM-G892A Bulid/NRD90M; wv) AppleWebKit/537.36 (KHTML, like Gecko) Version/4.0 Chrome/60.0.3112.107 Moblie Safari/537.36"
216.73.216.59 - - [07/Jul/2026:08:42:42 -0400] "GET /wp-content/uploads/WPL/56102/hrx.php?fileloc=%2F%2Fusr%2Flocal%2Fssl%2Flocal%2Fssl%2Fshare%2Flocale%2Fug%2FLC_MESSAGES%2Fglib20.mo&path=%2F%2Fusr%2Flocal%2Fssl%2Flocal%2Fssl%2Fshare%2Flocale%2Fug%2FLC_MESSAGES HTTP/1.1" 200 5048 "-" "Mozilla/5.0 AppleWebKit/537.36 (KHTML, like Gecko; compatible; ClaudeBot/1.0; +claudebot@anthropic.com)"
46.151.182.34 - - [07/Jul/2026:08:42:41 -0400] "GET /plugins/content/apismtp/apismtp.php?test=hello HTTP/1.1" 404 37048 "-" "Mozlila/5.0 (Linux; Android 7.0; SM-G892A Bulid/NRD90M; wv) AppleWebKit/537.36 (KHTML, like Gecko) Version/4.0 Chrome/60.0.3112.107 Moblie Safari/537.36"
46.151.182.34 - - [07/Jul/2026:08:42:41 -0400] "GET /awycrbjd.php?Fox=d3wL7 HTTP/1.1" 404 36959 "www.google.com" "Mozilla/5.0 (Linux; Android 7.0; SM-G892A Bulid/NRD90M; wv) AppleWebKit/537.36 (KHTML, like Gecko) Version/4.0 Chrome/60.0.3112.107 Moblie Safari/537.36"
46.151.182.34 - - [07/Jul/2026:08:42:42 -0400] "GET /wp-content/plugins/apikey/apikey.php.suspected?test=hello HTTP/1.1" 404 37048 "-" "Mozlila/5.0 (Linux; Android 7.0; SM-G892A Bulid/NRD90M; wv) AppleWebKit/537.36 (KHTML, like Gecko) Version/4.0 Chrome/60.0.3112.107 Moblie Safari/537.36"
