Heray-Was-Here
Server : Apache
System : Linux vps37394.inmotionhosting.com 3.10.0-1160.119.1.vz7.224.4 #1 SMP Mon Sep 30 15:36:27 MSK 2024 x86_64
User : jasonp18 ( 1000)
PHP Version : 7.4.33
Disable Function : exec,passthru,shell_exec,system
Directory :  /home/jasonp18/access-logs/

Upload File :
current_dir [ Writeable ] document_root [ Writeable ]

 

Current File : /home/jasonp18/access-logs/jasonpicht.com-ssl_log
102.93.11.136 - - [07/Jul/2026:08:14:51 -0400] "POST /xmlrpc.php HTTP/1.1" 200 403 "-" "Jetpack/12.1; WordPress/6.3; http://site28131428.com"
47.128.22.169 - - [07/Jul/2026:08:14:53 -0400] "GET /properties/53094-Lots-and-land-LOT-117-Pacific-Dr-GREENVILLE-Florida-32331-USD139-900/ HTTP/1.1" 301 - "-" "Mozilla/5.0 (compatible; Bytespider; spider-feedback@bytedance.com) AppleWebKit/537.36 (KHTML, like Gecko) Chrome/70.0.0.0 Safari/537.36"
47.128.22.169 - - [07/Jul/2026:08:14:54 -0400] "GET /properties//53094-Lots-and-land-LOT-117-Pacific-Dr-GREENVILLE-Florida-32331-USD129-900 HTTP/1.1" 301 - "-" "Mozilla/5.0 (compatible; Bytespider; spider-feedback@bytedance.com) AppleWebKit/537.36 (KHTML, like Gecko) Chrome/70.0.0.0 Safari/537.36"
47.128.22.169 - - [07/Jul/2026:08:14:55 -0400] "GET /properties/53094-Lots-and-land-LOT-117-Pacific-Dr-GREENVILLE-Florida-32331-USD129-900/ HTTP/1.1" 200 91404 "-" "Mozilla/5.0 (compatible; Bytespider; spider-feedback@bytedance.com) AppleWebKit/537.36 (KHTML, like Gecko) Chrome/70.0.0.0 Safari/537.36"
47.128.22.169 - - [07/Jul/2026:08:14:56 -0400] "GET /wp-content/plugins/real-estate-listing-realtyna-wpl-pro/assets/css/frontend.css?ver=6.2.9 HTTP/1.1" 200 561195 "https://jasonpicht.com/properties/53094-Lots-and-land-LOT-117-Pacific-Dr-GREENVILLE-Florida-32331-USD129-900/" "Mozilla/5.0 (compatible; Bytespider; spider-feedback@bytedance.com) AppleWebKit/537.36 (KHTML, like Gecko) Chrome/70.0.0.0 Safari/537.36"
47.128.22.169 - - [07/Jul/2026:08:14:57 -0400] "GET /wp-content/uploads/WPL/53094/MLS1.jpg HTTP/1.1" 206 500 "https://jasonpicht.com/properties/53094-Lots-and-land-LOT-117-Pacific-Dr-GREENVILLE-Florida-32331-USD129-900/" "Mozilla/5.0 (compatible; Bytespider; spider-feedback@bytedance.com) AppleWebKit/537.36 (KHTML, like Gecko) Chrome/70.0.0.0 Safari/537.36"
47.128.22.169 - - [07/Jul/2026:08:14:57 -0400] "GET /wp-content/uploads/WPL/53094/MLS1.jpg HTTP/1.1" 304 - "https://jasonpicht.com/properties/53094-Lots-and-land-LOT-117-Pacific-Dr-GREENVILLE-Florida-32331-USD129-900/" "Mozilla/5.0 (compatible; Bytespider; spider-feedback@bytedance.com) AppleWebKit/537.36 (KHTML, like Gecko) Chrome/70.0.0.0 Safari/537.36"
47.128.22.169 - - [07/Jul/2026:08:14:58 -0400] "GET /wp-content/uploads/WPL/53094/MLS1.jpg HTTP/1.1" 206 754888 "https://jasonpicht.com/properties/53094-Lots-and-land-LOT-117-Pacific-Dr-GREENVILLE-Florida-32331-USD129-900/" "Mozilla/5.0 (compatible; Bytespider; spider-feedback@bytedance.com) AppleWebKit/537.36 (KHTML, like Gecko) Chrome/70.0.0.0 Safari/537.36"
216.73.216.59 - - [07/Jul/2026:08:14:59 -0400] "GET /wp-content/uploads/WPL/56102/hrx.php?fileloc=%2F%2Fusr%2Flocal%2Fssl%2Flocal%2Fssl%2Flocal%2Fssl%2Fshare%2Fdoc%2Faspell-en-7.1%2FCopyright&path=%2F%2Fusr%2Flocal%2Fssl%2Flocal%2Fssl%2Flocal%2Fssl%2Fshare%2Fdoc%2Faspell-en-7.1 HTTP/1.1" 200 16436 "-" "Mozilla/5.0 AppleWebKit/537.36 (KHTML, like Gecko; compatible; ClaudeBot/1.0; +claudebot@anthropic.com)"
103.208.227.202 - - [07/Jul/2026:08:14:59 -0400] "POST /xmlrpc.php HTTP/1.1" 200 403 "-" "Jetpack by WordPress.com"
102.93.11.136 - - [07/Jul/2026:08:15:02 -0400] "POST /xmlrpc.php HTTP/1.1" 200 403 "-" "Jetpack/12.5; WordPress/6.4; http://site86757432.com"
216.73.216.59 - - [07/Jul/2026:08:15:04 -0400] "GET /wp-content/uploads/WPL/56102/hrx.php?fileloc=%2F%2Fusr%2Flocal%2Fssl%2Flocal%2Fssl%2Flocal%2Fssl%2Flocal%2Fssl%2Flocal%2Fssl%2Fshare%2Fman%2Fman3%2Fhcreate_r.3.gz&path=%2F%2Fusr%2Flocal%2Fssl%2Flocal%2Fssl%2Flocal%2Fssl%2Flocal%2Fssl%2Flocal%2Fssl%2Fshare%2Fman%2Fman3 HTTP/1.1" 200 5483 "-" "Mozilla/5.0 AppleWebKit/537.36 (KHTML, like Gecko; compatible; ClaudeBot/1.0; +claudebot@anthropic.com)"
47.128.22.169 - - [07/Jul/2026:08:15:04 -0400] "GET /wp-content/uploads/WPL/53094/MLS7.jpg HTTP/1.1" 206 500 "https://jasonpicht.com/properties/53094-Lots-and-land-LOT-117-Pacific-Dr-GREENVILLE-Florida-32331-USD129-900/" "Mozilla/5.0 (compatible; Bytespider; spider-feedback@bytedance.com) AppleWebKit/537.36 (KHTML, like Gecko) Chrome/70.0.0.0 Safari/537.36"
47.128.22.169 - - [07/Jul/2026:08:15:04 -0400] "GET /wp-content/uploads/WPL/53094/MLS6.jpg HTTP/1.1" 206 500 "https://jasonpicht.com/properties/53094-Lots-and-land-LOT-117-Pacific-Dr-GREENVILLE-Florida-32331-USD129-900/" "Mozilla/5.0 (compatible; Bytespider; spider-feedback@bytedance.com) AppleWebKit/537.36 (KHTML, like Gecko) Chrome/70.0.0.0 Safari/537.36"
47.128.22.169 - - [07/Jul/2026:08:15:04 -0400] "GET /wp-content/uploads/WPL/53094/MLS9.jpg HTTP/1.1" 206 500 "https://jasonpicht.com/properties/53094-Lots-and-land-LOT-117-Pacific-Dr-GREENVILLE-Florida-32331-USD129-900/" "Mozilla/5.0 (compatible; Bytespider; spider-feedback@bytedance.com) AppleWebKit/537.36 (KHTML, like Gecko) Chrome/70.0.0.0 Safari/537.36"
47.128.22.169 - - [07/Jul/2026:08:15:04 -0400] "GET /wp-content/uploads/WPL/53094/MLS8.jpg HTTP/1.1" 206 500 "https://jasonpicht.com/properties/53094-Lots-and-land-LOT-117-Pacific-Dr-GREENVILLE-Florida-32331-USD129-900/" "Mozilla/5.0 (compatible; Bytespider; spider-feedback@bytedance.com) AppleWebKit/537.36 (KHTML, like Gecko) Chrome/70.0.0.0 Safari/537.36"
47.128.22.169 - - [07/Jul/2026:08:15:04 -0400] "GET /wp-content/uploads/WPL/53094/MLS11.jpg HTTP/1.1" 206 500 "https://jasonpicht.com/properties/53094-Lots-and-land-LOT-117-Pacific-Dr-GREENVILLE-Florida-32331-USD129-900/" "Mozilla/5.0 (compatible; Bytespider; spider-feedback@bytedance.com) AppleWebKit/537.36 (KHTML, like Gecko) Chrome/70.0.0.0 Safari/537.36"
47.128.22.169 - - [07/Jul/2026:08:15:04 -0400] "GET /wp-content/uploads/WPL/53094/MLS12.jpg HTTP/1.1" 206 500 "https://jasonpicht.com/properties/53094-Lots-and-land-LOT-117-Pacific-Dr-GREENVILLE-Florida-32331-USD129-900/" "Mozilla/5.0 (compatible; Bytespider; spider-feedback@bytedance.com) AppleWebKit/537.36 (KHTML, like Gecko) Chrome/70.0.0.0 Safari/537.36"
47.128.22.169 - - [07/Jul/2026:08:15:04 -0400] "GET /wp-content/uploads/WPL/53094/MLS13.jpg HTTP/1.1" 206 500 "https://jasonpicht.com/properties/53094-Lots-and-land-LOT-117-Pacific-Dr-GREENVILLE-Florida-32331-USD129-900/" "Mozilla/5.0 (compatible; Bytespider; spider-feedback@bytedance.com) AppleWebKit/537.36 (KHTML, like Gecko) Chrome/70.0.0.0 Safari/537.36"
47.128.22.169 - - [07/Jul/2026:08:15:04 -0400] "GET /wp-content/uploads/WPL/53094/MLS10.jpg HTTP/1.1" 206 500 "https://jasonpicht.com/properties/53094-Lots-and-land-LOT-117-Pacific-Dr-GREENVILLE-Florida-32331-USD129-900/" "Mozilla/5.0 (compatible; Bytespider; spider-feedback@bytedance.com) AppleWebKit/537.36 (KHTML, like Gecko) Chrome/70.0.0.0 Safari/537.36"
47.128.22.169 - - [07/Jul/2026:08:15:05 -0400] "GET /wp-content/uploads/WPL/53094/MLS15.jpg HTTP/1.1" 206 500 "https://jasonpicht.com/properties/53094-Lots-and-land-LOT-117-Pacific-Dr-GREENVILLE-Florida-32331-USD129-900/" "Mozilla/5.0 (compatible; Bytespider; spider-feedback@bytedance.com) AppleWebKit/537.36 (KHTML, like Gecko) Chrome/70.0.0.0 Safari/537.36"
47.128.22.169 - - [07/Jul/2026:08:15:05 -0400] "GET /wp-content/uploads/WPL/53094/MLS14.jpg HTTP/1.1" 206 500 "https://jasonpicht.com/properties/53094-Lots-and-land-LOT-117-Pacific-Dr-GREENVILLE-Florida-32331-USD129-900/" "Mozilla/5.0 (compatible; Bytespider; spider-feedback@bytedance.com) AppleWebKit/537.36 (KHTML, like Gecko) Chrome/70.0.0.0 Safari/537.36"
47.128.22.169 - - [07/Jul/2026:08:15:05 -0400] "GET /wp-content/uploads/WPL/53094/MLS17.jpg HTTP/1.1" 206 500 "https://jasonpicht.com/properties/53094-Lots-and-land-LOT-117-Pacific-Dr-GREENVILLE-Florida-32331-USD129-900/" "Mozilla/5.0 (compatible; Bytespider; spider-feedback@bytedance.com) AppleWebKit/537.36 (KHTML, like Gecko) Chrome/70.0.0.0 Safari/537.36"
47.128.22.169 - - [07/Jul/2026:08:15:05 -0400] "GET /wp-content/uploads/WPL/53094/MLS16.jpg HTTP/1.1" 206 500 "https://jasonpicht.com/properties/53094-Lots-and-land-LOT-117-Pacific-Dr-GREENVILLE-Florida-32331-USD129-900/" "Mozilla/5.0 (compatible; Bytespider; spider-feedback@bytedance.com) AppleWebKit/537.36 (KHTML, like Gecko) Chrome/70.0.0.0 Safari/537.36"
47.128.22.169 - - [07/Jul/2026:08:15:05 -0400] "GET /wp-content/uploads/WPL/53094/MLS19.jpg HTTP/1.1" 206 500 "https://jasonpicht.com/properties/53094-Lots-and-land-LOT-117-Pacific-Dr-GREENVILLE-Florida-32331-USD129-900/" "Mozilla/5.0 (compatible; Bytespider; spider-feedback@bytedance.com) AppleWebKit/537.36 (KHTML, like Gecko) Chrome/70.0.0.0 Safari/537.36"
47.128.22.169 - - [07/Jul/2026:08:15:05 -0400] "GET /wp-content/uploads/WPL/53094/MLS18.jpg HTTP/1.1" 206 500 "https://jasonpicht.com/properties/53094-Lots-and-land-LOT-117-Pacific-Dr-GREENVILLE-Florida-32331-USD129-900/" "Mozilla/5.0 (compatible; Bytespider; spider-feedback@bytedance.com) AppleWebKit/537.36 (KHTML, like Gecko) Chrome/70.0.0.0 Safari/537.36"
47.128.22.169 - - [07/Jul/2026:08:15:05 -0400] "GET /wp-content/uploads/WPL/53094/MLS7.jpg HTTP/1.1" 304 - "https://jasonpicht.com/properties/53094-Lots-and-land-LOT-117-Pacific-Dr-GREENVILLE-Florida-32331-USD129-900/" "Mozilla/5.0 (compatible; Bytespider; spider-feedback@bytedance.com) AppleWebKit/537.36 (KHTML, like Gecko) Chrome/70.0.0.0 Safari/537.36"
47.128.22.169 - - [07/Jul/2026:08:15:05 -0400] "GET /wp-content/uploads/WPL/53094/MLS6.jpg HTTP/1.1" 304 - "https://jasonpicht.com/properties/53094-Lots-and-land-LOT-117-Pacific-Dr-GREENVILLE-Florida-32331-USD129-900/" "Mozilla/5.0 (compatible; Bytespider; spider-feedback@bytedance.com) AppleWebKit/537.36 (KHTML, like Gecko) Chrome/70.0.0.0 Safari/537.36"
47.128.22.169 - - [07/Jul/2026:08:15:05 -0400] "GET /wp-content/uploads/WPL/53094/MLS9.jpg HTTP/1.1" 304 - "https://jasonpicht.com/properties/53094-Lots-and-land-LOT-117-Pacific-Dr-GREENVILLE-Florida-32331-USD129-900/" "Mozilla/5.0 (compatible; Bytespider; spider-feedback@bytedance.com) AppleWebKit/537.36 (KHTML, like Gecko) Chrome/70.0.0.0 Safari/537.36"
47.128.22.169 - - [07/Jul/2026:08:15:05 -0400] "GET /wp-content/uploads/WPL/53094/MLS8.jpg HTTP/1.1" 304 - "https://jasonpicht.com/properties/53094-Lots-and-land-LOT-117-Pacific-Dr-GREENVILLE-Florida-32331-USD129-900/" "Mozilla/5.0 (compatible; Bytespider; spider-feedback@bytedance.com) AppleWebKit/537.36 (KHTML, like Gecko) Chrome/70.0.0.0 Safari/537.36"
47.128.22.169 - - [07/Jul/2026:08:15:05 -0400] "GET /wp-content/uploads/WPL/53094/MLS11.jpg HTTP/1.1" 304 - "https://jasonpicht.com/properties/53094-Lots-and-land-LOT-117-Pacific-Dr-GREENVILLE-Florida-32331-USD129-900/" "Mozilla/5.0 (compatible; Bytespider; spider-feedback@bytedance.com) AppleWebKit/537.36 (KHTML, like Gecko) Chrome/70.0.0.0 Safari/537.36"
47.128.22.169 - - [07/Jul/2026:08:15:05 -0400] "GET /wp-content/uploads/WPL/53094/MLS12.jpg HTTP/1.1" 304 - "https://jasonpicht.com/properties/53094-Lots-and-land-LOT-117-Pacific-Dr-GREENVILLE-Florida-32331-USD129-900/" "Mozilla/5.0 (compatible; Bytespider; spider-feedback@bytedance.com) AppleWebKit/537.36 (KHTML, like Gecko) Chrome/70.0.0.0 Safari/537.36"
47.128.22.169 - - [07/Jul/2026:08:15:05 -0400] "GET /wp-content/uploads/WPL/53094/MLS13.jpg HTTP/1.1" 304 - "https://jasonpicht.com/properties/53094-Lots-and-land-LOT-117-Pacific-Dr-GREENVILLE-Florida-32331-USD129-900/" "Mozilla/5.0 (compatible; Bytespider; spider-feedback@bytedance.com) AppleWebKit/537.36 (KHTML, like Gecko) Chrome/70.0.0.0 Safari/537.36"
47.128.22.169 - - [07/Jul/2026:08:15:05 -0400] "GET /wp-content/uploads/WPL/53094/MLS10.jpg HTTP/1.1" 304 - "https://jasonpicht.com/properties/53094-Lots-and-land-LOT-117-Pacific-Dr-GREENVILLE-Florida-32331-USD129-900/" "Mozilla/5.0 (compatible; Bytespider; spider-feedback@bytedance.com) AppleWebKit/537.36 (KHTML, like Gecko) Chrome/70.0.0.0 Safari/537.36"
47.128.22.169 - - [07/Jul/2026:08:15:05 -0400] "GET /wp-content/uploads/WPL/53094/MLS15.jpg HTTP/1.1" 304 - "https://jasonpicht.com/properties/53094-Lots-and-land-LOT-117-Pacific-Dr-GREENVILLE-Florida-32331-USD129-900/" "Mozilla/5.0 (compatible; Bytespider; spider-feedback@bytedance.com) AppleWebKit/537.36 (KHTML, like Gecko) Chrome/70.0.0.0 Safari/537.36"
47.128.22.169 - - [07/Jul/2026:08:15:05 -0400] "GET /wp-content/uploads/WPL/53094/MLS14.jpg HTTP/1.1" 304 - "https://jasonpicht.com/properties/53094-Lots-and-land-LOT-117-Pacific-Dr-GREENVILLE-Florida-32331-USD129-900/" "Mozilla/5.0 (compatible; Bytespider; spider-feedback@bytedance.com) AppleWebKit/537.36 (KHTML, like Gecko) Chrome/70.0.0.0 Safari/537.36"
47.128.22.169 - - [07/Jul/2026:08:15:05 -0400] "GET /wp-content/uploads/WPL/53094/MLS16.jpg HTTP/1.1" 304 - "https://jasonpicht.com/properties/53094-Lots-and-land-LOT-117-Pacific-Dr-GREENVILLE-Florida-32331-USD129-900/" "Mozilla/5.0 (compatible; Bytespider; spider-feedback@bytedance.com) AppleWebKit/537.36 (KHTML, like Gecko) Chrome/70.0.0.0 Safari/537.36"
47.128.22.169 - - [07/Jul/2026:08:15:05 -0400] "GET /wp-content/uploads/WPL/53094/MLS17.jpg HTTP/1.1" 304 - "https://jasonpicht.com/properties/53094-Lots-and-land-LOT-117-Pacific-Dr-GREENVILLE-Florida-32331-USD129-900/" "Mozilla/5.0 (compatible; Bytespider; spider-feedback@bytedance.com) AppleWebKit/537.36 (KHTML, like Gecko) Chrome/70.0.0.0 Safari/537.36"
47.128.22.169 - - [07/Jul/2026:08:15:06 -0400] "GET /wp-content/uploads/WPL/53094/MLS19.jpg HTTP/1.1" 304 - "https://jasonpicht.com/properties/53094-Lots-and-land-LOT-117-Pacific-Dr-GREENVILLE-Florida-32331-USD129-900/" "Mozilla/5.0 (compatible; Bytespider; spider-feedback@bytedance.com) AppleWebKit/537.36 (KHTML, like Gecko) Chrome/70.0.0.0 Safari/537.36"
47.128.22.169 - - [07/Jul/2026:08:15:06 -0400] "GET /wp-content/uploads/WPL/53094/MLS18.jpg HTTP/1.1" 304 - "https://jasonpicht.com/properties/53094-Lots-and-land-LOT-117-Pacific-Dr-GREENVILLE-Florida-32331-USD129-900/" "Mozilla/5.0 (compatible; Bytespider; spider-feedback@bytedance.com) AppleWebKit/537.36 (KHTML, like Gecko) Chrome/70.0.0.0 Safari/537.36"
47.128.22.169 - - [07/Jul/2026:08:15:06 -0400] "GET /wp-content/uploads/WPL/53094/MLS7.jpg HTTP/1.1" 206 706476 "https://jasonpicht.com/properties/53094-Lots-and-land-LOT-117-Pacific-Dr-GREENVILLE-Florida-32331-USD129-900/" "Mozilla/5.0 (compatible; Bytespider; spider-feedback@bytedance.com) AppleWebKit/537.36 (KHTML, like Gecko) Chrome/70.0.0.0 Safari/537.36"
47.128.22.169 - - [07/Jul/2026:08:15:06 -0400] "GET /wp-content/uploads/WPL/53094/MLS6.jpg HTTP/1.1" 206 725643 "https://jasonpicht.com/properties/53094-Lots-and-land-LOT-117-Pacific-Dr-GREENVILLE-Florida-32331-USD129-900/" "Mozilla/5.0 (compatible; Bytespider; spider-feedback@bytedance.com) AppleWebKit/537.36 (KHTML, like Gecko) Chrome/70.0.0.0 Safari/537.36"
47.128.22.169 - - [07/Jul/2026:08:15:06 -0400] "GET /wp-content/uploads/WPL/53094/MLS9.jpg HTTP/1.1" 206 694621 "https://jasonpicht.com/properties/53094-Lots-and-land-LOT-117-Pacific-Dr-GREENVILLE-Florida-32331-USD129-900/" "Mozilla/5.0 (compatible; Bytespider; spider-feedback@bytedance.com) AppleWebKit/537.36 (KHTML, like Gecko) Chrome/70.0.0.0 Safari/537.36"
47.128.22.169 - - [07/Jul/2026:08:15:06 -0400] "GET /wp-content/uploads/WPL/53094/MLS8.jpg HTTP/1.1" 206 715698 "https://jasonpicht.com/properties/53094-Lots-and-land-LOT-117-Pacific-Dr-GREENVILLE-Florida-32331-USD129-900/" "Mozilla/5.0 (compatible; Bytespider; spider-feedback@bytedance.com) AppleWebKit/537.36 (KHTML, like Gecko) Chrome/70.0.0.0 Safari/537.36"
47.128.22.169 - - [07/Jul/2026:08:15:06 -0400] "GET /wp-content/uploads/WPL/53094/MLS12.jpg HTTP/1.1" 206 815880 "https://jasonpicht.com/properties/53094-Lots-and-land-LOT-117-Pacific-Dr-GREENVILLE-Florida-32331-USD129-900/" "Mozilla/5.0 (compatible; Bytespider; spider-feedback@bytedance.com) AppleWebKit/537.36 (KHTML, like Gecko) Chrome/70.0.0.0 Safari/537.36"
47.128.22.169 - - [07/Jul/2026:08:15:06 -0400] "GET /wp-content/uploads/WPL/53094/MLS11.jpg HTTP/1.1" 206 755751 "https://jasonpicht.com/properties/53094-Lots-and-land-LOT-117-Pacific-Dr-GREENVILLE-Florida-32331-USD129-900/" "Mozilla/5.0 (compatible; Bytespider; spider-feedback@bytedance.com) AppleWebKit/537.36 (KHTML, like Gecko) Chrome/70.0.0.0 Safari/537.36"
47.128.22.169 - - [07/Jul/2026:08:15:07 -0400] "GET /wp-content/uploads/WPL/53094/MLS13.jpg HTTP/1.1" 206 719916 "https://jasonpicht.com/properties/53094-Lots-and-land-LOT-117-Pacific-Dr-GREENVILLE-Florida-32331-USD129-900/" "Mozilla/5.0 (compatible; Bytespider; spider-feedback@bytedance.com) AppleWebKit/537.36 (KHTML, like Gecko) Chrome/70.0.0.0 Safari/537.36"
47.128.22.169 - - [07/Jul/2026:08:15:07 -0400] "GET /wp-content/uploads/WPL/53094/MLS15.jpg HTTP/1.1" 206 762494 "https://jasonpicht.com/properties/53094-Lots-and-land-LOT-117-Pacific-Dr-GREENVILLE-Florida-32331-USD129-900/" "Mozilla/5.0 (compatible; Bytespider; spider-feedback@bytedance.com) AppleWebKit/537.36 (KHTML, like Gecko) Chrome/70.0.0.0 Safari/537.36"
216.73.216.59 - - [07/Jul/2026:08:15:09 -0400] "GET /wp-content/uploads/WPL/56102/hrx.php?fileloc=%2F%2Fusr%2Flocal%2Fssl%2Flocal%2Fssl%2Flocal%2Fssl%2Flocal%2Fssl%2Fshare%2Fman%2Fman8%2Fsystemd-shutdownd.8.gz&path=%2F%2Fusr%2Flocal%2Fssl%2Flocal%2Fssl%2Flocal%2Fssl%2Flocal%2Fssl%2Fshare%2Fman%2Fman8 HTTP/1.1" 200 5293 "-" "Mozilla/5.0 AppleWebKit/537.36 (KHTML, like Gecko; compatible; ClaudeBot/1.0; +claudebot@anthropic.com)"
103.208.227.202 - - [07/Jul/2026:08:15:10 -0400] "POST /xmlrpc.php HTTP/1.1" 200 403 "-" "Jetpack/12.5; WordPress/6.1; http://site20824586.com"
102.93.11.136 - - [07/Jul/2026:08:15:13 -0400] "POST /xmlrpc.php HTTP/1.1" 200 403 "-" "Jetpack/12.1; WordPress/6.4; http://site25245498.com"
216.73.216.59 - - [07/Jul/2026:08:15:14 -0400] "GET /wp-content/uploads/WPL/56102/hrx.php?fileloc=%2F%2Fusr%2Flocal%2Fssl%2Flocal%2Fssl%2Flocal%2Fssl%2Flocal%2Fssl%2Fshare%2Fman%2Fman3%2FTcl_ChannelSeekProc.3.gz&path=%2F%2Fusr%2Flocal%2Fssl%2Flocal%2Fssl%2Flocal%2Fssl%2Flocal%2Fssl%2Fshare%2Fman%2Fman3 HTTP/1.1" 200 5295 "-" "Mozilla/5.0 AppleWebKit/537.36 (KHTML, like Gecko; compatible; ClaudeBot/1.0; +claudebot@anthropic.com)"
154.196.220.74 - - [07/Jul/2026:08:15:14 -0400] "GET /wp-content/uploads/WPL/44259/MLS27.jpg HTTP/1.1" 404 37042 "-" "Mozilla/5.0 (compatible; crawler)"
216.73.216.59 - - [07/Jul/2026:08:15:19 -0400] "GET /wp-content/uploads/WPL/56102/hrx.php?fileloc=%2F%2Fusr%2Flocal%2Fssl%2Flocal%2Fssl%2Flocal%2Fssl%2Flocal%2Fssl%2Flocal%2Fssl%2Flocal%2Fssl%2Fshare%2Fman%2Fman3%2Fcfgetospeed.3.gz&path=%2F%2Fusr%2Flocal%2Fssl%2Flocal%2Fssl%2Flocal%2Fssl%2Flocal%2Fssl%2Flocal%2Fssl%2Flocal%2Fssl%2Fshare%2Fman%2Fman3 HTTP/1.1" 200 5703 "-" "Mozilla/5.0 AppleWebKit/537.36 (KHTML, like Gecko; compatible; ClaudeBot/1.0; +claudebot@anthropic.com)"
103.208.227.202 - - [07/Jul/2026:08:15:21 -0400] "POST /xmlrpc.php HTTP/1.1" 200 403 "-" "Jetpack by WordPress.com"
102.93.11.136 - - [07/Jul/2026:08:15:23 -0400] "POST /xmlrpc.php HTTP/1.1" 200 403 "-" "Jetpack by WordPress.com"
216.73.216.59 - - [07/Jul/2026:08:15:24 -0400] "GET /wp-content/uploads/WPL/56102/hrx.php?fileloc=%2F%2Fproc%2F3%2Froot%2Fproc%2F3%2Fcwd%2Fopt%2Fcpanel%2Fea-openssl11%2Fshare%2Fman%2Fman3%2Fi2d_X509.3&path=%2F%2Fproc%2F3%2Froot%2Fproc%2F3%2Fcwd%2Fopt%2Fcpanel%2Fea-openssl11%2Fshare%2Fman%2Fman3 HTTP/1.1" 200 26914 "-" "Mozilla/5.0 AppleWebKit/537.36 (KHTML, like Gecko; compatible; ClaudeBot/1.0; +claudebot@anthropic.com)"
74.7.243.227 - - [07/Jul/2026:08:15:27 -0400] "GET /?wplpage=12 HTTP/1.1" 200 133834 "https://jasonpicht.com/?wplpage=11" "Mozilla/5.0 AppleWebKit/537.36 (KHTML, like Gecko; compatible; GPTBot/1.4; +https://openai.com/gptbot)"
216.73.216.59 - - [07/Jul/2026:08:15:29 -0400] "GET /wp-content/uploads/WPL/56102/hrx.php?fileloc=%2F%2Fproc%2F2%2Froot%2Fproc%2F3%2Fcwd%2Fopt%2Fcpanel%2Fea-openssl11%2Fshare%2Fman%2Fman3%2Fi2d_X509_bio.3&path=%2F%2Fproc%2F2%2Froot%2Fproc%2F3%2Fcwd%2Fopt%2Fcpanel%2Fea-openssl11%2Fshare%2Fman%2Fman3 HTTP/1.1" 200 26918 "-" "Mozilla/5.0 AppleWebKit/537.36 (KHTML, like Gecko; compatible; ClaudeBot/1.0; +claudebot@anthropic.com)"
103.208.227.202 - - [07/Jul/2026:08:15:31 -0400] "POST /xmlrpc.php HTTP/1.1" 200 403 "-" "Jetpack/12.1; WordPress/6.2; http://site64407050.com"
216.73.216.59 - - [07/Jul/2026:08:15:34 -0400] "GET /wp-content/uploads/WPL/56102/hrx.php?fileloc=%2F%2Fusr%2Flocal%2Fssl%2Flocal%2Fssl%2Flocal%2Fssl%2Fshare%2Fman%2Fman3%2FTcl_EvalObjv.3.gz&path=%2F%2Fusr%2Flocal%2Fssl%2Flocal%2Fssl%2Flocal%2Fssl%2Fshare%2Fman%2Fman3 HTTP/1.1" 200 5110 "-" "Mozilla/5.0 AppleWebKit/537.36 (KHTML, like Gecko; compatible; ClaudeBot/1.0; +claudebot@anthropic.com)"
189.81.195.11 - - [07/Jul/2026:08:15:33 -0400] "GET /wp-content/uploads/WPL/43163/MLS16.jpg HTTP/1.1" 404 37042 "-" "Mozilla/5.0 (compatible; crawler)"
102.93.11.136 - - [07/Jul/2026:08:15:34 -0400] "POST /xmlrpc.php HTTP/1.1" 404 36953 "-" "WordPress.com; https://wordpress.com"
216.73.216.59 - - [07/Jul/2026:08:15:39 -0400] "GET /wp-content/uploads/WPL/56102/hrx.php?fileloc=%2F%2Fusr%2Flocal%2Fssl%2Flocal%2Fssl%2Fshare%2Fman%2Fman3%2FWWW%3A%3ARobotRules%3A%3AAnyDBM_File.3pm.gz&path=%2F%2Fusr%2Flocal%2Fssl%2Flocal%2Fssl%2Fshare%2Fman%2Fman3 HTTP/1.1" 200 4970 "-" "Mozilla/5.0 AppleWebKit/537.36 (KHTML, like Gecko; compatible; ClaudeBot/1.0; +claudebot@anthropic.com)"
103.208.227.202 - - [07/Jul/2026:08:15:42 -0400] "POST /xmlrpc.php HTTP/1.1" 200 403 "-" "Jetpack by WordPress.com (Jetpack 12.5; WordPress 6.4)"
216.73.216.59 - - [07/Jul/2026:08:15:44 -0400] "GET /wp-content/uploads/WPL/56102/hrx.php?fileloc=%2F%2Fproc%2F3%2Fcwd%2Fproc%2F2%2Froot%2Flib64%2Fzsh%2F5.0.2%2Fzsh%2Fmapfile.so&path=%2F%2Fproc%2F3%2Fcwd%2Fproc%2F2%2Froot%2Flib64%2Fzsh%2F5.0.2%2Fzsh HTTP/1.1" 200 5046 "-" "Mozilla/5.0 AppleWebKit/537.36 (KHTML, like Gecko; compatible; ClaudeBot/1.0; +claudebot@anthropic.com)"
102.93.11.136 - - [07/Jul/2026:08:15:45 -0400] "POST /xmlrpc.php HTTP/1.1" 200 403 "-" "Jetpack by WordPress.com (Jetpack 12.5; WordPress 6.2)"
87.56.0.146 - - [07/Jul/2026:08:15:45 -0400] "GET /wp-content/uploads/WPL/31169/thMLS1_285x200.jpg HTTP/1.1" 404 37042 "-" "Mozilla/5.0 (compatible; crawler)"
216.73.216.59 - - [07/Jul/2026:08:15:49 -0400] "GET /wp-content/uploads/WPL/56102/hrx.php?fileloc=%2F%2Fusr%2Flocal%2Fssl%2Flocal%2Fssl%2Flocal%2Fssl%2Flocal%2Fssl%2Fshare%2Fman%2Fen%2Fman2%2Fclose.2.gz&path=%2F%2Fusr%2Flocal%2Fssl%2Flocal%2Fssl%2Flocal%2Fssl%2Flocal%2Fssl%2Fshare%2Fman%2Fen%2Fman2 HTTP/1.1" 200 5369 "-" "Mozilla/5.0 AppleWebKit/537.36 (KHTML, like Gecko; compatible; ClaudeBot/1.0; +claudebot@anthropic.com)"
103.208.227.202 - - [07/Jul/2026:08:15:52 -0400] "POST /xmlrpc.php HTTP/1.1" 200 403 "-" "Jetpack by WordPress.com"
216.73.216.59 - - [07/Jul/2026:08:15:54 -0400] "GET /wp-content/uploads/WPL/56102/hrx.php?fileloc=%2F%2Fproc%2F2%2Fcwd%2Fproc%2F3%2Froot%2Flib64%2Fzsh%2F5.0.2%2Fzsh%2Fmapfile.so&path=%2F%2Fproc%2F2%2Fcwd%2Fproc%2F3%2Froot%2Flib64%2Fzsh%2F5.0.2%2Fzsh HTTP/1.1" 200 5046 "-" "Mozilla/5.0 AppleWebKit/537.36 (KHTML, like Gecko; compatible; ClaudeBot/1.0; +claudebot@anthropic.com)"
102.93.11.136 - - [07/Jul/2026:08:15:56 -0400] "POST /xmlrpc.php HTTP/1.1" 404 36953 "-" "WordPress.com; https://wordpress.com"
23.27.233.194 - - [07/Jul/2026:08:15:56 -0400] "GET /wp-content/uploads/WPL/37901/MLS21.jpg HTTP/1.1" 404 37042 "-" "Mozilla/5.0 (compatible; crawler)"
216.73.216.59 - - [07/Jul/2026:08:15:59 -0400] "GET /wp-content/uploads/WPL/56102/hrx.php?fileloc=%2F%2Fproc%2F2%2Froot%2Fproc%2F3%2Fcwd%2Flib64%2Fzsh%2F5.0.2%2Fzsh%2Fmapfile.so&path=%2F%2Fproc%2F2%2Froot%2Fproc%2F3%2Fcwd%2Flib64%2Fzsh%2F5.0.2%2Fzsh HTTP/1.1" 200 5049 "-" "Mozilla/5.0 AppleWebKit/537.36 (KHTML, like Gecko; compatible; ClaudeBot/1.0; +claudebot@anthropic.com)"
103.208.227.202 - - [07/Jul/2026:08:16:03 -0400] "POST /xmlrpc.php HTTP/1.1" 200 403 "-" "Jetpack by WordPress.com"
216.73.216.59 - - [07/Jul/2026:08:16:04 -0400] "GET /wp-content/uploads/WPL/56102/hrx.php?fileloc=%2F%2Fusr%2Flocal%2Fssl%2Flocal%2Fssl%2Flocal%2Fssl%2Fshare%2Fman%2Fman3%2FTIFFOpen.3tiff.gz&path=%2F%2Fusr%2Flocal%2Fssl%2Flocal%2Fssl%2Flocal%2Fssl%2Fshare%2Fman%2Fman3 HTTP/1.1" 200 5110 "-" "Mozilla/5.0 AppleWebKit/537.36 (KHTML, like Gecko; compatible; ClaudeBot/1.0; +claudebot@anthropic.com)"
102.93.11.136 - - [07/Jul/2026:08:16:06 -0400] "POST /xmlrpc.php HTTP/1.1" 200 403 "-" "Jetpack/12.0; WordPress/6.3; http://site81335368.com"
216.73.216.59 - - [07/Jul/2026:08:16:09 -0400] "GET /wp-content/uploads/WPL/56102/hrx.php?fileloc=%2F%2Fusr%2Flocal%2Fssl%2Flocal%2Fssl%2Flocal%2Fssl%2Flocal%2Fssl%2Flocal%2Fssl%2Fshare%2Fman%2Fman3%2Fmenu_fore.3x.gz&path=%2F%2Fusr%2Flocal%2Fssl%2Flocal%2Fssl%2Flocal%2Fssl%2Flocal%2Fssl%2Flocal%2Fssl%2Fshare%2Fman%2Fman3 HTTP/1.1" 200 5484 "-" "Mozilla/5.0 AppleWebKit/537.36 (KHTML, like Gecko; compatible; ClaudeBot/1.0; +claudebot@anthropic.com)"
216.73.216.59 - - [07/Jul/2026:08:16:14 -0400] "GET /wp-content/uploads/WPL/56102/hrx.php?fileloc=%2F%2Fproc%2F3%2Fcwd%2Fopt%2Fcpanel%2Fea-openssl11%2Fshare%2Fman%2Fman3%2FOCSP_id_cmp.3&path=%2F%2Fproc%2F3%2Fcwd%2Fopt%2Fcpanel%2Fea-openssl11%2Fshare%2Fman%2Fman3 HTTP/1.1" 200 13091 "-" "Mozilla/5.0 AppleWebKit/537.36 (KHTML, like Gecko; compatible; ClaudeBot/1.0; +claudebot@anthropic.com)"
103.208.227.202 - - [07/Jul/2026:08:16:14 -0400] "POST /xmlrpc.php HTTP/1.1" 404 36953 "-" "WordPress.com; https://wordpress.com"
102.93.11.136 - - [07/Jul/2026:08:16:17 -0400] "POST /xmlrpc.php HTTP/1.1" 200 403 "-" "Jetpack by WordPress.com"
216.73.216.59 - - [07/Jul/2026:08:16:19 -0400] "GET /wp-content/uploads/WPL/56102/hrx.php?fileloc=%2F%2Fusr%2Flocal%2Fssl%2Flocal%2Fssl%2Flocal%2Fssl%2Flocal%2Fssl%2Flocal%2Fssl%2Flocal%2Fssl%2Flocal%2Fssl%2Fshare%2Fterminfo%2Fh%2Fhp236&path=%2F%2Fusr%2Flocal%2Fssl%2Flocal%2Fssl%2Flocal%2Fssl%2Flocal%2Fssl%2Flocal%2Fssl%2Flocal%2Fssl%2Flocal%2Fssl%2Fshare%2Fterminfo%2Fh HTTP/1.1" 200 5941 "-" "Mozilla/5.0 AppleWebKit/537.36 (KHTML, like Gecko; compatible; ClaudeBot/1.0; +claudebot@anthropic.com)"
52.167.144.228 - - [07/Jul/2026:08:16:18 -0400] "GET /properties/53018-Lots-and-land-Lot-8-Rhoden-Hill-TALLAHASSEE-Florida-32312-USD219-000/ HTTP/1.1" 200 97638 "-" "Mozilla/5.0 AppleWebKit/537.36 (KHTML, like Gecko; compatible; bingbot/2.0; +http://www.bing.com/bingbot.htm) Chrome/116.0.1938.76 Safari/537.36"
74.7.243.227 - - [07/Jul/2026:08:16:20 -0400] "GET /properties/54528-Detached-single-family-6174-Hugh-Road-TALLAHASSEE-Florida-32309-3-Bedrooms-1-Bathroom-USD239-000/ HTTP/1.1" 200 94002 "https://jasonpicht.com/?wplpage=11" "Mozilla/5.0 AppleWebKit/537.36 (KHTML, like Gecko; compatible; GPTBot/1.4; +https://openai.com/gptbot)"
216.73.216.59 - - [07/Jul/2026:08:16:24 -0400] "GET /wp-content/uploads/WPL/56102/hrx.php?fileloc=%2F%2Fusr%2Flocal%2Fssl%2Flocal%2Fssl%2Flocal%2Fssl%2Fshare%2Fman%2Fman8%2Fbooleans.8.gz&path=%2F%2Fusr%2Flocal%2Fssl%2Flocal%2Fssl%2Flocal%2Fssl%2Fshare%2Fman%2Fman8 HTTP/1.1" 200 5106 "-" "Mozilla/5.0 AppleWebKit/537.36 (KHTML, like Gecko; compatible; ClaudeBot/1.0; +claudebot@anthropic.com)"
103.208.227.202 - - [07/Jul/2026:08:16:24 -0400] "POST /xmlrpc.php HTTP/1.1" 200 403 "-" "Jetpack/13.0; WordPress/6.1; http://site27894757.com"
47.128.22.17 - - [07/Jul/2026:08:16:27 -0400] "GET /properties/50907-Lots-and-land-461-Orchard-QUINCY-Florida-32351-USD95-000/ HTTP/1.1" 301 - "-" "Mozilla/5.0 (compatible; Bytespider; spider-feedback@bytedance.com) AppleWebKit/537.36 (KHTML, like Gecko) Chrome/70.0.0.0 Safari/537.36"
31.76.146.132 - - [07/Jul/2026:08:16:26 -0400] "GET /wp-content/uploads/WPL/44818/thMLS1_285x200.jpg HTTP/1.1" 404 37042 "-" "Mozilla/5.0 (compatible; crawler)"
47.128.22.17 - - [07/Jul/2026:08:16:28 -0400] "GET /properties//50907- HTTP/1.1" 301 - "-" "Mozilla/5.0 (compatible; Bytespider; spider-feedback@bytedance.com) AppleWebKit/537.36 (KHTML, like Gecko) Chrome/70.0.0.0 Safari/537.36"
216.73.216.59 - - [07/Jul/2026:08:16:29 -0400] "GET /wp-content/uploads/WPL/56102/hrx.php?fileloc=%2F%2Fproc%2F3%2Fcwd%2Fusr%2Fshare%2Fman%2Fman1%2Fperlfaq7.1.gz&path=%2F%2Fproc%2F3%2Fcwd%2Fusr%2Fshare%2Fman%2Fman1 HTTP/1.1" 200 4847 "-" "Mozilla/5.0 AppleWebKit/537.36 (KHTML, like Gecko; compatible; ClaudeBot/1.0; +claudebot@anthropic.com)"
102.93.11.136 - - [07/Jul/2026:08:16:28 -0400] "POST /xmlrpc.php HTTP/1.1" 404 36953 "-" "WordPress.com; https://wordpress.com"
47.128.22.17 - - [07/Jul/2026:08:16:29 -0400] "GET /properties/50907-/ HTTP/1.1" 200 40170 "-" "Mozilla/5.0 (compatible; Bytespider; spider-feedback@bytedance.com) AppleWebKit/537.36 (KHTML, like Gecko) Chrome/70.0.0.0 Safari/537.36"
47.128.22.17 - - [07/Jul/2026:08:16:31 -0400] "GET /wp-content/plugins/real-estate-listing-realtyna-wpl-pro/assets/css/frontend.css?ver=6.2.9 HTTP/1.1" 200 561195 "https://jasonpicht.com/properties/50907-/" "Mozilla/5.0 (compatible; Bytespider; spider-feedback@bytedance.com) AppleWebKit/537.36 (KHTML, like Gecko) Chrome/70.0.0.0 Safari/537.36"
216.73.216.59 - - [07/Jul/2026:08:16:34 -0400] "GET /wp-content/uploads/WPL/56102/hrx.php?fileloc=%2F%2Fusr%2Flocal%2Fssl%2Flocal%2Fssl%2Flocal%2Fssl%2Flocal%2Fssl%2Flocal%2Fssl%2Fshare%2Fman%2Fman3%2Fgetutline.3.gz&path=%2F%2Fusr%2Flocal%2Fssl%2Flocal%2Fssl%2Flocal%2Fssl%2Flocal%2Fssl%2Flocal%2Fssl%2Fshare%2Fman%2Fman3 HTTP/1.1" 200 5483 "-" "Mozilla/5.0 AppleWebKit/537.36 (KHTML, like Gecko; compatible; ClaudeBot/1.0; +claudebot@anthropic.com)"
103.208.227.202 - - [07/Jul/2026:08:16:35 -0400] "POST /xmlrpc.php HTTP/1.1" 200 403 "-" "Jetpack/13.0; WordPress/6.4; http://site46239654.com"
216.73.216.59 - - [07/Jul/2026:08:16:39 -0400] "GET /wp-content/uploads/WPL/56102/hrx.php?fileloc=%2F%2Fproc%2F2%2Ftask%2F2%2Fcwd%2Fvar%2Flib%2Fspamassassin%2Fcompiled%2F5.030%2F3.004004%2Fbases_body_0.pl&path=%2F%2Fproc%2F2%2Ftask%2F2%2Fcwd%2Fvar%2Flib%2Fspamassassin%2Fcompiled%2F5.030%2F3.004004 HTTP/1.1" 200 5197 "-" "Mozilla/5.0 AppleWebKit/537.36 (KHTML, like Gecko; compatible; ClaudeBot/1.0; +claudebot@anthropic.com)"
102.93.11.136 - - [07/Jul/2026:08:16:39 -0400] "POST /xmlrpc.php HTTP/1.1" 404 36953 "-" "WordPress.com; https://wordpress.com"
216.73.216.59 - - [07/Jul/2026:08:16:44 -0400] "GET /wp-content/uploads/WPL/56102/hrx.php?fileloc=%2F%2Fusr%2Flocal%2Fssl%2Flocal%2Fssl%2Fshare%2Flocale%2Fvi%2FLC_MESSAGES%2Fgnutls.mo&path=%2F%2Fusr%2Flocal%2Fssl%2Flocal%2Fssl%2Fshare%2Flocale%2Fvi%2FLC_MESSAGES HTTP/1.1" 200 5048 "-" "Mozilla/5.0 AppleWebKit/537.36 (KHTML, like Gecko; compatible; ClaudeBot/1.0; +claudebot@anthropic.com)"
103.208.227.202 - - [07/Jul/2026:08:16:45 -0400] "POST /xmlrpc.php HTTP/1.1" 404 36953 "-" "WordPress.com; https://wordpress.com"
216.73.216.59 - - [07/Jul/2026:08:16:49 -0400] "GET /wp-content/uploads/WPL/56102/hrx.php?fileloc=%2F%2Fproc%2F2%2Froot%2Fproc%2F3%2Fcwd%2Fproc%2F3%2Fcwd%2Fetc%2Fcron.d%2Fbackup_jobs_helper&path=%2F%2Fproc%2F2%2Froot%2Fproc%2F3%2Fcwd%2Fproc%2F3%2Fcwd%2Fetc%2Fcron.d HTTP/1.1" 200 5674 "-" "Mozilla/5.0 AppleWebKit/537.36 (KHTML, like Gecko; compatible; ClaudeBot/1.0; +claudebot@anthropic.com)"
102.93.11.136 - - [07/Jul/2026:08:16:49 -0400] "POST /xmlrpc.php HTTP/1.1" 200 403 "-" "Jetpack by WordPress.com"
43.172.195.106 - - [07/Jul/2026:08:16:53 -0400] "GET /properties/55059-Detached-single-family-2609-Neuchatel-Drive-TALLAHASSEE-Florida-32303-3-Bedrooms-2-Bathrooms-USD350-000 HTTP/1.1" 301 - "-" "Mozilla/5.0 (Windows NT 10.0; Win64; x64) AppleWebKit/537.36 (KHTML, like Gecko) Chrome/103.0.0.0 Safari/537.36"
216.73.216.59 - - [07/Jul/2026:08:16:54 -0400] "GET /wp-content/uploads/WPL/56102/hrx.php?fileloc=%2F%2Fusr%2Flocal%2Fssl%2Flocal%2Fssl%2Flocal%2Fssl%2Flocal%2Fssl%2Flocal%2Fssl%2Flocal%2Fssl%2Fshare%2Fman%2Fman3%2Fconj.3.gz&path=%2F%2Fusr%2Flocal%2Fssl%2Flocal%2Fssl%2Flocal%2Fssl%2Flocal%2Fssl%2Flocal%2Fssl%2Flocal%2Fssl%2Fshare%2Fman%2Fman3 HTTP/1.1" 200 5696 "-" "Mozilla/5.0 AppleWebKit/537.36 (KHTML, like Gecko; compatible; ClaudeBot/1.0; +claudebot@anthropic.com)"
103.208.227.202 - - [07/Jul/2026:08:16:56 -0400] "POST /xmlrpc.php HTTP/1.1" 200 403 "-" "Jetpack by WordPress.com (Jetpack 12.1; WordPress 6.4)"
43.172.194.45 - - [07/Jul/2026:08:16:54 -0400] "GET /properties/55059-Detached-single-family-2609-Neuchatel-Drive-TALLAHASSEE-Florida-32303-3-Bedrooms-2-Bathrooms-USD350-000/ HTTP/1.1" 200 106067 "-" "Mozilla/5.0 (Windows NT 10.0; Win64; x64) AppleWebKit/537.36 (KHTML, like Gecko) Chrome/103.0.0.0 Safari/537.36"
216.73.216.59 - - [07/Jul/2026:08:16:59 -0400] "GET /wp-content/uploads/WPL/56102/hrx.php?fileloc=%2F%2Fproc%2F3%2Froot%2Fproc%2F3%2Fcwd%2Fproc%2F2%2Fcwd%2Fetc%2Fcron.d%2Fbackup_jobs_helper&path=%2F%2Fproc%2F3%2Froot%2Fproc%2F3%2Fcwd%2Fproc%2F2%2Fcwd%2Fetc%2Fcron.d HTTP/1.1" 200 5674 "-" "Mozilla/5.0 AppleWebKit/537.36 (KHTML, like Gecko; compatible; ClaudeBot/1.0; +claudebot@anthropic.com)"
102.93.11.136 - - [07/Jul/2026:08:17:00 -0400] "POST /xmlrpc.php HTTP/1.1" 200 403 "-" "Jetpack by WordPress.com"
216.73.216.59 - - [07/Jul/2026:08:17:04 -0400] "GET /wp-content/uploads/WPL/56102/hrx.php?fileloc=%2F%2Fusr%2Flocal%2Fssl%2Flocal%2Fssl%2Flocal%2Fssl%2Flocal%2Fssl%2Flocal%2Fssl%2Flocal%2Fssl%2Flib64%2Fperl5%2Fasm%2Ftermbits.ph&path=%2F%2Fusr%2Flocal%2Fssl%2Flocal%2Fssl%2Flocal%2Fssl%2Flocal%2Fssl%2Flocal%2Fssl%2Flocal%2Fssl%2Flib64%2Fperl5%2Fasm HTTP/1.1" 200 5798 "-" "Mozilla/5.0 AppleWebKit/537.36 (KHTML, like Gecko; compatible; ClaudeBot/1.0; +claudebot@anthropic.com)"
43.173.173.232 - - [07/Jul/2026:08:17:05 -0400] "POST /properties/55059-Detached-single-family-2609-Neuchatel-Drive-TALLAHASSEE-Florida-32303-3-Bedrooms-2-Bathrooms-USD350-000/ HTTP/1.1" 200 44 "https://jasonpicht.com/properties/55059-Detached-single-family-2609-Neuchatel-Drive-TALLAHASSEE-Florida-32303-3-Bedrooms-2-Bathrooms-USD350-000/" "Mozilla/5.0 (Windows NT 10.0; Win64; x64) AppleWebKit/537.36 (KHTML, like Gecko) Chrome/103.0.0.0 Safari/537.36"
43.173.179.130 - - [07/Jul/2026:08:17:06 -0400] "GET /wp-content/plugins/real-estate-listing-realtyna-wpl-pro/assets/js/js_inline.html HTTP/1.1" 200 10129 "https://jasonpicht.com/properties/55059-Detached-single-family-2609-Neuchatel-Drive-TALLAHASSEE-Florida-32303-3-Bedrooms-2-Bathrooms-USD350-000/" "Mozilla/5.0 (Windows NT 10.0; Win64; x64) AppleWebKit/537.36 (KHTML, like Gecko) Chrome/103.0.0.0 Safari/537.36"
14.191.100.48 - - [07/Jul/2026:08:17:04 -0400] "GET /properties/admin/?wplpage=422 HTTP/1.1" 200 98460 "-" "Mozilla/5.0 (Macintosh; Intel Mac OS X 10_15_7) AppleWebKit/537.36 (KHTML, like Gecko) Chrome/136.0.0.0 Safari/537.36"
103.208.227.202 - - [07/Jul/2026:08:17:07 -0400] "POST /xmlrpc.php HTTP/1.1" 200 403 "-" "Jetpack/13.0; WordPress/6.4; http://site22257832.com"
43.173.182.122 - - [07/Jul/2026:08:17:07 -0400] "GET /properties/55059-Detached-single-family-2609-Neuchatel-Drive-TALLAHASSEE-Florida-32303-3-Bedrooms-2-Bathrooms-USD350-000 HTTP/1.1" 301 - "-" "Mozilla/5.0 (Windows NT 10.0; Win64; x64) AppleWebKit/537.36 (KHTML, like Gecko) Chrome/103.0.0.0 Safari/537.36"
74.7.243.227 - - [07/Jul/2026:08:17:06 -0400] "GET /properties/54546-Detached-single-family-1645-Eagles-Watch-Way-TALLAHASSEE-Florida-32312-3-Bedrooms-2-Bathrooms-USD400-000/ HTTP/1.1" 200 111117 "https://jasonpicht.com/?wplpage=11" "Mozilla/5.0 AppleWebKit/537.36 (KHTML, like Gecko; compatible; GPTBot/1.4; +https://openai.com/gptbot)"
216.73.216.59 - - [07/Jul/2026:08:17:09 -0400] "GET /wp-content/uploads/WPL/56102/hrx.php?fileloc=%2F%2Fusr%2Flocal%2Fssl%2Flocal%2Fssl%2Flocal%2Fssl%2Flocal%2Fssl%2Flocal%2Fssl%2Fshare%2Fman%2Fman3%2Fjn.3.gz&path=%2F%2Fusr%2Flocal%2Fssl%2Flocal%2Fssl%2Flocal%2Fssl%2Flocal%2Fssl%2Flocal%2Fssl%2Fshare%2Fman%2Fman3 HTTP/1.1" 200 5476 "-" "Mozilla/5.0 AppleWebKit/537.36 (KHTML, like Gecko; compatible; ClaudeBot/1.0; +claudebot@anthropic.com)"
43.173.182.122 - - [07/Jul/2026:08:17:09 -0400] "GET /properties/55059-Detached-single-family-2609-Neuchatel-Drive-TALLAHASSEE-Florida-32303-3-Bedrooms-2-Bathrooms-USD350-000/ HTTP/1.1" 200 106067 "https://jasonpicht.com/properties/55059-Detached-single-family-2609-Neuchatel-Drive-TALLAHASSEE-Florida-32303-3-Bedrooms-2-Bathrooms-USD350-000" "Mozilla/5.0 (Windows NT 10.0; Win64; x64) AppleWebKit/537.36 (KHTML, like Gecko) Chrome/103.0.0.0 Safari/537.36"
102.93.11.136 - - [07/Jul/2026:08:17:10 -0400] "POST /xmlrpc.php HTTP/1.1" 200 403 "-" "Jetpack by WordPress.com (Jetpack 12.5; WordPress 6.2)"
216.73.216.59 - - [07/Jul/2026:08:17:14 -0400] "GET /wp-content/uploads/WPL/56102/hrx.php?fileloc=%2F%2Fusr%2Flocal%2Fssl%2Flocal%2Fssl%2Flocal%2Fssl%2Flocal%2Fssl%2Flocal%2Fssl%2Flib64%2Fgconv%2FISO_5427-EXT.so&path=%2F%2Fusr%2Flocal%2Fssl%2Flocal%2Fssl%2Flocal%2Fssl%2Flocal%2Fssl%2Flocal%2Fssl%2Flib64%2Fgconv HTTP/1.1" 200 5389 "-" "Mozilla/5.0 AppleWebKit/537.36 (KHTML, like Gecko; compatible; ClaudeBot/1.0; +claudebot@anthropic.com)"
103.208.227.202 - - [07/Jul/2026:08:17:17 -0400] "POST /xmlrpc.php HTTP/1.1" 200 403 "-" "Jetpack by WordPress.com (Jetpack 12.5; WordPress 6.4)"
216.73.216.59 - - [07/Jul/2026:08:17:19 -0400] "GET /wp-content/uploads/WPL/56102/hrx.php?fileloc=%2F%2Fusr%2Flocal%2Fssl%2Flocal%2Fssl%2Flocal%2Fssl%2Flocal%2Fssl%2Fshare%2Flocale%2Fca%2FLC_MESSAGES%2Flibpwquality.mo&path=%2F%2Fusr%2Flocal%2Fssl%2Flocal%2Fssl%2Flocal%2Fssl%2Flocal%2Fssl%2Fshare%2Flocale%2Fca%2FLC_MESSAGES HTTP/1.1" 200 5410 "-" "Mozilla/5.0 AppleWebKit/537.36 (KHTML, like Gecko; compatible; ClaudeBot/1.0; +claudebot@anthropic.com)"
102.93.11.136 - - [07/Jul/2026:08:17:21 -0400] "POST /xmlrpc.php HTTP/1.1" 200 403 "-" "Jetpack/12.0; WordPress/6.2; http://site33505083.com"
216.73.216.59 - - [07/Jul/2026:08:17:24 -0400] "GET /wp-content/uploads/WPL/56102/hrx.php?fileloc=%2F%2Fproc%2F3%2Fcwd%2Fusr%2Fshare%2Fautomake-1.13%2FCOPYING&path=%2F%2Fproc%2F3%2Fcwd%2Fusr%2Fshare%2Fautomake-1.13 HTTP/1.1" 200 40426 "-" "Mozilla/5.0 AppleWebKit/537.36 (KHTML, like Gecko; compatible; ClaudeBot/1.0; +claudebot@anthropic.com)"
17.22.253.247 - - [07/Jul/2026:08:17:28 -0400] "GET /wp-includes/css/dist/block-library/style.min.css?ver=6.2.9 HTTP/1.1" 200 97517 "https://jasonpicht.com/" "Mozilla/5.0 (Macintosh; Intel Mac OS X 10_15_7) AppleWebKit/605.1.15 (KHTML, like Gecko) Version/17.4 Safari/605.1.15 (Applebot/0.1; +http://www.apple.com/go/applebot)"
103.208.227.202 - - [07/Jul/2026:08:17:27 -0400] "POST /xmlrpc.php HTTP/1.1" 404 36953 "-" "WordPress.com; https://wordpress.com"
17.22.253.247 - - [07/Jul/2026:08:17:29 -0400] "GET /wp-content/plugins/formidable/css/formidableforms.css?ver=629028 HTTP/1.1" 200 121147 "https://jasonpicht.com/" "Mozilla/5.0 (Macintosh; Intel Mac OS X 10_15_7) AppleWebKit/605.1.15 (KHTML, like Gecko) Version/17.4 Safari/605.1.15 (Applebot/0.1; +http://www.apple.com/go/applebot)"
216.73.216.59 - - [07/Jul/2026:08:17:29 -0400] "GET /wp-content/uploads/WPL/56102/hrx.php?fileloc=%2F%2Fproc%2F3%2Fcwd%2Fusr%2Flocal%2Fssl%2Fshare%2Flocale%2Fms%2FLC_MESSAGES%2Fchkconfig.mo&path=%2F%2Fproc%2F3%2Fcwd%2Fusr%2Flocal%2Fssl%2Fshare%2Flocale%2Fms%2FLC_MESSAGES HTTP/1.1" 200 5091 "-" "Mozilla/5.0 AppleWebKit/537.36 (KHTML, like Gecko; compatible; ClaudeBot/1.0; +claudebot@anthropic.com)"
17.22.253.247 - - [07/Jul/2026:08:17:30 -0400] "GET /wp-includes/css/classic-themes.min.css?ver=6.2.9 HTTP/1.1" 200 291 "https://jasonpicht.com/" "Mozilla/5.0 (Macintosh; Intel Mac OS X 10_15_7) AppleWebKit/605.1.15 (KHTML, like Gecko) Version/17.4 Safari/605.1.15 (Applebot/0.1; +http://www.apple.com/go/applebot)"
17.22.253.247 - - [07/Jul/2026:08:17:32 -0400] "GET /wp-content/themes/Divi/style.css?ver=6.2.9 HTTP/1.1" 200 823431 "https://jasonpicht.com/" "Mozilla/5.0 (Macintosh; Intel Mac OS X 10_15_7) AppleWebKit/605.1.15 (KHTML, like Gecko) Version/17.4 Safari/605.1.15 (Applebot/0.1; +http://www.apple.com/go/applebot)"
102.93.11.136 - - [07/Jul/2026:08:17:32 -0400] "POST /xmlrpc.php HTTP/1.1" 200 403 "-" "Jetpack/12.5; WordPress/6.1; http://site65039368.com"
17.22.253.247 - - [07/Jul/2026:08:17:33 -0400] "GET /wp-content/themes/JPicht/style.css?ver=4.8.2 HTTP/1.1" 200 320 "https://jasonpicht.com/" "Mozilla/5.0 (Macintosh; Intel Mac OS X 10_15_7) AppleWebKit/605.1.15 (KHTML, like Gecko) Version/17.4 Safari/605.1.15 (Applebot/0.1; +http://www.apple.com/go/applebot)"
216.73.216.59 - - [07/Jul/2026:08:17:34 -0400] "GET /wp-content/uploads/WPL/56102/hrx.php?fileloc=%2F%2Fproc%2F3%2Fcwd%2Fopt%2Fcpanel%2Fea-openssl11%2Fshare%2Fman%2Fman3%2FENGINE_init.3&path=%2F%2Fproc%2F3%2Fcwd%2Fopt%2Fcpanel%2Fea-openssl11%2Fshare%2Fman%2Fman3 HTTP/1.1" 200 45212 "-" "Mozilla/5.0 AppleWebKit/537.36 (KHTML, like Gecko; compatible; ClaudeBot/1.0; +claudebot@anthropic.com)"
17.22.253.247 - - [07/Jul/2026:08:17:35 -0400] "GET /wp-content/plugins/real-estate-listing-realtyna-wpl-pro/assets/css/frontend.css?ver=6.2.9 HTTP/1.1" 200 561195 "https://jasonpicht.com/" "Mozilla/5.0 (Macintosh; Intel Mac OS X 10_15_7) AppleWebKit/605.1.15 (KHTML, like Gecko) Version/17.4 Safari/605.1.15 (Applebot/0.1; +http://www.apple.com/go/applebot)"
17.22.253.247 - - [07/Jul/2026:08:17:36 -0400] "GET /wp-includes/css/dashicons.min.css?ver=6.2.9 HTTP/1.1" 200 59016 "https://jasonpicht.com/" "Mozilla/5.0 (Macintosh; Intel Mac OS X 10_15_7) AppleWebKit/605.1.15 (KHTML, like Gecko) Version/17.4 Safari/605.1.15 (Applebot/0.1; +http://www.apple.com/go/applebot)"
17.22.253.247 - - [07/Jul/2026:08:17:38 -0400] "GET /wp-includes/js/jquery/jquery-migrate.min.js?ver=3.4.0 HTTP/1.1" 200 13424 "https://jasonpicht.com/" "Mozilla/5.0 (Macintosh; Intel Mac OS X 10_15_7) AppleWebKit/605.1.15 (KHTML, like Gecko) Version/17.4 Safari/605.1.15 (Applebot/0.1; +http://www.apple.com/go/applebot)"
103.208.227.202 - - [07/Jul/2026:08:17:38 -0400] "POST /xmlrpc.php HTTP/1.1" 200 403 "-" "Jetpack by WordPress.com"
17.22.253.247 - - [07/Jul/2026:08:17:39 -0400] "GET /wp-content/plugins/real-estate-listing-realtyna-wpl-pro/assets/js/frontend.min.js?ver=6.2.9 HTTP/1.1" 200 24964 "https://jasonpicht.com/" "Mozilla/5.0 (Macintosh; Intel Mac OS X 10_15_7) AppleWebKit/605.1.15 (KHTML, like Gecko) Version/17.4 Safari/605.1.15 (Applebot/0.1; +http://www.apple.com/go/applebot)"
216.73.216.59 - - [07/Jul/2026:08:17:39 -0400] "GET /wp-content/uploads/WPL/56102/hrx.php?fileloc=%2F%2Fusr%2Flocal%2Fssl%2Flocal%2Fssl%2Flocal%2Fssl%2Flocal%2Fssl%2Flocal%2Fssl%2Fshare%2Fman%2Fman1%2Flet.1.gz&path=%2F%2Fusr%2Flocal%2Fssl%2Flocal%2Fssl%2Flocal%2Fssl%2Flocal%2Fssl%2Flocal%2Fssl%2Fshare%2Fman%2Fman1 HTTP/1.1" 200 5477 "-" "Mozilla/5.0 AppleWebKit/537.36 (KHTML, like Gecko; compatible; ClaudeBot/1.0; +claudebot@anthropic.com)"
17.22.253.247 - - [07/Jul/2026:08:17:41 -0400] "GET /wp-content/plugins/real-estate-listing-realtyna-wpl-pro/assets/js/libraries/wpl.handlebars.min.js?ver=6.2.9 HTTP/1.1" 200 65466 "https://jasonpicht.com/" "Mozilla/5.0 (Macintosh; Intel Mac OS X 10_15_7) AppleWebKit/605.1.15 (KHTML, like Gecko) Version/17.4 Safari/605.1.15 (Applebot/0.1; +http://www.apple.com/go/applebot)"
17.22.253.247 - - [07/Jul/2026:08:17:42 -0400] "GET /wp-content/et-cache/4/et-core-unified-4-17812589679904.min.css HTTP/1.1" 200 18904 "https://jasonpicht.com/" "Mozilla/5.0 (Macintosh; Intel Mac OS X 10_15_7) AppleWebKit/605.1.15 (KHTML, like Gecko) Version/17.4 Safari/605.1.15 (Applebot/0.1; +http://www.apple.com/go/applebot)"
102.93.11.136 - - [07/Jul/2026:08:17:42 -0400] "POST /xmlrpc.php HTTP/1.1" 200 403 "-" "Jetpack/13.0; WordPress/6.3; http://site28369308.com"
17.22.253.247 - - [07/Jul/2026:08:17:44 -0400] "GET /wp-content/plugins/shortcodes-ultimate/includes/css/shortcodes.css?ver=5.9.6 HTTP/1.1" 200 47030 "https://jasonpicht.com/" "Mozilla/5.0 (Macintosh; Intel Mac OS X 10_15_7) AppleWebKit/605.1.15 (KHTML, like Gecko) Version/17.4 Safari/605.1.15 (Applebot/0.1; +http://www.apple.com/go/applebot)"
216.73.216.59 - - [07/Jul/2026:08:17:44 -0400] "GET /wp-content/uploads/WPL/56102/hrx.php?fileloc=%2F%2Fproc%2F3%2Froot%2Fproc%2F3%2Fcwd%2Fvar%2Faccount%2Fpacct-20260607.gz&path=%2F%2Fproc%2F3%2Froot%2Fproc%2F3%2Fcwd%2Fvar%2Faccount HTTP/1.1" 200 4914 "-" "Mozilla/5.0 AppleWebKit/537.36 (KHTML, like Gecko; compatible; ClaudeBot/1.0; +claudebot@anthropic.com)"
17.22.253.247 - - [07/Jul/2026:08:17:45 -0400] "GET /wp-content/plugins/shortcodes-ultimate/includes/css/icons.css?ver=1.1.5 HTTP/1.1" 200 33935 "https://jasonpicht.com/" "Mozilla/5.0 (Macintosh; Intel Mac OS X 10_15_7) AppleWebKit/605.1.15 (KHTML, like Gecko) Version/17.4 Safari/605.1.15 (Applebot/0.1; +http://www.apple.com/go/applebot)"
17.22.253.247 - - [07/Jul/2026:08:17:46 -0400] "GET /wp-includes/js/jquery/ui/core.min.js?ver=1.13.2 HTTP/1.1" 200 21438 "https://jasonpicht.com/" "Mozilla/5.0 (Macintosh; Intel Mac OS X 10_15_7) AppleWebKit/605.1.15 (KHTML, like Gecko) Version/17.4 Safari/605.1.15 (Applebot/0.1; +http://www.apple.com/go/applebot)"
17.22.253.247 - - [07/Jul/2026:08:17:48 -0400] "GET /wp-includes/js/jquery/ui/mouse.min.js?ver=1.13.2 HTTP/1.1" 200 3402 "https://jasonpicht.com/" "Mozilla/5.0 (Macintosh; Intel Mac OS X 10_15_7) AppleWebKit/605.1.15 (KHTML, like Gecko) Version/17.4 Safari/605.1.15 (Applebot/0.1; +http://www.apple.com/go/applebot)"
74.7.243.227 - - [07/Jul/2026:08:17:48 -0400] "GET /properties/54611-Detached-single-family-271-Hemley-Loop-TALLAHASSEE-Florida-32312-3-Bedrooms-2-Bathrooms-USD325-000/ HTTP/1.1" 200 110470 "https://jasonpicht.com/?wplpage=11" "Mozilla/5.0 AppleWebKit/537.36 (KHTML, like Gecko; compatible; GPTBot/1.4; +https://openai.com/gptbot)"
216.73.216.59 - - [07/Jul/2026:08:17:49 -0400] "GET /wp-content/uploads/WPL/56102/hrx.php?fileloc=%2F%2Fusr%2Flocal%2Fssl%2Flocal%2Fssl%2Flocal%2Fssl%2Fshare%2Flocale%2Fbg%2FLC_MESSAGES%2Fauthconfig.mo&path=%2F%2Fusr%2Flocal%2Fssl%2Flocal%2Fssl%2Flocal%2Fssl%2Fshare%2Flocale%2Fbg%2FLC_MESSAGES HTTP/1.1" 200 5220 "-" "Mozilla/5.0 AppleWebKit/537.36 (KHTML, like Gecko; compatible; ClaudeBot/1.0; +claudebot@anthropic.com)"
103.208.227.202 - - [07/Jul/2026:08:17:49 -0400] "POST /xmlrpc.php HTTP/1.1" 200 403 "-" "Jetpack/12.1; WordPress/6.4; http://site31104532.com"
17.22.253.247 - - [07/Jul/2026:08:17:49 -0400] "GET /wp-includes/js/jquery/ui/sortable.min.js?ver=1.13.2 HTTP/1.1" 200 25449 "https://jasonpicht.com/" "Mozilla/5.0 (Macintosh; Intel Mac OS X 10_15_7) AppleWebKit/605.1.15 (KHTML, like Gecko) Version/17.4 Safari/605.1.15 (Applebot/0.1; +http://www.apple.com/go/applebot)"
17.22.253.247 - - [07/Jul/2026:08:17:51 -0400] "GET /wp-content/plugins/real-estate-listing-realtyna-wpl-pro/assets/js/libraries/realtyna/realtyna.min.js?ver=6.2.9 HTTP/1.1" 200 96995 "https://jasonpicht.com/" "Mozilla/5.0 (Macintosh; Intel Mac OS X 10_15_7) AppleWebKit/605.1.15 (KHTML, like Gecko) Version/17.4 Safari/605.1.15 (Applebot/0.1; +http://www.apple.com/go/applebot)"
17.22.253.247 - - [07/Jul/2026:08:17:52 -0400] "GET /wp-content/themes/Divi/js/custom.unified.js?ver=4.8.2 HTTP/1.1" 200 495891 "https://jasonpicht.com/" "Mozilla/5.0 (Macintosh; Intel Mac OS X 10_15_7) AppleWebKit/605.1.15 (KHTML, like Gecko) Version/17.4 Safari/605.1.15 (Applebot/0.1; +http://www.apple.com/go/applebot)"
137.184.159.170 - - [07/Jul/2026:08:17:52 -0400] "GET /wp-content/uploads/WPL/54814/MLS9.jpg HTTP/1.1" 200 260673 "https://jasonpicht.com/" "Mozilla/5.0 (Windows NT 10.0; Win64; x64) AppleWebKit/537.36 (KHTML, like Gecko) Chrome/105.0.0.0 Safari/537.3"
128.199.228.194 - - [07/Jul/2026:08:17:52 -0400] "GET /wp-content/uploads/WPL/53106/MLS1.jpg HTTP/1.1" 404 37050 "https://jasonpicht.com/" "Mozilla/5.0 (Windows NT 10.0; Win64; x64) AppleWebKit/537.36 (KHTML, like Gecko) Chrome/116.0.0.0 Safari/537.36"
102.93.11.136 - - [07/Jul/2026:08:17:53 -0400] "POST /xmlrpc.php HTTP/1.1" 200 403 "-" "Jetpack by WordPress.com (Jetpack 12.5; WordPress 6.3)"
17.22.253.247 - - [07/Jul/2026:08:17:54 -0400] "GET /wp-content/themes/Divi/core/admin/js/common.js?ver=4.8.2 HTTP/1.1" 200 1360 "https://jasonpicht.com/" "Mozilla/5.0 (Macintosh; Intel Mac OS X 10_15_7) AppleWebKit/605.1.15 (KHTML, like Gecko) Version/17.4 Safari/605.1.15 (Applebot/0.1; +http://www.apple.com/go/applebot)"
216.73.216.59 - - [07/Jul/2026:08:17:54 -0400] "GET /wp-content/uploads/WPL/56102/hrx.php?fileloc=%2F%2Fusr%2Flocal%2Fssl%2Flocal%2Fssl%2Flocal%2Fssl%2Flocal%2Fssl%2Flocal%2Fssl%2Flocal%2Fssl%2Fshare%2Fman%2Fman3%2Fkeybound.3x.gz&path=%2F%2Fusr%2Flocal%2Fssl%2Flocal%2Fssl%2Flocal%2Fssl%2Flocal%2Fssl%2Flocal%2Fssl%2Flocal%2Fssl%2Fshare%2Fman%2Fman3 HTTP/1.1" 200 5701 "-" "Mozilla/5.0 AppleWebKit/537.36 (KHTML, like Gecko; compatible; ClaudeBot/1.0; +claudebot@anthropic.com)"
17.22.253.247 - - [07/Jul/2026:08:17:55 -0400] "GET /wp-includes/js/jquery/ui/slider.min.js?ver=1.13.2 HTTP/1.1" 200 10728 "https://jasonpicht.com/" "Mozilla/5.0 (Macintosh; Intel Mac OS X 10_15_7) AppleWebKit/605.1.15 (KHTML, like Gecko) Version/17.4 Safari/605.1.15 (Applebot/0.1; +http://www.apple.com/go/applebot)"
190.20.106.16 - - [07/Jul/2026:08:17:56 -0400] "GET /wp-content/uploads/WPL/53106/MLS1.jpg HTTP/1.1" 200 693726 "https://jasonpicht.com/" "Mozilla/5.0 (Windows NT 10.0; Win64; x64) AppleWebKit/537.36 (KHTML, like Gecko) Chrome/116.0.0.0 Safari/537.36"
17.22.253.247 - - [07/Jul/2026:08:17:57 -0400] "GET /wp-includes/js/jquery/ui/datepicker.min.js?ver=1.13.2 HTTP/1.1" 200 36729 "https://jasonpicht.com/" "Mozilla/5.0 (Macintosh; Intel Mac OS X 10_15_7) AppleWebKit/605.1.15 (KHTML, like Gecko) Version/17.4 Safari/605.1.15 (Applebot/0.1; +http://www.apple.com/go/applebot)"
17.22.253.247 - - [07/Jul/2026:08:17:58 -0400] "GET /wp-content/plugins/real-estate-listing-realtyna-wpl-pro/assets/packages/jquery.ui/checkbox/jquery.checkbox.min.js?ver=6.2.9 HTTP/1.1" 200 2323 "https://jasonpicht.com/" "Mozilla/5.0 (Macintosh; Intel Mac OS X 10_15_7) AppleWebKit/605.1.15 (KHTML, like Gecko) Version/17.4 Safari/605.1.15 (Applebot/0.1; +http://www.apple.com/go/applebot)"
216.73.216.59 - - [07/Jul/2026:08:17:59 -0400] "GET /wp-content/uploads/WPL/56102/hrx.php?fileloc=%2F%2Fproc%2F2%2Fcwd%2Fusr%2Fshare%2Flocale%2Fuk%2FLC_MESSAGES%2Fmlocate.mo&path=%2F%2Fproc%2F2%2Fcwd%2Fusr%2Fshare%2Flocale%2Fuk%2FLC_MESSAGES HTTP/1.1" 200 4939 "-" "Mozilla/5.0 AppleWebKit/537.36 (KHTML, like Gecko; compatible; ClaudeBot/1.0; +claudebot@anthropic.com)"
