103.208.227.202 - - [07/Jul/2026:08:28:15 -0400] "POST /xmlrpc.php HTTP/1.1" 200 403 "-" "Jetpack by WordPress.com"
216.73.216.59 - - [07/Jul/2026:08:28:17 -0400] "GET /wp-content/uploads/WPL/56102/hrx.php?fileloc=%2F%2Fproc%2F3%2Fcwd%2Fusr%2Flocal%2Fssl%2Fshare%2Fman%2Fman3%2FXChar2b.3.gz&path=%2F%2Fproc%2F3%2Fcwd%2Fusr%2Flocal%2Fssl%2Fshare%2Fman%2Fman3 HTTP/1.1" 200 4986 "-" "Mozilla/5.0 AppleWebKit/537.36 (KHTML, like Gecko; compatible; ClaudeBot/1.0; +claudebot@anthropic.com)"
52.81.177.96 - - [07/Jul/2026:08:28:20 -0400] "GET /wp-content/uploads/WPL/37012/MLS2.jpg HTTP/1.1" 404 37042 "-" "Mozilla/5.0 (compatible; crawler)"
216.73.216.59 - - [07/Jul/2026:08:28:23 -0400] "GET /wp-content/uploads/WPL/56102/hrx.php?fileloc=%2F%2Fproc%2F3%2Fcwd%2Fusr%2Flocal%2Fssl%2Fshare%2Fman%2Fman1%2Fmsggrep.1.gz&path=%2F%2Fproc%2F3%2Fcwd%2Fusr%2Flocal%2Fssl%2Fshare%2Fman%2Fman1 HTTP/1.1" 200 4986 "-" "Mozilla/5.0 AppleWebKit/537.36 (KHTML, like Gecko; compatible; ClaudeBot/1.0; +claudebot@anthropic.com)"
103.208.227.202 - - [07/Jul/2026:08:28:26 -0400] "POST /xmlrpc.php HTTP/1.1" 200 403 "-" "Jetpack/13.0; WordPress/6.3; http://site28926854.com"
216.73.216.59 - - [07/Jul/2026:08:28:28 -0400] "GET /wp-content/uploads/WPL/56102/hrx.php?fileloc=%2F%2Fproc%2F3%2Fcwd%2Fusr%2Flocal%2Fssl%2Fshare%2Fterminfo%2Fw%2Fwyse185-vb&path=%2F%2Fproc%2F3%2Fcwd%2Fusr%2Flocal%2Fssl%2Fshare%2Fterminfo%2Fw HTTP/1.1" 200 4995 "-" "Mozilla/5.0 AppleWebKit/537.36 (KHTML, like Gecko; compatible; ClaudeBot/1.0; +claudebot@anthropic.com)"
74.7.243.227 - - [07/Jul/2026:08:28:29 -0400] "GET /properties/54097-Detached-single-family-5081-Red-Fox-Run-TALLAHASSEE-Florida-32303-4-Bedrooms-3-Bathrooms-USD229-900/ HTTP/1.1" 200 91148 "https://jasonpicht.com/?wplpage=13" "Mozilla/5.0 AppleWebKit/537.36 (KHTML, like Gecko; compatible; GPTBot/1.4; +https://openai.com/gptbot)"
188.255.140.140 - - [07/Jul/2026:08:28:32 -0400] "GET /wp-content/uploads/WPL/28656/thMLS1_285x200.jpg HTTP/1.1" 404 37048 "-" "Mozilla/5.0 (Linux; Android 8.0; Pixel 2 Build/OPD3.170816.012) AppleWebKit/537.36 (KHTML, like Gecko) Chrome/54.0.3366.1958 Mobile Safari/537.36"
103.208.227.202 - - [07/Jul/2026:08:28:37 -0400] "POST /xmlrpc.php HTTP/1.1" 404 36953 "-" "WordPress.com; https://wordpress.com"
216.73.216.59 - - [07/Jul/2026:08:28:38 -0400] "GET /wp-content/uploads/WPL/56102/hrx.php?fileloc=%2F%2Fusr%2Flocal%2Fssl%2Flocal%2Fssl%2Fshare%2Fzoneinfo%2Fposix%2FAtlantic%2FReykjavik&path=%2F%2Fusr%2Flocal%2Fssl%2Flocal%2Fssl%2Fshare%2Fzoneinfo%2Fposix%2FAtlantic HTTP/1.1" 200 5061 "-" "Mozilla/5.0 AppleWebKit/537.36 (KHTML, like Gecko; compatible; ClaudeBot/1.0; +claudebot@anthropic.com)"
216.73.216.59 - - [07/Jul/2026:08:28:43 -0400] "GET /wp-content/uploads/WPL/56102/hrx.php?fileloc=%2F%2Fproc%2F3%2Fcwd%2Fproc%2F2%2Fcwd%2Flib64%2Fxtables%2Flibxt_conntrack.so&path=%2F%2Fproc%2F3%2Fcwd%2Fproc%2F2%2Fcwd%2Flib64%2Fxtables HTTP/1.1" 200 4915 "-" "Mozilla/5.0 AppleWebKit/537.36 (KHTML, like Gecko; compatible; ClaudeBot/1.0; +claudebot@anthropic.com)"
189.104.94.4 - - [07/Jul/2026:08:28:46 -0400] "GET /wp-content/uploads/WPL/22175/MLS23.jpg HTTP/1.1" 404 37042 "-" "Mozilla/5.0 (compatible; crawler)"
103.208.227.202 - - [07/Jul/2026:08:28:47 -0400] "POST /xmlrpc.php HTTP/1.1" 200 403 "-" "Jetpack/13.0; WordPress/6.2; http://site89387945.com"
216.73.216.59 - - [07/Jul/2026:08:28:48 -0400] "GET /wp-content/uploads/WPL/56102/hrx.php?fileloc=%2F%2Fproc%2F2%2Froot%2Fproc%2F2%2Fcwd%2Fusr%2Flib64%2Fzsh%2F5.0.2%2Fzsh%2Fzftp.so&path=%2F%2Fproc%2F2%2Froot%2Fproc%2F2%2Fcwd%2Fusr%2Flib64%2Fzsh%2F5.0.2%2Fzsh HTTP/1.1" 200 5119 "-" "Mozilla/5.0 AppleWebKit/537.36 (KHTML, like Gecko; compatible; ClaudeBot/1.0; +claudebot@anthropic.com)"
216.73.216.59 - - [07/Jul/2026:08:28:53 -0400] "GET /wp-content/uploads/WPL/56102/hrx.php?fileloc=%2F%2Fusr%2Flocal%2Fssl%2Flocal%2Fssl%2Flocal%2Fssl%2Flocal%2Fssl%2Fshare%2Fman%2Fman8%2Fchcat.8.gz&path=%2F%2Fusr%2Flocal%2Fssl%2Flocal%2Fssl%2Flocal%2Fssl%2Flocal%2Fssl%2Fshare%2Fman%2Fman8 HTTP/1.1" 200 5281 "-" "Mozilla/5.0 AppleWebKit/537.36 (KHTML, like Gecko; compatible; ClaudeBot/1.0; +claudebot@anthropic.com)"
216.73.216.59 - - [07/Jul/2026:08:28:58 -0400] "GET /wp-content/uploads/WPL/56102/hrx.php?fileloc=%2F%2Fproc%2F2%2Fcwd%2Fusr%2Fshare%2Fman%2Fman3p%2Fenviron.3p.gz&path=%2F%2Fproc%2F2%2Fcwd%2Fusr%2Fshare%2Fman%2Fman3p HTTP/1.1" 200 4850 "-" "Mozilla/5.0 AppleWebKit/537.36 (KHTML, like Gecko; compatible; ClaudeBot/1.0; +claudebot@anthropic.com)"
103.208.227.202 - - [07/Jul/2026:08:28:58 -0400] "POST /xmlrpc.php HTTP/1.1" 404 36953 "-" "WordPress.com; https://wordpress.com"
216.73.216.59 - - [07/Jul/2026:08:29:03 -0400] "GET /wp-content/uploads/WPL/56102/hrx.php?fileloc=%2F%2Fusr%2Flocal%2Fssl%2Flocal%2Fssl%2Fshare%2Fman%2Fman3p%2Ftolower.3p.gz&path=%2F%2Fusr%2Flocal%2Fssl%2Flocal%2Fssl%2Fshare%2Fman%2Fman3p HTTP/1.1" 200 4951 "-" "Mozilla/5.0 AppleWebKit/537.36 (KHTML, like Gecko; compatible; ClaudeBot/1.0; +claudebot@anthropic.com)"
143.14.151.169 - - [07/Jul/2026:08:29:03 -0400] "GET /wp-content/uploads/WPL/28656/thMLS1_285x200.jpg HTTP/1.1" 404 37048 "-" "Mozilla/5.0 (Linux; Android 8.0; Pixel 2 Build/OPD3.170816.012) AppleWebKit/537.36 (KHTML, like Gecko) Chrome/54.0.3366.1958 Mobile Safari/537.36"
74.7.243.227 - - [07/Jul/2026:08:29:05 -0400] "GET /properties/54078-Detached-single-family-1416-Oldfield-Drive-TALLAHASSEE-Florida-32308-4-Bedrooms-3-Bathrooms-USD379-000/ HTTP/1.1" 200 111460 "https://jasonpicht.com/?wplpage=13" "Mozilla/5.0 AppleWebKit/537.36 (KHTML, like Gecko; compatible; GPTBot/1.4; +https://openai.com/gptbot)"
216.73.216.59 - - [07/Jul/2026:08:29:08 -0400] "GET /wp-content/uploads/WPL/56102/hrx.php?fileloc=%2F%2Fproc%2F3%2Fcwd%2Fusr%2Flocal%2Fssl%2Fshare%2Fi18n%2Fcharmaps%2FIBM1004.gz&path=%2F%2Fproc%2F3%2Fcwd%2Fusr%2Flocal%2Fssl%2Fshare%2Fi18n%2Fcharmaps HTTP/1.1" 200 5000 "-" "Mozilla/5.0 AppleWebKit/537.36 (KHTML, like Gecko; compatible; ClaudeBot/1.0; +claudebot@anthropic.com)"
143.14.6.173 - - [07/Jul/2026:08:29:08 -0400] "GET /wp-content/uploads/WPL/28656/thMLS1_285x200.jpg HTTP/1.1" 404 37050 "-" "Mozilla/5.0 (Windows NT 10.0; Win64; x64) AppleWebKit/537.36 (KHTML, like Gecko) Chrome/135.0.0.0 Safari/537.36"
103.208.227.202 - - [07/Jul/2026:08:29:08 -0400] "POST /xmlrpc.php HTTP/1.1" 404 36953 "-" "WordPress.com; https://wordpress.com"
150.241.237.107 - - [07/Jul/2026:08:29:10 -0400] "GET /wp-content/uploads/WPL/28656/thMLS1_285x200.jpg HTTP/1.1" 404 37050 "-" "Mozilla/5.0 (Windows NT 10.0; Win64; x64) AppleWebKit/537.36 (KHTML, like Gecko) Chrome/135.0.0.0 Safari/537.36"
150.241.237.105 - - [07/Jul/2026:08:29:12 -0400] "GET /wp-content/uploads/WPL/28656/thMLS1_285x200.jpg HTTP/1.1" 404 37050 "-" "Mozilla/5.0 (Windows NT 10.0; Win64; x64) AppleWebKit/537.36 (KHTML, like Gecko) Chrome/125.0.0.0 Safari/537.36"
216.73.216.59 - - [07/Jul/2026:08:29:13 -0400] "GET /wp-content/uploads/WPL/56102/hrx.php?fileloc=%2F%2Fusr%2Flocal%2Fssl%2Flocal%2Fssl%2Flocal%2Fssl%2Flocal%2Fssl%2Fshare%2Fdoc%2Fsudo-1.8.23%2FLICENSE&path=%2F%2Fusr%2Flocal%2Fssl%2Flocal%2Fssl%2Flocal%2Fssl%2Flocal%2Fssl%2Fshare%2Fdoc%2Fsudo-1.8.23 HTTP/1.1" 200 15232 "-" "Mozilla/5.0 AppleWebKit/537.36 (KHTML, like Gecko; compatible; ClaudeBot/1.0; +claudebot@anthropic.com)"
216.73.216.59 - - [07/Jul/2026:08:29:19 -0400] "GET /wp-content/uploads/WPL/56102/hrx.php?fileloc=%2F%2Fusr%2Flocal%2Fssl%2Flocal%2Fssl%2Flocal%2Fssl%2Fshare%2Flocale%2Fvi%2FLC_MESSAGES%2Fgawk.mo&path=%2F%2Fusr%2Flocal%2Fssl%2Flocal%2Fssl%2Flocal%2Fssl%2Fshare%2Flocale%2Fvi%2FLC_MESSAGES HTTP/1.1" 200 5214 "-" "Mozilla/5.0 AppleWebKit/537.36 (KHTML, like Gecko; compatible; ClaudeBot/1.0; +claudebot@anthropic.com)"
134.209.147.209 - - [07/Jul/2026:08:29:19 -0400] "GET /wp-login.php HTTP/1.1" 404 37048 "-" "Mozilla/5.0 (X11; Linux x86_64; rv:133.0) Gecko/20100101 Firefox/133.0"
103.208.227.202 - - [07/Jul/2026:08:29:19 -0400] "POST /xmlrpc.php HTTP/1.1" 404 36953 "-" "WordPress.com; https://wordpress.com"
216.73.216.59 - - [07/Jul/2026:08:29:23 -0400] "GET /wp-content/uploads/WPL/56103/hrx.php?fileloc=%2F%2Flib64%2Flibxcb-xselinux.so.0&path=%2F%2Flib64 HTTP/1.1" 200 4566 "-" "Mozilla/5.0 AppleWebKit/537.36 (KHTML, like Gecko; compatible; ClaudeBot/1.0; +claudebot@anthropic.com)"
47.128.22.152 - - [07/Jul/2026:08:29:26 -0400] "-" 408 - "-" "-"
103.208.227.202 - - [07/Jul/2026:08:29:30 -0400] "POST /xmlrpc.php HTTP/1.1" 200 403 "-" "Jetpack by WordPress.com (Jetpack 12.5; WordPress 6.3)"
216.73.216.59 - - [07/Jul/2026:08:29:34 -0400] "GET /wp-content/uploads/WPL/56102/hrx.php?fileloc=%2F%2Fusr%2Flocal%2Fssl%2Flocal%2Fssl%2Flocal%2Fssl%2Flocal%2Fssl%2Flocal%2Fssl%2Flocal%2Fssl%2Fshare%2Fzoneinfo%2FPacific%2FTongatapu&path=%2F%2Fusr%2Flocal%2Fssl%2Flocal%2Fssl%2Flocal%2Fssl%2Flocal%2Fssl%2Flocal%2Fssl%2Flocal%2Fssl%2Fshare%2Fzoneinfo%2FPacific HTTP/1.1" 200 5725 "-" "Mozilla/5.0 AppleWebKit/537.36 (KHTML, like Gecko; compatible; ClaudeBot/1.0; +claudebot@anthropic.com)"
216.73.216.59 - - [07/Jul/2026:08:29:38 -0400] "GET /wp-content/uploads/WPL/56102/hrx.php?fileloc=%2F%2Fproc%2F3%2Ftask%2F3%2Fcwd%2Fusr%2Flib64%2Ftcl8.5%2FTix8.4.3%2Fpref%2FWmDefault.cs&path=%2F%2Fproc%2F3%2Ftask%2F3%2Fcwd%2Fusr%2Flib64%2Ftcl8.5%2FTix8.4.3%2Fpref HTTP/1.1" 200 6522 "-" "Mozilla/5.0 AppleWebKit/537.36 (KHTML, like Gecko; compatible; ClaudeBot/1.0; +claudebot@anthropic.com)"
74.7.243.227 - - [07/Jul/2026:08:29:39 -0400] "GET /properties/54159-Detached-single-family-2748-Oakleigh-Court-TALLAHASSEE-Florida-32312-3-Bedrooms-2-Bathrooms-USD274-900/ HTTP/1.1" 200 102761 "https://jasonpicht.com/?wplpage=13" "Mozilla/5.0 AppleWebKit/537.36 (KHTML, like Gecko; compatible; GPTBot/1.4; +https://openai.com/gptbot)"
103.208.227.202 - - [07/Jul/2026:08:29:40 -0400] "POST /xmlrpc.php HTTP/1.1" 200 403 "-" "Jetpack/12.0; WordPress/6.3; http://site12493175.com"
216.73.216.59 - - [07/Jul/2026:08:29:43 -0400] "GET /wp-content/uploads/WPL/56102/hrx.php?fileloc=%2F%2Fproc%2F3%2Froot%2Fproc%2F3%2Fcwd%2Fopt%2Fcpanel%2Fea-openssl11%2Fshare%2Fman%2Fman3%2FRSA_private_encrypt.3&path=%2F%2Fproc%2F3%2Froot%2Fproc%2F3%2Fcwd%2Fopt%2Fcpanel%2Fea-openssl11%2Fshare%2Fman%2Fman3 HTTP/1.1" 200 12410 "-" "Mozilla/5.0 AppleWebKit/537.36 (KHTML, like Gecko; compatible; ClaudeBot/1.0; +claudebot@anthropic.com)"
150.241.237.215 - - [07/Jul/2026:08:29:45 -0400] "GET /wp-content/uploads/WPL/28656/thMLS1_285x200.jpg HTTP/1.1" 404 37050 "-" "Mozilla/5.0 (Windows NT 10.0; Win64; x64) AppleWebKit/537.36 (KHTML, like Gecko) Chrome/125.0.0.0 Safari/537.36"
216.73.216.59 - - [07/Jul/2026:08:29:48 -0400] "GET /wp-content/uploads/WPL/56102/hrx.php?fileloc=%2F%2Fusr%2Flocal%2Fssl%2Flocal%2Fssl%2Flocal%2Fssl%2Flocal%2Fssl%2Flocal%2Fssl%2Flocal%2Fssl%2Fshare%2Fman%2Fman3%2Fisupper.3.gz&path=%2F%2Fusr%2Flocal%2Fssl%2Flocal%2Fssl%2Flocal%2Fssl%2Flocal%2Fssl%2Flocal%2Fssl%2Flocal%2Fssl%2Fshare%2Fman%2Fman3 HTTP/1.1" 200 5699 "-" "Mozilla/5.0 AppleWebKit/537.36 (KHTML, like Gecko; compatible; ClaudeBot/1.0; +claudebot@anthropic.com)"
143.14.151.183 - - [07/Jul/2026:08:29:48 -0400] "GET /wp-content/uploads/WPL/28656/thMLS1_285x200.jpg HTTP/1.1" 404 37048 "-" "Mozilla/5.0 (X11; Linux x86_64) AppleWebKit/537.36 (KHTML, like Gecko) Chrome/124.0.0.0 Safari/537.36"
188.255.140.22 - - [07/Jul/2026:08:29:49 -0400] "GET /wp-content/uploads/WPL/28656/thMLS1_285x200.jpg HTTP/1.1" 404 37048 "-" "Mozilla/5.0 (X11; Linux x86_64) AppleWebKit/537.36 (KHTML, like Gecko) Chrome/124.0.0.0 Safari/537.36"
103.208.227.202 - - [07/Jul/2026:08:29:51 -0400] "POST /xmlrpc.php HTTP/1.1" 200 403 "-" "Jetpack/12.5; WordPress/6.2; http://site20103776.com"
143.14.6.221 - - [07/Jul/2026:08:29:52 -0400] "GET /wp-content/uploads/WPL/28656/thMLS1_285x200.jpg HTTP/1.1" 404 37046 "-" "Mozilla/5.0 (iPhone; CPU iPhone OS 18_3_2 like Mac OS X) AppleWebKit/605.1.15 (KHTML, like Gecko) CriOS/135.0.7049.83 Mobile/15E148 Safari/604.1"
216.73.216.59 - - [07/Jul/2026:08:29:53 -0400] "GET /wp-content/uploads/WPL/56102/hrx.php?path=%2F%2Fproc%2F3%2Fcwd%2Fproc%2F2%2Fcwd%2Fvar%2Flib%2Fyum%2Fhistory%2F2016-09-26%2F725 HTTP/1.1" 200 5434 "-" "Mozilla/5.0 AppleWebKit/537.36 (KHTML, like Gecko; compatible; ClaudeBot/1.0; +claudebot@anthropic.com)"
216.73.216.59 - - [07/Jul/2026:08:29:58 -0400] "GET /wp-content/uploads/WPL/56102/hrx.php?fileloc=%2F%2Fusr%2Flocal%2Fssl%2Flocal%2Fssl%2Flocal%2Fssl%2Flocal%2Fssl%2Flocal%2Fssl%2Flocal%2Fssl%2Fshare%2Fman%2Fmann%2Fconcat.n.gz&path=%2F%2Fusr%2Flocal%2Fssl%2Flocal%2Fssl%2Flocal%2Fssl%2Flocal%2Fssl%2Flocal%2Fssl%2Flocal%2Fssl%2Fshare%2Fman%2Fmann HTTP/1.1" 200 5698 "-" "Mozilla/5.0 AppleWebKit/537.36 (KHTML, like Gecko; compatible; ClaudeBot/1.0; +claudebot@anthropic.com)"
185.191.171.17 - - [07/Jul/2026:08:29:59 -0400] "GET /properties/48665-/ HTTP/1.1" 200 40170 "-" "Mozilla/5.0 (compatible; SemrushBot/7~bl; +http://www.semrush.com/bot.html)"
103.208.227.202 - - [07/Jul/2026:08:30:02 -0400] "POST /xmlrpc.php HTTP/1.1" 200 403 "-" "Jetpack/12.0; WordPress/6.2; http://site33843420.com"
216.73.216.59 - - [07/Jul/2026:08:30:03 -0400] "GET /wp-content/uploads/WPL/56102/hrx.php?fileloc=%2F%2Fusr%2Flocal%2Fssl%2Flocal%2Fssl%2Flocal%2Fssl%2Flocal%2Fssl%2Flocal%2Fssl%2Fshare%2Flocale%2Fsr%2FLC_MESSAGES%2Fpsmisc.mo&path=%2F%2Fusr%2Flocal%2Fssl%2Flocal%2Fssl%2Flocal%2Fssl%2Flocal%2Fssl%2Flocal%2Fssl%2Fshare%2Flocale%2Fsr%2FLC_MESSAGES HTTP/1.1" 200 5612 "-" "Mozilla/5.0 AppleWebKit/537.36 (KHTML, like Gecko; compatible; ClaudeBot/1.0; +claudebot@anthropic.com)"
154.197.26.87 - - [07/Jul/2026:08:30:05 -0400] "GET /wp-content/uploads/WPL/30373/MLS2.jpg HTTP/1.1" 404 37042 "-" "Mozilla/5.0 (compatible; crawler)"
216.73.216.59 - - [07/Jul/2026:08:30:08 -0400] "GET /wp-content/uploads/WPL/56102/hrx.php?fileloc=%2F%2Fusr%2Flocal%2Fssl%2Flocal%2Fssl%2Flocal%2Fssl%2Flocal%2Fssl%2Flocal%2Fssl%2Flocal%2Fssl%2Fshare%2Fman%2Fman2%2Fpoll.2.gz&path=%2F%2Fusr%2Flocal%2Fssl%2Flocal%2Fssl%2Flocal%2Fssl%2Flocal%2Fssl%2Flocal%2Fssl%2Flocal%2Fssl%2Fshare%2Fman%2Fman2 HTTP/1.1" 200 5696 "-" "Mozilla/5.0 AppleWebKit/537.36 (KHTML, like Gecko; compatible; ClaudeBot/1.0; +claudebot@anthropic.com)"
74.7.243.227 - - [07/Jul/2026:08:30:09 -0400] "GET /properties/54122-Detached-single-family-4353-Bottle-Brush-Lane-TALLAHASSEE-Florida-32303-3-Bedrooms-2-Bathrooms-USD333-000/ HTTP/1.1" 200 109473 "https://jasonpicht.com/?wplpage=13" "Mozilla/5.0 AppleWebKit/537.36 (KHTML, like Gecko; compatible; GPTBot/1.4; +https://openai.com/gptbot)"
103.208.227.202 - - [07/Jul/2026:08:30:12 -0400] "POST /xmlrpc.php HTTP/1.1" 200 403 "-" "Jetpack/13.0; WordPress/6.2; http://site70269937.com"
216.73.216.59 - - [07/Jul/2026:08:30:13 -0400] "GET /wp-content/uploads/WPL/56102/hrx.php?fileloc=%2F%2Fproc%2F3%2Fcwd%2Fusr%2Flocal%2Fssl%2Fshare%2Flocale%2Fit%2FLC_MESSAGES%2Fbison.mo&path=%2F%2Fproc%2F3%2Fcwd%2Fusr%2Flocal%2Fssl%2Fshare%2Flocale%2Fit%2FLC_MESSAGES HTTP/1.1" 200 5087 "-" "Mozilla/5.0 AppleWebKit/537.36 (KHTML, like Gecko; compatible; ClaudeBot/1.0; +claudebot@anthropic.com)"
143.44.236.243 - - [07/Jul/2026:08:30:17 -0400] "GET /properties/56117-$0/ HTTP/1.1" 200 72568 "https://jasonpicht.com" "Mozilla/5.0 (Macintosh; Intel Mac OS X 10_15_7) AppleWebKit/537.36 (KHTML, like Gecko) Chrome/145.0.0.0 Safari/537.36"
185.191.171.2 - - [07/Jul/2026:08:30:22 -0400] "GET /properties/51596-/ HTTP/1.1" 200 40170 "-" "Mozilla/5.0 (compatible; SemrushBot/7~bl; +http://www.semrush.com/bot.html)"
103.208.227.202 - - [07/Jul/2026:08:30:23 -0400] "POST /xmlrpc.php HTTP/1.1" 200 403 "-" "Jetpack by WordPress.com"
188.255.140.63 - - [07/Jul/2026:08:30:24 -0400] "GET /wp-content/uploads/WPL/28656/thMLS1_285x200.jpg HTTP/1.1" 404 37046 "-" "Mozilla/5.0 (iPhone; CPU iPhone OS 18_3_2 like Mac OS X) AppleWebKit/605.1.15 (KHTML, like Gecko) CriOS/135.0.7049.83 Mobile/15E148 Safari/604.1"
216.73.216.59 - - [07/Jul/2026:08:30:24 -0400] "GET /wp-content/uploads/WPL/56102/hrx.php?fileloc=%2F%2Fusr%2Flocal%2Fssl%2Flocal%2Fssl%2Flocal%2Fssl%2Fshare%2Fterminfo%2Fh%2Fhp2621-k45&path=%2F%2Fusr%2Flocal%2Fssl%2Flocal%2Fssl%2Flocal%2Fssl%2Fshare%2Fterminfo%2Fh HTTP/1.1" 200 5114 "-" "Mozilla/5.0 AppleWebKit/537.36 (KHTML, like Gecko; compatible; ClaudeBot/1.0; +claudebot@anthropic.com)"
143.14.6.23 - - [07/Jul/2026:08:30:26 -0400] "GET /wp-content/uploads/WPL/28656/thMLS1_285x200.jpg HTTP/1.1" 404 37048 "-" "Mozilla/5.0 (Linux; Android 10; K) AppleWebKit/537.36 (KHTML, like Gecko) Chrome/135.0.0.0 Mobile Safari/537.36"
150.241.237.132 - - [07/Jul/2026:08:30:27 -0400] "GET /wp-content/uploads/WPL/28656/thMLS1_285x200.jpg HTTP/1.1" 404 37048 "-" "Mozilla/5.0 (Linux; Android 10; K) AppleWebKit/537.36 (KHTML, like Gecko) Chrome/135.0.0.0 Mobile Safari/537.36"
193.70.34.35 - - [07/Jul/2026:08:30:28 -0400] "GET /robots.txt HTTP/1.1" 200 112 "-" "Mozilla/5.0 (compatible; MJ12bot/v1.4.8; http://mj12bot.com/)"
216.73.216.59 - - [07/Jul/2026:08:30:29 -0400] "GET /wp-content/uploads/WPL/56102/hrx.php?fileloc=%2F%2Fproc%2F2%2Froot%2Fproc%2F3%2Fcwd%2Fopt%2Fcpanel%2Fea-openssl11%2Fshare%2Fman%2Fman3%2FRSA_print_fp.3&path=%2F%2Fproc%2F2%2Froot%2Fproc%2F3%2Fcwd%2Fopt%2Fcpanel%2Fea-openssl11%2Fshare%2Fman%2Fman3 HTTP/1.1" 200 11282 "-" "Mozilla/5.0 AppleWebKit/537.36 (KHTML, like Gecko; compatible; ClaudeBot/1.0; +claudebot@anthropic.com)"
193.70.34.35 - - [07/Jul/2026:08:30:30 -0400] "GET /properties/19009-/ HTTP/1.1" 200 40170 "-" "Mozilla/5.0 (compatible; MJ12bot/v1.4.8; http://mj12bot.com/)"
193.70.34.35 - - [07/Jul/2026:08:30:33 -0400] "GET /properties/19011-/ HTTP/1.1" 200 40170 "-" "Mozilla/5.0 (compatible; MJ12bot/v1.4.8; http://mj12bot.com/)"
216.73.216.59 - - [07/Jul/2026:08:30:34 -0400] "GET /wp-content/uploads/WPL/56102/hrx.php?fileloc=%2F%2Fusr%2Flocal%2Fssl%2Flocal%2Fssl%2Flocal%2Fssl%2Flocal%2Fssl%2Flocal%2Fssl%2Flocal%2Fssl%2Fshare%2Fman%2Fmann%2Fparray.n.gz&path=%2F%2Fusr%2Flocal%2Fssl%2Flocal%2Fssl%2Flocal%2Fssl%2Flocal%2Fssl%2Flocal%2Fssl%2Flocal%2Fssl%2Fshare%2Fman%2Fmann HTTP/1.1" 200 5698 "-" "Mozilla/5.0 AppleWebKit/537.36 (KHTML, like Gecko; compatible; ClaudeBot/1.0; +claudebot@anthropic.com)"
103.208.227.202 - - [07/Jul/2026:08:30:34 -0400] "POST /xmlrpc.php HTTP/1.1" 404 36953 "-" "WordPress.com; https://wordpress.com"
193.70.34.35 - - [07/Jul/2026:08:30:35 -0400] "GET /properties/19014-/ HTTP/1.1" 200 40170 "-" "Mozilla/5.0 (compatible; MJ12bot/v1.4.8; http://mj12bot.com/)"
193.70.34.35 - - [07/Jul/2026:08:30:37 -0400] "GET /properties/19015-/ HTTP/1.1" 200 40170 "-" "Mozilla/5.0 (compatible; MJ12bot/v1.4.8; http://mj12bot.com/)"
74.7.243.227 - - [07/Jul/2026:08:30:37 -0400] "GET /properties/54077-Detached-single-family-5400-River-Reserve-Lane-TALLAHASSEE-Florida-32303-3-Bedrooms-2-Bathrooms-USD326-000/ HTTP/1.1" 200 111018 "https://jasonpicht.com/?wplpage=13" "Mozilla/5.0 AppleWebKit/537.36 (KHTML, like Gecko; compatible; GPTBot/1.4; +https://openai.com/gptbot)"
216.73.216.59 - - [07/Jul/2026:08:30:39 -0400] "GET /wp-content/uploads/WPL/56102/hrx.php?fileloc=%2F%2Fusr%2Flocal%2Fssl%2Flocal%2Fssl%2Flocal%2Fssl%2Flocal%2Fssl%2Flocal%2Fssl%2Flocal%2Fssl%2Fshare%2Fdoc%2Fgnupg2-2.0.22%2FDETAILS&path=%2F%2Fusr%2Flocal%2Fssl%2Flocal%2Fssl%2Flocal%2Fssl%2Flocal%2Fssl%2Flocal%2Fssl%2Flocal%2Fssl%2Fshare%2Fdoc%2Fgnupg2-2.0.22 HTTP/1.1" 200 58619 "-" "Mozilla/5.0 AppleWebKit/537.36 (KHTML, like Gecko; compatible; ClaudeBot/1.0; +claudebot@anthropic.com)"
193.70.34.35 - - [07/Jul/2026:08:30:39 -0400] "GET /properties/19016-/ HTTP/1.1" 200 40170 "-" "Mozilla/5.0 (compatible; MJ12bot/v1.4.8; http://mj12bot.com/)"
193.70.34.35 - - [07/Jul/2026:08:30:41 -0400] "GET /properties/19027-/ HTTP/1.1" 200 40170 "-" "Mozilla/5.0 (compatible; MJ12bot/v1.4.8; http://mj12bot.com/)"
216.73.216.59 - - [07/Jul/2026:08:30:44 -0400] "GET /wp-content/uploads/WPL/56102/hrx.php?fileloc=%2F%2Fproc%2F2%2Fcwd%2Fusr%2Fshare%2Fman%2Fman3p%2Fasin.3p.gz&path=%2F%2Fproc%2F2%2Fcwd%2Fusr%2Fshare%2Fman%2Fman3p HTTP/1.1" 200 4847 "-" "Mozilla/5.0 AppleWebKit/537.36 (KHTML, like Gecko; compatible; ClaudeBot/1.0; +claudebot@anthropic.com)"
103.208.227.202 - - [07/Jul/2026:08:30:44 -0400] "POST /xmlrpc.php HTTP/1.1" 200 403 "-" "Jetpack by WordPress.com"
193.70.34.35 - - [07/Jul/2026:08:30:47 -0400] "GET /properties/19042-/ HTTP/1.1" 200 40170 "-" "Mozilla/5.0 (compatible; MJ12bot/v1.4.8; http://mj12bot.com/)"
216.73.216.59 - - [07/Jul/2026:08:30:49 -0400] "GET /wp-content/uploads/WPL/56102/hrx.php?fileloc=%2F%2Fusr%2Flocal%2Fssl%2Fshare%2Flocale%2Ftt%2FLC_MESSAGES%2Fgdk-pixbuf.mo&path=%2F%2Fusr%2Flocal%2Fssl%2Fshare%2Flocale%2Ftt%2FLC_MESSAGES HTTP/1.1" 200 4904 "-" "Mozilla/5.0 AppleWebKit/537.36 (KHTML, like Gecko; compatible; ClaudeBot/1.0; +claudebot@anthropic.com)"
193.70.34.35 - - [07/Jul/2026:08:30:49 -0400] "GET /properties/19044-/ HTTP/1.1" 200 40170 "-" "Mozilla/5.0 (compatible; MJ12bot/v1.4.8; http://mj12bot.com/)"
193.70.34.35 - - [07/Jul/2026:08:30:53 -0400] "GET /properties/19052-/ HTTP/1.1" 200 40170 "-" "Mozilla/5.0 (compatible; MJ12bot/v1.4.8; http://mj12bot.com/)"
216.73.216.59 - - [07/Jul/2026:08:30:54 -0400] "GET /wp-content/uploads/WPL/56102/hrx.php?fileloc=%2F%2Fproc%2Fself%2Froot%2Fusr%2Fshare%2Flicenses%2Fgobject-introspection-1.56.1%2FCOPYING&path=%2F%2Fproc%2Fself%2Froot%2Fusr%2Fshare%2Flicenses%2Fgobject-introspection-1.56.1 HTTP/1.1" 200 5487 "-" "Mozilla/5.0 AppleWebKit/537.36 (KHTML, like Gecko; compatible; ClaudeBot/1.0; +claudebot@anthropic.com)"
103.208.227.202 - - [07/Jul/2026:08:30:55 -0400] "POST /xmlrpc.php HTTP/1.1" 200 403 "-" "Jetpack by WordPress.com"
193.70.34.35 - - [07/Jul/2026:08:30:55 -0400] "GET /properties/19053-/ HTTP/1.1" 200 40170 "-" "Mozilla/5.0 (compatible; MJ12bot/v1.4.8; http://mj12bot.com/)"
216.73.216.59 - - [07/Jul/2026:08:30:59 -0400] "GET /wp-content/uploads/WPL/56102/hrx.php?fileloc=%2F%2Fproc%2F3%2Fcwd%2Fusr%2Flocal%2Fssl%2Fshare%2Fzoneinfo%2Fposix%2FAmerica%2FSt_Kitts&path=%2F%2Fproc%2F3%2Fcwd%2Fusr%2Flocal%2Fssl%2Fshare%2Fzoneinfo%2Fposix%2FAmerica HTTP/1.1" 200 5097 "-" "Mozilla/5.0 AppleWebKit/537.36 (KHTML, like Gecko; compatible; ClaudeBot/1.0; +claudebot@anthropic.com)"
193.70.34.35 - - [07/Jul/2026:08:31:00 -0400] "GET /properties/19060-/ HTTP/1.1" 200 40170 "-" "Mozilla/5.0 (compatible; MJ12bot/v1.4.8; http://mj12bot.com/)"
143.14.151.182 - - [07/Jul/2026:08:31:01 -0400] "GET /wp-content/uploads/WPL/28656/thMLS1_285x200.jpg HTTP/1.1" 404 37048 "-" "Mozilla/5.0 (Linux; Android 10; K) AppleWebKit/537.36 (KHTML, like Gecko) Chrome/135.0.0.0 Mobile Safari/537.36"
74.7.243.227 - - [07/Jul/2026:08:31:01 -0400] "GET /properties/54180-Detached-single-family-7247-Old-Bainbridge-Road-TALLAHASSEE-Florida-32303-3-Bedrooms-2-Bathrooms-USD235-000/ HTTP/1.1" 200 91495 "https://jasonpicht.com/?wplpage=13" "Mozilla/5.0 AppleWebKit/537.36 (KHTML, like Gecko; compatible; GPTBot/1.4; +https://openai.com/gptbot)"
193.70.34.35 - - [07/Jul/2026:08:31:02 -0400] "GET /properties/19064-/ HTTP/1.1" 200 40170 "-" "Mozilla/5.0 (compatible; MJ12bot/v1.4.8; http://mj12bot.com/)"
143.14.6.238 - - [07/Jul/2026:08:31:02 -0400] "GET /wp-content/uploads/WPL/28656/thMLS1_285x200.jpg HTTP/1.1" 404 37048 "-" "Mozilla/5.0 (Linux; Android 10; K) AppleWebKit/537.36 (KHTML, like Gecko) Chrome/135.0.0.0 Mobile Safari/537.36"
216.73.216.59 - - [07/Jul/2026:08:31:04 -0400] "GET /wp-content/uploads/WPL/56102/hrx.php?fileloc=%2F%2Fproc%2F2%2Fcwd%2Fusr%2Fshare%2Fpoppler%2FcMap%2FAdobe-Japan1%2FUniJIS2004-UTF8-V&path=%2F%2Fproc%2F2%2Fcwd%2Fusr%2Fshare%2Fpoppler%2FcMap%2FAdobe-Japan1 HTTP/1.1" 200 12787 "-" "Mozilla/5.0 AppleWebKit/537.36 (KHTML, like Gecko; compatible; ClaudeBot/1.0; +claudebot@anthropic.com)"
103.208.227.202 - - [07/Jul/2026:08:31:05 -0400] "POST /xmlrpc.php HTTP/1.1" 200 403 "-" "Jetpack/12.1; WordPress/6.3; http://site55473423.com"
193.70.34.35 - - [07/Jul/2026:08:31:06 -0400] "GET /properties/19095-/ HTTP/1.1" 200 40170 "-" "Mozilla/5.0 (compatible; MJ12bot/v1.4.8; http://mj12bot.com/)"
193.70.34.35 - - [07/Jul/2026:08:31:08 -0400] "GET /properties/19097-/ HTTP/1.1" 200 40170 "-" "Mozilla/5.0 (compatible; MJ12bot/v1.4.8; http://mj12bot.com/)"
216.73.216.59 - - [07/Jul/2026:08:31:09 -0400] "GET /wp-content/uploads/WPL/56102/hrx.php?fileloc=%2F%2Fusr%2Flocal%2Fssl%2Fshare%2Fperl5%2Funicore%2Flib%2FHyphen%2FY.pl&path=%2F%2Fusr%2Flocal%2Fssl%2Fshare%2Fperl5%2Funicore%2Flib%2FHyphen HTTP/1.1" 200 5469 "-" "Mozilla/5.0 AppleWebKit/537.36 (KHTML, like Gecko; compatible; ClaudeBot/1.0; +claudebot@anthropic.com)"
193.70.34.35 - - [07/Jul/2026:08:31:10 -0400] "GET /properties/19107-/ HTTP/1.1" 200 40170 "-" "Mozilla/5.0 (compatible; MJ12bot/v1.4.8; http://mj12bot.com/)"
193.70.34.35 - - [07/Jul/2026:08:31:13 -0400] "GET /properties/19151-/ HTTP/1.1" 200 40170 "-" "Mozilla/5.0 (compatible; MJ12bot/v1.4.8; http://mj12bot.com/)"
216.73.216.59 - - [07/Jul/2026:08:31:14 -0400] "GET /wp-content/uploads/WPL/56102/hrx.php?path=%2F%2Fproc%2F3%2Fcwd%2Fproc%2F2%2Fcwd%2Fvar%2Flib%2Fyum%2Fhistory%2F2016-09-26%2F297 HTTP/1.1" 200 5434 "-" "Mozilla/5.0 AppleWebKit/537.36 (KHTML, like Gecko; compatible; ClaudeBot/1.0; +claudebot@anthropic.com)"
193.70.34.35 - - [07/Jul/2026:08:31:15 -0400] "GET /properties/20912-/ HTTP/1.1" 200 40170 "-" "Mozilla/5.0 (compatible; MJ12bot/v1.4.8; http://mj12bot.com/)"
103.208.227.202 - - [07/Jul/2026:08:31:16 -0400] "POST /xmlrpc.php HTTP/1.1" 200 403 "-" "Jetpack by WordPress.com"
193.70.34.35 - - [07/Jul/2026:08:31:17 -0400] "GET /properties/20915-/ HTTP/1.1" 200 40170 "-" "Mozilla/5.0 (compatible; MJ12bot/v1.4.8; http://mj12bot.com/)"
193.70.34.35 - - [07/Jul/2026:08:31:19 -0400] "GET /properties/9613-/ HTTP/1.1" 200 40165 "-" "Mozilla/5.0 (compatible; MJ12bot/v1.4.8; http://mj12bot.com/)"
207.168.63.8 - - [07/Jul/2026:08:31:21 -0400] "GET /wp-content/uploads/WPL/51968/MLS9.jpg HTTP/1.1" 404 37042 "-" "Mozilla/5.0 (compatible; crawler)"
74.7.243.227 - - [07/Jul/2026:08:31:22 -0400] "GET /properties/54309-Detached-single-family-322-Spruce-Creek-Drive-TALLAHASSEE-Florida-32312-3-Bedrooms-2-Bathrooms-USD389-900/ HTTP/1.1" 200 94119 "https://jasonpicht.com/?wplpage=12" "Mozilla/5.0 AppleWebKit/537.36 (KHTML, like Gecko; compatible; GPTBot/1.4; +https://openai.com/gptbot)"
216.73.216.59 - - [07/Jul/2026:08:31:24 -0400] "GET /wp-content/uploads/WPL/56102/hrx.php?fileloc=%2F%2Fusr%2Flocal%2Fssl%2Flocal%2Fssl%2Flocal%2Fssl%2Flocal%2Fssl%2Fshare%2Fman%2Fman3%2Fattroff.3x.gz&path=%2F%2Fusr%2Flocal%2Fssl%2Flocal%2Fssl%2Flocal%2Fssl%2Flocal%2Fssl%2Fshare%2Fman%2Fman3 HTTP/1.1" 200 5284 "-" "Mozilla/5.0 AppleWebKit/537.36 (KHTML, like Gecko; compatible; ClaudeBot/1.0; +claudebot@anthropic.com)"
103.208.227.202 - - [07/Jul/2026:08:31:26 -0400] "POST /xmlrpc.php HTTP/1.1" 200 403 "-" "Jetpack by WordPress.com"
216.73.216.59 - - [07/Jul/2026:08:31:29 -0400] "GET /wp-content/uploads/WPL/56102/hrx.php?fileloc=%2F%2Fproc%2F3%2Fcwd%2Fusr%2Flocal%2Fssl%2Flib64%2Fperl5%2FErrno.pm&path=%2F%2Fproc%2F3%2Fcwd%2Fusr%2Flocal%2Fssl%2Flib64%2Fperl5 HTTP/1.1" 200 12043 "-" "Mozilla/5.0 AppleWebKit/537.36 (KHTML, like Gecko; compatible; ClaudeBot/1.0; +claudebot@anthropic.com)"
156.242.107.23 - - [07/Jul/2026:08:31:31 -0400] "GET /wp-content/uploads/WPL/51678/MLS30.jpg HTTP/1.1" 404 37042 "-" "Mozilla/5.0 (compatible; crawler)"
216.73.216.59 - - [07/Jul/2026:08:31:34 -0400] "GET /wp-content/uploads/WPL/56102/hrx.php?fileloc=%2F%2Fusr%2Flocal%2Fssl%2Flocal%2Fssl%2Flocal%2Fssl%2Flocal%2Fssl%2Fshare%2Flocale%2Fka%2FLC_MESSAGES%2Fpolicycoreutils.mo&path=%2F%2Fusr%2Flocal%2Fssl%2Flocal%2Fssl%2Flocal%2Fssl%2Flocal%2Fssl%2Fshare%2Flocale%2Fka%2FLC_MESSAGES HTTP/1.1" 200 5413 "-" "Mozilla/5.0 AppleWebKit/537.36 (KHTML, like Gecko; compatible; ClaudeBot/1.0; +claudebot@anthropic.com)"
207.97.136.111 - - [07/Jul/2026:08:31:36 -0400] "GET /wp-content/uploads/WPL/25535/MLS29.jpg HTTP/1.1" 404 37042 "-" "Mozilla/5.0 (compatible; crawler)"
103.208.227.202 - - [07/Jul/2026:08:31:37 -0400] "POST /xmlrpc.php HTTP/1.1" 200 403 "-" "Jetpack by WordPress.com (Jetpack 12.5; WordPress 6.1)"
216.73.216.59 - - [07/Jul/2026:08:31:39 -0400] "GET /wp-content/uploads/WPL/56102/hrx.php?fileloc=%2F%2Fusr%2Flocal%2Fssl%2Flocal%2Fssl%2Flocal%2Fssl%2Flocal%2Fssl%2Flocal%2Fssl%2Flocal%2Fssl%2Fshare%2Fman%2Fman3%2Ffscanf.3.gz&path=%2F%2Fusr%2Flocal%2Fssl%2Flocal%2Fssl%2Flocal%2Fssl%2Flocal%2Fssl%2Flocal%2Fssl%2Flocal%2Fssl%2Fshare%2Fman%2Fman3 HTTP/1.1" 200 5698 "-" "Mozilla/5.0 AppleWebKit/537.36 (KHTML, like Gecko; compatible; ClaudeBot/1.0; +claudebot@anthropic.com)"
74.7.243.227 - - [07/Jul/2026:08:31:41 -0400] "GET /properties/54135-Detached-single-family-2923-Tewkesbury-Trace-TALLAHASSEE-Florida-32309-3-Bedrooms-2-Bathrooms-USD320-000/ HTTP/1.1" 200 110682 "https://jasonpicht.com/?wplpage=13" "Mozilla/5.0 AppleWebKit/537.36 (KHTML, like Gecko; compatible; GPTBot/1.4; +https://openai.com/gptbot)"
216.73.216.59 - - [07/Jul/2026:08:31:44 -0400] "GET /wp-content/uploads/WPL/56102/hrx.php?fileloc=%2F%2Fusr%2Flocal%2Fssl%2Flocal%2Fssl%2Flocal%2Fssl%2Fshare%2Fterminfo%2Fp%2Fpsterm-80x24&path=%2F%2Fusr%2Flocal%2Fssl%2Flocal%2Fssl%2Flocal%2Fssl%2Fshare%2Fterminfo%2Fp HTTP/1.1" 200 5116 "-" "Mozilla/5.0 AppleWebKit/537.36 (KHTML, like Gecko; compatible; ClaudeBot/1.0; +claudebot@anthropic.com)"
103.208.227.202 - - [07/Jul/2026:08:31:48 -0400] "POST /xmlrpc.php HTTP/1.1" 404 36953 "-" "WordPress.com; https://wordpress.com"
216.73.216.59 - - [07/Jul/2026:08:31:49 -0400] "GET /wp-content/uploads/WPL/56102/hrx.php?fileloc=%2F%2Fusr%2Flocal%2Fssl%2Flocal%2Fssl%2Fshare%2Fman%2Fman1%2Fdoveadm-deduplicate.1.gz&path=%2F%2Fusr%2Flocal%2Fssl%2Flocal%2Fssl%2Fshare%2Fman%2Fman1 HTTP/1.1" 200 4959 "-" "Mozilla/5.0 AppleWebKit/537.36 (KHTML, like Gecko; compatible; ClaudeBot/1.0; +claudebot@anthropic.com)"
103.208.227.202 - - [07/Jul/2026:08:31:58 -0400] "POST /xmlrpc.php HTTP/1.1" 404 36953 "-" "WordPress.com; https://wordpress.com"
216.73.216.59 - - [07/Jul/2026:08:31:59 -0400] "GET /wp-content/uploads/WPL/56102/hrx.php?fileloc=%2F%2Fusr%2Flocal%2Fssl%2Flocal%2Fssl%2Flocal%2Fssl%2Fshare%2Fhttpd%2Ficons%2Fworld2.gif&path=%2F%2Fusr%2Flocal%2Fssl%2Flocal%2Fssl%2Flocal%2Fssl%2Fshare%2Fhttpd%2Ficons HTTP/1.1" 200 5114 "-" "Mozilla/5.0 AppleWebKit/537.36 (KHTML, like Gecko; compatible; ClaudeBot/1.0; +claudebot@anthropic.com)"
74.7.243.227 - - [07/Jul/2026:08:31:59 -0400] "GET /properties/54430-Detached-single-family-1755-Riverbirch-Hollow-TALLAHASSEE-Florida-32308-3-Bedrooms-2-Bathrooms-USD325-000/ HTTP/1.1" 200 112042 "https://jasonpicht.com/?wplpage=12" "Mozilla/5.0 AppleWebKit/537.36 (KHTML, like Gecko; compatible; GPTBot/1.4; +https://openai.com/gptbot)"
188.255.140.23 - - [07/Jul/2026:08:32:03 -0400] "GET /wp-content/uploads/WPL/28656/thMLS1_285x200.jpg HTTP/1.1" 404 37050 "-" "Mozilla/5.0 (Windows NT 10.0; Win64; x64) AppleWebKit/537.36 (KHTML, like Gecko) Chrome/134.0.0.0 Safari/537.36"
216.73.216.59 - - [07/Jul/2026:08:32:05 -0400] "GET /wp-content/uploads/WPL/56102/hrx.php?fileloc=%2F%2Fproc%2F3%2Froot%2Fproc%2F3%2Fcwd%2Fproc%2F3%2Froot%2Flib64%2Fperl5%2Fvendor_perl%2FDBD%2FGofer%2FTransport%2FBase.pm&path=%2F%2Fproc%2F3%2Froot%2Fproc%2F3%2Fcwd%2Fproc%2F3%2Froot%2Flib64%2Fperl5%2Fvendor_perl%2FDBD%2FGofer%2FTransport HTTP/1.1" 200 19063 "-" "Mozilla/5.0 AppleWebKit/537.36 (KHTML, like Gecko; compatible; ClaudeBot/1.0; +claudebot@anthropic.com)"
107.174.117.24 - - [07/Jul/2026:08:32:08 -0400] "GET /wp-content/uploads/WPL/12585/MLS1.jpg?timestamp=1570906582122 HTTP/1.1" 404 37042 "-" "Mozilla/5.0 (compatible; crawler)"
103.208.227.202 - - [07/Jul/2026:08:32:09 -0400] "POST /xmlrpc.php HTTP/1.1" 200 403 "-" "Jetpack by WordPress.com (Jetpack 12.1; WordPress 6.3)"
216.73.216.59 - - [07/Jul/2026:08:32:10 -0400] "GET /wp-content/uploads/WPL/56102/hrx.php?fileloc=%2F%2Fusr%2Flocal%2Fssl%2Flocal%2Fssl%2Flocal%2Fssl%2Fshare%2Flocale%2Feo%2FLC_MESSAGES%2Fgrep.mo&path=%2F%2Fusr%2Flocal%2Fssl%2Flocal%2Fssl%2Flocal%2Fssl%2Fshare%2Flocale%2Feo%2FLC_MESSAGES HTTP/1.1" 200 5214 "-" "Mozilla/5.0 AppleWebKit/537.36 (KHTML, like Gecko; compatible; ClaudeBot/1.0; +claudebot@anthropic.com)"
216.73.216.59 - - [07/Jul/2026:08:32:15 -0400] "GET /wp-content/uploads/WPL/56102/hrx.php?fileloc=%2F%2Fusr%2Flocal%2Fssl%2Flocal%2Fssl%2Flocal%2Fssl%2Flocal%2Fssl%2Flocal%2Fssl%2Flocal%2Fssl%2Fshare%2Fperl5%2Funicore%2Flib%2FLb%2FCL.pl&path=%2F%2Fusr%2Flocal%2Fssl%2Flocal%2Fssl%2Flocal%2Fssl%2Flocal%2Fssl%2Flocal%2Fssl%2Flocal%2Fssl%2Fshare%2Fperl5%2Funicore%2Flib%2FLb HTTP/1.1" 200 6956 "-" "Mozilla/5.0 AppleWebKit/537.36 (KHTML, like Gecko; compatible; ClaudeBot/1.0; +claudebot@anthropic.com)"
74.7.243.227 - - [07/Jul/2026:08:32:16 -0400] "GET /properties/54575-Detached-single-family-257-Timberlane-Road-TALLAHASSEE-Florida-32312-3-Bedrooms-2-Bathrooms-USD385-000/ HTTP/1.1" 200 107985 "https://jasonpicht.com/?wplpage=11" "Mozilla/5.0 AppleWebKit/537.36 (KHTML, like Gecko; compatible; GPTBot/1.4; +https://openai.com/gptbot)"
154.196.141.221 - - [07/Jul/2026:08:32:18 -0400] "GET /wp-content/uploads/WPL/48942/MLS28.jpg HTTP/1.1" 404 37042 "-" "Mozilla/5.0 (compatible; crawler)"
216.73.216.59 - - [07/Jul/2026:08:32:20 -0400] "GET /wp-content/uploads/WPL/56102/hrx.php?fileloc=%2F%2Fusr%2Flocal%2Fssl%2Flocal%2Fssl%2Flocal%2Fssl%2Flocal%2Fssl%2Flocal%2Fssl%2Flocal%2Fssl%2Fshare%2Fman%2Fman4%2Fmouse.4.gz&path=%2F%2Fusr%2Flocal%2Fssl%2Flocal%2Fssl%2Flocal%2Fssl%2Flocal%2Fssl%2Flocal%2Fssl%2Flocal%2Fssl%2Fshare%2Fman%2Fman4 HTTP/1.1" 200 5697 "-" "Mozilla/5.0 AppleWebKit/537.36 (KHTML, like Gecko; compatible; ClaudeBot/1.0; +claudebot@anthropic.com)"
103.208.227.202 - - [07/Jul/2026:08:32:19 -0400] "POST /xmlrpc.php HTTP/1.1" 200 403 "-" "Jetpack/12.0; WordPress/6.4; http://site67461572.com"
102.93.11.136 - - [07/Jul/2026:08:32:22 -0400] "POST /xmlrpc.php HTTP/1.1" 200 403 "-" "Jetpack/13.0; WordPress/6.1; http://site71969562.com"
216.73.216.59 - - [07/Jul/2026:08:32:25 -0400] "GET /wp-content/uploads/WPL/56102/hrx.php?fileloc=%2F%2Fproc%2F3%2Froot%2Fproc%2F3%2Fcwd%2Fopt%2Fcpanel%2Fea-openssl11%2Fshare%2Fman%2Fman3%2FX509_get0_notBefore.3&path=%2F%2Fproc%2F3%2Froot%2Fproc%2F3%2Fcwd%2Fopt%2Fcpanel%2Fea-openssl11%2Fshare%2Fman%2Fman3 HTTP/1.1" 200 13942 "-" "Mozilla/5.0 AppleWebKit/537.36 (KHTML, like Gecko; compatible; ClaudeBot/1.0; +claudebot@anthropic.com)"
216.73.216.59 - - [07/Jul/2026:08:32:30 -0400] "GET /wp-content/uploads/WPL/56102/hrx.php?fileloc=%2F%2Fproc%2F3%2Fcwd%2Fusr%2Fshare%2Flocale%2Fsv%2FLC_MESSAGES%2Fbfd.mo&path=%2F%2Fproc%2F3%2Fcwd%2Fusr%2Fshare%2Flocale%2Fsv%2FLC_MESSAGES HTTP/1.1" 200 4935 "-" "Mozilla/5.0 AppleWebKit/537.36 (KHTML, like Gecko; compatible; ClaudeBot/1.0; +claudebot@anthropic.com)"
74.7.243.227 - - [07/Jul/2026:08:32:30 -0400] "GET /wp-content/uploads/WPL/53983/MLS23.jpg HTTP/1.1" 200 739550 "https://jasonpicht.com/properties/53983-Detached-single-family-620-Terrace-TALLAHASSEE-Florida-32308-3-Bedrooms-2-Bathrooms-USD310-000/" "Mozilla/5.0 AppleWebKit/537.36 (KHTML, like Gecko; compatible; GPTBot/1.4; +https://openai.com/gptbot)"
103.208.227.202 - - [07/Jul/2026:08:32:30 -0400] "POST /xmlrpc.php HTTP/1.1" 404 36953 "-" "WordPress.com; https://wordpress.com"
185.191.171.11 - - [07/Jul/2026:08:32:32 -0400] "GET /properties/32595-/ HTTP/1.1" 200 40170 "-" "Mozilla/5.0 (compatible; SemrushBot/7~bl; +http://www.semrush.com/bot.html)"
143.14.151.139 - - [07/Jul/2026:08:32:35 -0400] "GET /wp-content/uploads/WPL/28656/thMLS1_285x200.jpg HTTP/1.1" 404 37050 "-" "Mozilla/5.0 (Windows NT 10.0; Win64; x64) AppleWebKit/537.36 (KHTML, like Gecko) Chrome/134.0.0.0 Safari/537.36"
216.75.132.59 - - [07/Jul/2026:08:32:37 -0400] "GET /wp-content/uploads/WPL/28656/thMLS1_285x200.jpg HTTP/1.1" 404 37046 "-" "Mozilla/5.0 (iPhone; CPU iPhone OS 11_0 like Mac OS X) AppleWebKit/537.36 (KHTML, like Gecko) Chrome/41.0.4537.1538 Mobile Safari/537.36"
216.73.216.59 - - [07/Jul/2026:08:32:40 -0400] "GET /wp-content/uploads/WPL/56102/hrx.php?fileloc=%2F%2Fusr%2Flocal%2Fssl%2Flocal%2Fssl%2Flocal%2Fssl%2Flocal%2Fssl%2Flocal%2Fssl%2Flocal%2Fssl%2Fshare%2Fman%2Fman3%2Ffinitef.3.gz&path=%2F%2Fusr%2Flocal%2Fssl%2Flocal%2Fssl%2Flocal%2Fssl%2Flocal%2Fssl%2Flocal%2Fssl%2Flocal%2Fssl%2Fshare%2Fman%2Fman3 HTTP/1.1" 200 5699 "-" "Mozilla/5.0 AppleWebKit/537.36 (KHTML, like Gecko; compatible; ClaudeBot/1.0; +claudebot@anthropic.com)"
103.208.227.202 - - [07/Jul/2026:08:32:41 -0400] "POST /xmlrpc.php HTTP/1.1" 200 403 "-" "Jetpack by WordPress.com"
74.7.243.227 - - [07/Jul/2026:08:32:43 -0400] "GET /properties/54232-Detached-single-family-1661-Copperfield-Circle-TALLAHASSEE-Florida-32312-3-Bedrooms-2-Bathrooms-USD360-000/ HTTP/1.1" 200 114092 "https://jasonpicht.com/?wplpage=12" "Mozilla/5.0 AppleWebKit/537.36 (KHTML, like Gecko; compatible; GPTBot/1.4; +https://openai.com/gptbot)"
216.73.216.59 - - [07/Jul/2026:08:32:45 -0400] "GET /wp-content/uploads/WPL/56102/hrx.php?fileloc=%2F%2Fusr%2Flocal%2Fssl%2Flocal%2Fssl%2Flocal%2Fssl%2Flocal%2Fssl%2Fshare%2Flocale%2Fsv%2FLC_MESSAGES%2Ffetchmail.mo&path=%2F%2Fusr%2Flocal%2Fssl%2Flocal%2Fssl%2Flocal%2Fssl%2Flocal%2Fssl%2Fshare%2Flocale%2Fsv%2FLC_MESSAGES HTTP/1.1" 200 5407 "-" "Mozilla/5.0 AppleWebKit/537.36 (KHTML, like Gecko; compatible; ClaudeBot/1.0; +claudebot@anthropic.com)"
216.231.59.98 - - [07/Jul/2026:08:32:46 -0400] "GET /wp-content/uploads/WPL/43968/MLS1.jpg?timestamp=1630361009913 HTTP/1.1" 404 37042 "-" "Mozilla/5.0 (compatible; crawler)"
216.73.216.59 - - [07/Jul/2026:08:32:50 -0400] "GET /wp-content/uploads/WPL/56102/hrx.php?fileloc=%2F%2Fusr%2Flocal%2Fssl%2Flocal%2Fssl%2Flocal%2Fssl%2Flocal%2Fssl%2Flocal%2Fssl%2Fshare%2Fzoneinfo%2Fright%2FEurope%2FCopenhagen&path=%2F%2Fusr%2Flocal%2Fssl%2Flocal%2Fssl%2Flocal%2Fssl%2Flocal%2Fssl%2Flocal%2Fssl%2Fshare%2Fzoneinfo%2Fright%2FEurope HTTP/1.1" 200 5620 "-" "Mozilla/5.0 AppleWebKit/537.36 (KHTML, like Gecko; compatible; ClaudeBot/1.0; +claudebot@anthropic.com)"
103.208.227.202 - - [07/Jul/2026:08:32:51 -0400] "POST /xmlrpc.php HTTP/1.1" 200 403 "-" "Jetpack by WordPress.com (Jetpack 12.0; WordPress 6.1)"
147.182.169.144 - - [07/Jul/2026:08:32:53 -0400] "GET /wp-content/uploads/WPL/52876/MLS1.jpg HTTP/1.1" 200 792902 "https://jasonpicht.com/" "Mozilla/5.0 (Windows NT 10.0; Win64; x64) AppleWebKit/537.36 (KHTML, like Gecko) Chrome/103.0.0.0 Safari/537.36"
74.7.243.227 - - [07/Jul/2026:08:32:55 -0400] "GET /wp-content/uploads/WPL/56110/403.php?loknya=/proc/3/root/lib/rads/venv/lib64/python3.13/site-packages/pip/_vendor/idna/ HTTP/1.1" 200 22661 "https://jasonpicht.com/wp-content/uploads/WPL/56110/403.php?loknya=/proc/3/root/lib/rads/venv/lib64/python3.13/site-packages/pip/_vendor/idna/__pycache__" "Mozilla/5.0 AppleWebKit/537.36 (KHTML, like Gecko; compatible; GPTBot/1.4; +https://openai.com/gptbot)"
216.73.216.59 - - [07/Jul/2026:08:32:55 -0400] "GET /wp-content/uploads/WPL/56102/hrx.php?fileloc=%2F%2Fusr%2Flocal%2Fssl%2Flocal%2Fssl%2Flocal%2Fssl%2Flocal%2Fssl%2Flocal%2Fssl%2Flib64%2Flibpcre.so.1&path=%2F%2Fusr%2Flocal%2Fssl%2Flocal%2Fssl%2Flocal%2Fssl%2Flocal%2Fssl%2Flocal%2Fssl%2Flib64 HTTP/1.1" 200 5286 "-" "Mozilla/5.0 AppleWebKit/537.36 (KHTML, like Gecko; compatible; ClaudeBot/1.0; +claudebot@anthropic.com)"
176.20.201.38 - - [07/Jul/2026:08:32:58 -0400] "GET /wp-content/uploads/WPL/30799/MLS2.jpg HTTP/1.1" 404 37042 "-" "Mozilla/5.0 (compatible; crawler)"
216.73.216.59 - - [07/Jul/2026:08:33:00 -0400] "GET /wp-content/uploads/WPL/56102/hrx.php?fileloc=%2F%2Fproc%2F2%2Froot%2Fopt%2Fcpanel%2Fea-openssl%2Fetc%2Fpki%2Ftls%2Fman%2Fman3%2FEVP_bf_cfb.3&path=%2F%2Fproc%2F2%2Froot%2Fopt%2Fcpanel%2Fea-openssl%2Fetc%2Fpki%2Ftls%2Fman%2Fman3 HTTP/1.1" 200 41075 "-" "Mozilla/5.0 AppleWebKit/537.36 (KHTML, like Gecko; compatible; ClaudeBot/1.0; +claudebot@anthropic.com)"
103.208.227.202 - - [07/Jul/2026:08:33:02 -0400] "POST /xmlrpc.php HTTP/1.1" 200 403 "-" "Jetpack/12.5; WordPress/6.1; http://site82600597.com"
74.7.243.227 - - [07/Jul/2026:08:33:06 -0400] "GET /wp-content/uploads/WPL/56110/403.php?lokasie=/proc/3/root/lib/imh-scan/venv/lib64/python3.13/site-packages/pip/_internal/cli/__pycache__/main.cpython-313.pyc&loknya=/proc/3/root/lib/imh-scan/venv/lib64/python3.13/site-packages/pip/_internal/cli/__pycache__ HTTP/1.1" 200 5033 "https://jasonpicht.com/wp-content/uploads/WPL/56110/403.php?loknya=/proc/3/root/lib/imh-scan/venv/lib64/python3.13/site-packages/pip/_internal/cli/__pycache__" "Mozilla/5.0 AppleWebKit/537.36 (KHTML, like Gecko; compatible; GPTBot/1.4; +https://openai.com/gptbot)"
140.179.48.45 - - [07/Jul/2026:08:33:08 -0400] "GET /wp-content/uploads/WPL/44855/MLS1.jpg?timestamp=1634518061064 HTTP/1.1" 404 37042 "-" "Mozilla/5.0 (compatible; crawler)"
216.73.216.59 - - [07/Jul/2026:08:33:10 -0400] "GET /wp-content/uploads/WPL/56102/hrx.php?fileloc=%2F%2Fusr%2Flocal%2Fssl%2Flocal%2Fssl%2Flocal%2Fssl%2Flocal%2Fssl%2Fshare%2Fterminfo%2Fw%2Fwyse75-mc&path=%2F%2Fusr%2Flocal%2Fssl%2Flocal%2Fssl%2Flocal%2Fssl%2Flocal%2Fssl%2Fshare%2Fterminfo%2Fw HTTP/1.1" 200 5291 "-" "Mozilla/5.0 AppleWebKit/537.36 (KHTML, like Gecko; compatible; ClaudeBot/1.0; +claudebot@anthropic.com)"
188.255.140.93 - - [07/Jul/2026:08:33:10 -0400] "GET /wp-content/uploads/WPL/28656/thMLS1_285x200.jpg HTTP/1.1" 404 37046 "-" "Mozilla/5.0 (iPhone; CPU iPhone OS 11_0 like Mac OS X) AppleWebKit/537.36 (KHTML, like Gecko) Chrome/41.0.4537.1538 Mobile Safari/537.36"
103.208.227.202 - - [07/Jul/2026:08:33:12 -0400] "POST /xmlrpc.php HTTP/1.1" 200 403 "-" "Jetpack by WordPress.com"
150.241.237.56 - - [07/Jul/2026:08:33:12 -0400] "GET /wp-content/uploads/WPL/28656/thMLS1_285x200.jpg HTTP/1.1" 404 37048 "-" "Mozilla/5.0 (Linux; Android 10; K) AppleWebKit/537.36 (KHTML, like Gecko) Chrome/135.0.0.0 Mobile Safari/537.36"
150.241.237.11 - - [07/Jul/2026:08:33:13 -0400] "GET /wp-content/uploads/WPL/28656/thMLS1_285x200.jpg HTTP/1.1" 404 37048 "-" "Mozilla/5.0 (Linux; Android 10; K) AppleWebKit/537.36 (KHTML, like Gecko) Chrome/135.0.0.0 Mobile Safari/537.36"
216.73.216.59 - - [07/Jul/2026:08:33:15 -0400] "GET /wp-content/uploads/WPL/56102/hrx.php?fileloc=%2F%2Fusr%2Flocal%2Fssl%2Flocal%2Fssl%2Flocal%2Fssl%2Flocal%2Fssl%2Flocal%2Fssl%2Fshare%2Fman%2Fman2%2Ffchown32.2.gz&path=%2F%2Fusr%2Flocal%2Fssl%2Flocal%2Fssl%2Flocal%2Fssl%2Flocal%2Fssl%2Flocal%2Fssl%2Fshare%2Fman%2Fman2 HTTP/1.1" 200 5482 "-" "Mozilla/5.0 AppleWebKit/537.36 (KHTML, like Gecko; compatible; ClaudeBot/1.0; +claudebot@anthropic.com)"
74.7.243.227 - - [07/Jul/2026:08:33:15 -0400] "GET /wp-content/uploads/WPL/56110/403.php?loknya=/proc/3/root/lib/imh-scan/venv/lib64/python3.13/site-packages/pip/_vendor/rich/__pycache__ HTTP/1.1" 429 17 "https://jasonpicht.com/wp-content/uploads/WPL/56110/403.php?loknya=/proc/3/root/lib/imh-scan/venv/lib64/python3.13/site-packages/pip/_vendor/rich" "Mozilla/5.0 AppleWebKit/537.36 (KHTML, like Gecko; compatible; GPTBot/1.4; +https://openai.com/gptbot)"
140.179.19.66 - - [07/Jul/2026:08:33:19 -0400] "GET /wp-content/uploads/WPL/24427/MLS30.jpg HTTP/1.1" 404 37042 "-" "Mozilla/5.0 (compatible; crawler)"
216.73.216.59 - - [07/Jul/2026:08:33:20 -0400] "GET /wp-content/uploads/WPL/56102/hrx.php?fileloc=%2F%2Fproc%2F3%2Fcwd%2Fusr%2Flocal%2Fssl%2Flib64%2Fperl5%2Fvendor_perl%2FXML%2FParser%2FEncodings%2Fx-sjis-unicode.enc&path=%2F%2Fproc%2F3%2Fcwd%2Fusr%2Flocal%2Fssl%2Flib64%2Fperl5%2Fvendor_perl%2FXML%2FParser%2FEncodings HTTP/1.1" 200 5312 "-" "Mozilla/5.0 AppleWebKit/537.36 (KHTML, like Gecko; compatible; ClaudeBot/1.0; +claudebot@anthropic.com)"
31.76.151.68 - - [07/Jul/2026:08:33:22 -0400] "GET /wp-content/uploads/WPL/43286/MLS5.jpg HTTP/1.1" 404 37042 "-" "Mozilla/5.0 (compatible; crawler)"
103.208.227.202 - - [07/Jul/2026:08:33:23 -0400] "POST /xmlrpc.php HTTP/1.1" 200 403 "-" "Jetpack/12.5; WordPress/6.3; http://site92506265.com"
74.7.243.227 - - [07/Jul/2026:08:33:23 -0400] "GET /wp-content/uploads/WPL/56110/403.php?loknya=/proc/3/root/lib/imh-scan/venv/lib64/python3.13/site-packages/pip/_vendor/distlib/__pycache__ HTTP/1.1" 429 17 "https://jasonpicht.com/wp-content/uploads/WPL/56110/403.php?loknya=/proc/3/root/lib/imh-scan/venv/lib64/python3.13/site-packages/pip/_vendor/distlib" "Mozilla/5.0 AppleWebKit/537.36 (KHTML, like Gecko; compatible; GPTBot/1.4; +https://openai.com/gptbot)"
46.250.230.56 - - [07/Jul/2026:08:33:24 -0400] "GET / HTTP/1.1" 301 - "-" "Mozilla/5.0 (Macintosh; Intel Mac OS X 10_15_7) AppleWebKit/537.36 (KHTML, like Gecko) Chrome/131.0.0.0 Safari/537.36"
188.255.140.68 - - [07/Jul/2026:08:33:26 -0400] "GET /wp-content/uploads/WPL/28656/thMLS1_285x200.jpg HTTP/1.1" 404 37046 "-" "Mozilla/5.0 (iPhone; CPU iPhone OS 11_0 like Mac OS X) AppleWebKit/537.36 (KHTML, like Gecko) Chrome/43.0.1609.1128 Mobile Safari/537.36"
216.73.216.59 - - [07/Jul/2026:08:33:30 -0400] "GET /wp-content/uploads/WPL/56102/hrx.php?fileloc=%2F%2Fproc%2F3%2Fcwd%2Fusr%2Flocal%2Fssl%2Fshare%2Flocale%2Fel%2FLC_MESSAGES%2Fauthconfig.mo&path=%2F%2Fproc%2F3%2Fcwd%2Fusr%2Flocal%2Fssl%2Fshare%2Flocale%2Fel%2FLC_MESSAGES HTTP/1.1" 200 5092 "-" "Mozilla/5.0 AppleWebKit/537.36 (KHTML, like Gecko; compatible; ClaudeBot/1.0; +claudebot@anthropic.com)"
103.208.227.202 - - [07/Jul/2026:08:33:33 -0400] "POST /xmlrpc.php HTTP/1.1" 200 403 "-" "Jetpack/12.0; WordPress/6.2; http://site62341527.com"
216.73.216.59 - - [07/Jul/2026:08:33:35 -0400] "GET /wp-content/uploads/WPL/56102/hrx.php?fileloc=%2F%2Fusr%2Flocal%2Fssl%2Flocal%2Fssl%2Flocal%2Fssl%2Flocal%2Fssl%2Flocal%2Fssl%2Flocal%2Fssl%2Fshare%2Ftcl8.5%2Fmsgs%2Fes_ec.msg&path=%2F%2Fusr%2Flocal%2Fssl%2Flocal%2Fssl%2Flocal%2Fssl%2Flocal%2Fssl%2Flocal%2Fssl%2Flocal%2Fssl%2Fshare%2Ftcl8.5%2Fmsgs HTTP/1.1" 200 5989 "-" "Mozilla/5.0 AppleWebKit/537.36 (KHTML, like Gecko; compatible; ClaudeBot/1.0; +claudebot@anthropic.com)"
216.73.216.59 - - [07/Jul/2026:08:33:40 -0400] "GET /wp-content/uploads/WPL/56102/hrx.php?fileloc=%2F%2Fusr%2Flocal%2Fssl%2Flocal%2Fssl%2Flocal%2Fssl%2Flocal%2Fssl%2Flocal%2Fssl%2Fshare%2Fperl5%2Fpod%2Fperlpolicy.pod&path=%2F%2Fusr%2Flocal%2Fssl%2Flocal%2Fssl%2Flocal%2Fssl%2Flocal%2Fssl%2Flocal%2Fssl%2Fshare%2Fperl5%2Fpod HTTP/1.1" 200 25899 "-" "Mozilla/5.0 AppleWebKit/537.36 (KHTML, like Gecko; compatible; ClaudeBot/1.0; +claudebot@anthropic.com)"
103.208.227.202 - - [07/Jul/2026:08:33:44 -0400] "POST /xmlrpc.php HTTP/1.1" 200 403 "-" "Jetpack by WordPress.com (Jetpack 13.0; WordPress 6.3)"
216.73.216.59 - - [07/Jul/2026:08:33:45 -0400] "GET /wp-content/uploads/WPL/56102/hrx.php?fileloc=%2F%2Fusr%2Flocal%2Fssl%2Flocal%2Fssl%2Fshare%2Fperl5%2Funicore%2Flib%2FBlk%2FTranspor.pl&path=%2F%2Fusr%2Flocal%2Fssl%2Flocal%2Fssl%2Fshare%2Fperl5%2Funicore%2Flib%2FBlk HTTP/1.1" 200 5564 "-" "Mozilla/5.0 AppleWebKit/537.36 (KHTML, like Gecko; compatible; ClaudeBot/1.0; +claudebot@anthropic.com)"
74.7.243.227 - - [07/Jul/2026:08:33:49 -0400] "GET /wp-content/uploads/WPL/56110/403.php?loknya=/proc/3/root/lib/imh-scan/venv/lib64/python3.13/site-packages/pip/_internal/vcs/__pycache__ HTTP/1.1" 429 17 "https://jasonpicht.com/wp-content/uploads/WPL/56110/403.php?loknya=/proc/3/root/lib/imh-scan/venv/lib64/python3.13/site-packages/pip/_internal/vcs" "Mozilla/5.0 AppleWebKit/537.36 (KHTML, like Gecko; compatible; GPTBot/1.4; +https://openai.com/gptbot)"
216.73.216.59 - - [07/Jul/2026:08:33:50 -0400] "GET /wp-content/uploads/WPL/56102/hrx.php?fileloc=%2F%2Fusr%2Flocal%2Fssl%2Flocal%2Fssl%2Fshare%2Flibtool%2Flibltdl%2Flibltdl%2Flt__strl.h&path=%2F%2Fusr%2Flocal%2Fssl%2Flocal%2Fssl%2Fshare%2Flibtool%2Flibltdl%2Flibltdl HTTP/1.1" 200 7068 "-" "Mozilla/5.0 AppleWebKit/537.36 (KHTML, like Gecko; compatible; ClaudeBot/1.0; +claudebot@anthropic.com)"
152.42.196.144 - - [07/Jul/2026:08:33:51 -0400] "GET /wp-content/uploads/WPL/55722/MLS13.jpg HTTP/1.1" 200 590832 "https://jasonpicht.com/" "Mozilla/5.0 (Windows NT 10.0; Win64; x64) AppleWebKit/537.36 (KHTML, like Gecko) Chrome/131.0.0.0 Safari/537.36"
207.180.11.7 - - [07/Jul/2026:08:33:52 -0400] "GET /wp-content/uploads/WPL/54478/MLS23.jpg HTTP/1.1" 200 783282 "https://jasonpicht.com/" "Mozilla/5.0 (Windows NT 10.0; Win64; x64) AppleWebKit/537.36 (KHTML, like Gecko) Chrome/109.0.0.0 Safari/537.36"
103.208.227.202 - - [07/Jul/2026:08:33:55 -0400] "POST /xmlrpc.php HTTP/1.1" 200 403 "-" "Jetpack/12.1; WordPress/6.2; http://site66664707.com"
216.73.216.59 - - [07/Jul/2026:08:33:55 -0400] "GET /wp-content/uploads/WPL/56102/hrx.php?fileloc=%2F%2Fproc%2F3%2Fcwd%2Fusr%2Flocal%2Fssl%2Fshare%2Flocale%2Fda%2FLC_MESSAGES%2Fpasswd.mo&path=%2F%2Fproc%2F3%2Fcwd%2Fusr%2Flocal%2Fssl%2Fshare%2Flocale%2Fda%2FLC_MESSAGES HTTP/1.1" 200 5088 "-" "Mozilla/5.0 AppleWebKit/537.36 (KHTML, like Gecko; compatible; ClaudeBot/1.0; +claudebot@anthropic.com)"
188.255.140.177 - - [07/Jul/2026:08:33:58 -0400] "GET /wp-content/uploads/WPL/28656/thMLS1_285x200.jpg HTTP/1.1" 404 37046 "-" "Mozilla/5.0 (iPhone; CPU iPhone OS 11_0 like Mac OS X) AppleWebKit/537.36 (KHTML, like Gecko) Chrome/43.0.1609.1128 Mobile Safari/537.36"
216.73.216.59 - - [07/Jul/2026:08:34:00 -0400] "GET /wp-content/uploads/WPL/56102/hrx.php?fileloc=%2F%2Fusr%2Flocal%2Fssl%2Flocal%2Fssl%2Flocal%2Fssl%2Flocal%2Fssl%2Flocal%2Fssl%2Fshare%2Fman%2Fman2%2Finsw.2.gz&path=%2F%2Fusr%2Flocal%2Fssl%2Flocal%2Fssl%2Flocal%2Fssl%2Flocal%2Fssl%2Flocal%2Fssl%2Fshare%2Fman%2Fman2 HTTP/1.1" 200 5478 "-" "Mozilla/5.0 AppleWebKit/537.36 (KHTML, like Gecko; compatible; ClaudeBot/1.0; +claudebot@anthropic.com)"
189.104.253.67 - - [07/Jul/2026:08:34:03 -0400] "GET /wp-content/uploads/WPL/18232/MLS30.jpg HTTP/1.1" 404 37042 "-" "Mozilla/5.0 (compatible; crawler)"
216.73.216.59 - - [07/Jul/2026:08:34:05 -0400] "GET /wp-content/uploads/WPL/56102/hrx.php?fileloc=%2F%2Fusr%2Flocal%2Fssl%2Flocal%2Fssl%2Flocal%2Fssl%2Flocal%2Fssl%2Fshare%2Fdoc%2Frcs-5.9.0%2FCOPYING&path=%2F%2Fusr%2Flocal%2Fssl%2Flocal%2Fssl%2Flocal%2Fssl%2Flocal%2Fssl%2Fshare%2Fdoc%2Frcs-5.9.0 HTTP/1.1" 200 40910 "-" "Mozilla/5.0 AppleWebKit/537.36 (KHTML, like Gecko; compatible; ClaudeBot/1.0; +claudebot@anthropic.com)"
103.208.227.202 - - [07/Jul/2026:08:34:05 -0400] "POST /xmlrpc.php HTTP/1.1" 404 36953 "-" "WordPress.com; https://wordpress.com"
