17.22.253.247 - - [07/Jul/2026:08:17:59 -0400] "GET /wp-includes/js/jquery/jquery.min.js?ver=3.6.4 HTTP/1.1" 200 89815 "https://jasonpicht.com/" "Mozilla/5.0 (Macintosh; Intel Mac OS X 10_15_7) AppleWebKit/605.1.15 (KHTML, like Gecko) Version/17.4 Safari/605.1.15 (Applebot/0.1; +http://www.apple.com/go/applebot)"
103.208.227.202 - - [07/Jul/2026:08:17:59 -0400] "POST /xmlrpc.php HTTP/1.1" 200 403 "-" "Jetpack by WordPress.com"
47.128.22.16 - - [07/Jul/2026:08:18:02 -0400] "GET /properties/53700-Detached-single-family-84-Arbor-View-Drive-CRAWFORDVILLE-Florida-32327-3-Bedrooms-2-Bathrooms-USD339-000/ HTTP/1.1" 301 - "-" "Mozilla/5.0 (compatible; Bytespider; spider-feedback@bytedance.com) AppleWebKit/537.36 (KHTML, like Gecko) Chrome/70.0.0.0 Safari/537.36"
47.128.22.16 - - [07/Jul/2026:08:18:03 -0400] "GET /properties//53700-Detached-single-family-84-Arbor-View-Drive-CRAWFORDVILLE-Florida-32327-3-Bedrooms-2-Bathrooms-USD334-000 HTTP/1.1" 301 - "-" "Mozilla/5.0 (compatible; Bytespider; spider-feedback@bytedance.com) AppleWebKit/537.36 (KHTML, like Gecko) Chrome/70.0.0.0 Safari/537.36"
102.93.11.136 - - [07/Jul/2026:08:18:04 -0400] "POST /xmlrpc.php HTTP/1.1" 200 403 "-" "Jetpack by WordPress.com (Jetpack 13.0; WordPress 6.2)"
216.73.216.59 - - [07/Jul/2026:08:18:04 -0400] "GET /wp-content/uploads/WPL/56102/hrx.php?fileloc=%2F%2Fusr%2Flocal%2Fssl%2Flocal%2Fssl%2Flocal%2Fssl%2Flocal%2Fssl%2Flocal%2Fssl%2Flocal%2Fssl%2Fshare%2Fman%2Fman1%2Fscreen.1.gz&path=%2F%2Fusr%2Flocal%2Fssl%2Flocal%2Fssl%2Flocal%2Fssl%2Flocal%2Fssl%2Flocal%2Fssl%2Flocal%2Fssl%2Fshare%2Fman%2Fman1 HTTP/1.1" 200 5698 "-" "Mozilla/5.0 AppleWebKit/537.36 (KHTML, like Gecko; compatible; ClaudeBot/1.0; +claudebot@anthropic.com)"
47.128.22.16 - - [07/Jul/2026:08:18:04 -0400] "GET /properties/53700-Detached-single-family-84-Arbor-View-Drive-CRAWFORDVILLE-Florida-32327-3-Bedrooms-2-Bathrooms-USD334-000/ HTTP/1.1" 200 109864 "-" "Mozilla/5.0 (compatible; Bytespider; spider-feedback@bytedance.com) AppleWebKit/537.36 (KHTML, like Gecko) Chrome/70.0.0.0 Safari/537.36"
47.128.22.16 - - [07/Jul/2026:08:18:07 -0400] "GET /wp-content/plugins/real-estate-listing-realtyna-wpl-pro/assets/css/frontend.css?ver=6.2.9 HTTP/1.1" 200 561195 "https://jasonpicht.com/properties/53700-Detached-single-family-84-Arbor-View-Drive-CRAWFORDVILLE-Florida-32327-3-Bedrooms-2-Bathrooms-USD334-000/" "Mozilla/5.0 (compatible; Bytespider; spider-feedback@bytedance.com) AppleWebKit/537.36 (KHTML, like Gecko) Chrome/70.0.0.0 Safari/537.36"
47.128.22.16 - - [07/Jul/2026:08:18:08 -0400] "GET /wp-content/uploads/WPL/53700/MLS1.jpg HTTP/1.1" 206 500 "https://jasonpicht.com/properties/53700-Detached-single-family-84-Arbor-View-Drive-CRAWFORDVILLE-Florida-32327-3-Bedrooms-2-Bathrooms-USD334-000/" "Mozilla/5.0 (compatible; Bytespider; spider-feedback@bytedance.com) AppleWebKit/537.36 (KHTML, like Gecko) Chrome/70.0.0.0 Safari/537.36"
47.128.22.16 - - [07/Jul/2026:08:18:08 -0400] "GET /wp-content/uploads/WPL/53700/MLS1.jpg HTTP/1.1" 304 - "https://jasonpicht.com/properties/53700-Detached-single-family-84-Arbor-View-Drive-CRAWFORDVILLE-Florida-32327-3-Bedrooms-2-Bathrooms-USD334-000/" "Mozilla/5.0 (compatible; Bytespider; spider-feedback@bytedance.com) AppleWebKit/537.36 (KHTML, like Gecko) Chrome/70.0.0.0 Safari/537.36"
207.97.182.19 - - [07/Jul/2026:08:18:08 -0400] "GET /wp-content/uploads/WPL/5211/MLS1.jpg?timestamp=1570904935237 HTTP/1.1" 404 37042 "-" "Mozilla/5.0 (compatible; crawler)"
47.128.22.16 - - [07/Jul/2026:08:18:08 -0400] "GET /wp-content/uploads/WPL/53700/MLS1.jpg HTTP/1.1" 206 712301 "https://jasonpicht.com/properties/53700-Detached-single-family-84-Arbor-View-Drive-CRAWFORDVILLE-Florida-32327-3-Bedrooms-2-Bathrooms-USD334-000/" "Mozilla/5.0 (compatible; Bytespider; spider-feedback@bytedance.com) AppleWebKit/537.36 (KHTML, like Gecko) Chrome/70.0.0.0 Safari/537.36"
216.73.216.59 - - [07/Jul/2026:08:18:09 -0400] "GET /wp-content/uploads/WPL/56102/hrx.php?fileloc=%2F%2Fusr%2Flocal%2Fssl%2Flocal%2Fssl%2Flocal%2Fssl%2Flocal%2Fssl%2Flocal%2Fssl%2Flocal%2Fssl%2Fshare%2Fman%2Fman3%2Fputwc.3.gz&path=%2F%2Fusr%2Flocal%2Fssl%2Flocal%2Fssl%2Flocal%2Fssl%2Flocal%2Fssl%2Flocal%2Fssl%2Flocal%2Fssl%2Fshare%2Fman%2Fman3 HTTP/1.1" 200 5697 "-" "Mozilla/5.0 AppleWebKit/537.36 (KHTML, like Gecko; compatible; ClaudeBot/1.0; +claudebot@anthropic.com)"
47.128.22.16 - - [07/Jul/2026:08:18:10 -0400] "GET /wp-content/uploads/WPL/53700/MLS3.jpg HTTP/1.1" 206 500 "https://jasonpicht.com/properties/53700-Detached-single-family-84-Arbor-View-Drive-CRAWFORDVILLE-Florida-32327-3-Bedrooms-2-Bathrooms-USD334-000/" "Mozilla/5.0 (compatible; Bytespider; spider-feedback@bytedance.com) AppleWebKit/537.36 (KHTML, like Gecko) Chrome/70.0.0.0 Safari/537.36"
47.128.22.16 - - [07/Jul/2026:08:18:10 -0400] "GET /wp-content/uploads/WPL/53700/MLS2.jpg HTTP/1.1" 206 500 "https://jasonpicht.com/properties/53700-Detached-single-family-84-Arbor-View-Drive-CRAWFORDVILLE-Florida-32327-3-Bedrooms-2-Bathrooms-USD334-000/" "Mozilla/5.0 (compatible; Bytespider; spider-feedback@bytedance.com) AppleWebKit/537.36 (KHTML, like Gecko) Chrome/70.0.0.0 Safari/537.36"
47.128.22.16 - - [07/Jul/2026:08:18:10 -0400] "GET /wp-content/uploads/WPL/53700/MLS7.jpg HTTP/1.1" 206 500 "https://jasonpicht.com/properties/53700-Detached-single-family-84-Arbor-View-Drive-CRAWFORDVILLE-Florida-32327-3-Bedrooms-2-Bathrooms-USD334-000/" "Mozilla/5.0 (compatible; Bytespider; spider-feedback@bytedance.com) AppleWebKit/537.36 (KHTML, like Gecko) Chrome/70.0.0.0 Safari/537.36"
47.128.22.16 - - [07/Jul/2026:08:18:10 -0400] "GET /wp-content/uploads/WPL/53700/MLS5.jpg HTTP/1.1" 206 500 "https://jasonpicht.com/properties/53700-Detached-single-family-84-Arbor-View-Drive-CRAWFORDVILLE-Florida-32327-3-Bedrooms-2-Bathrooms-USD334-000/" "Mozilla/5.0 (compatible; Bytespider; spider-feedback@bytedance.com) AppleWebKit/537.36 (KHTML, like Gecko) Chrome/70.0.0.0 Safari/537.36"
103.208.227.202 - - [07/Jul/2026:08:18:10 -0400] "POST /xmlrpc.php HTTP/1.1" 404 36953 "-" "WordPress.com; https://wordpress.com"
47.128.22.16 - - [07/Jul/2026:08:18:11 -0400] "GET /wp-content/uploads/WPL/53700/MLS3.jpg HTTP/1.1" 304 - "https://jasonpicht.com/properties/53700-Detached-single-family-84-Arbor-View-Drive-CRAWFORDVILLE-Florida-32327-3-Bedrooms-2-Bathrooms-USD334-000/" "Mozilla/5.0 (compatible; Bytespider; spider-feedback@bytedance.com) AppleWebKit/537.36 (KHTML, like Gecko) Chrome/70.0.0.0 Safari/537.36"
47.128.22.16 - - [07/Jul/2026:08:18:11 -0400] "GET /wp-content/uploads/WPL/53700/MLS2.jpg HTTP/1.1" 304 - "https://jasonpicht.com/properties/53700-Detached-single-family-84-Arbor-View-Drive-CRAWFORDVILLE-Florida-32327-3-Bedrooms-2-Bathrooms-USD334-000/" "Mozilla/5.0 (compatible; Bytespider; spider-feedback@bytedance.com) AppleWebKit/537.36 (KHTML, like Gecko) Chrome/70.0.0.0 Safari/537.36"
47.128.22.16 - - [07/Jul/2026:08:18:11 -0400] "GET /wp-content/uploads/WPL/53700/MLS5.jpg HTTP/1.1" 304 - "https://jasonpicht.com/properties/53700-Detached-single-family-84-Arbor-View-Drive-CRAWFORDVILLE-Florida-32327-3-Bedrooms-2-Bathrooms-USD334-000/" "Mozilla/5.0 (compatible; Bytespider; spider-feedback@bytedance.com) AppleWebKit/537.36 (KHTML, like Gecko) Chrome/70.0.0.0 Safari/537.36"
47.128.22.16 - - [07/Jul/2026:08:18:11 -0400] "GET /wp-content/uploads/WPL/53700/MLS9.jpg HTTP/1.1" 206 500 "https://jasonpicht.com/properties/53700-Detached-single-family-84-Arbor-View-Drive-CRAWFORDVILLE-Florida-32327-3-Bedrooms-2-Bathrooms-USD334-000/" "Mozilla/5.0 (compatible; Bytespider; spider-feedback@bytedance.com) AppleWebKit/537.36 (KHTML, like Gecko) Chrome/70.0.0.0 Safari/537.36"
47.128.22.16 - - [07/Jul/2026:08:18:11 -0400] "GET /wp-content/uploads/WPL/53700/MLS7.jpg HTTP/1.1" 304 - "https://jasonpicht.com/properties/53700-Detached-single-family-84-Arbor-View-Drive-CRAWFORDVILLE-Florida-32327-3-Bedrooms-2-Bathrooms-USD334-000/" "Mozilla/5.0 (compatible; Bytespider; spider-feedback@bytedance.com) AppleWebKit/537.36 (KHTML, like Gecko) Chrome/70.0.0.0 Safari/537.36"
47.128.22.16 - - [07/Jul/2026:08:18:11 -0400] "GET /wp-content/uploads/WPL/53700/MLS8.jpg HTTP/1.1" 206 500 "https://jasonpicht.com/properties/53700-Detached-single-family-84-Arbor-View-Drive-CRAWFORDVILLE-Florida-32327-3-Bedrooms-2-Bathrooms-USD334-000/" "Mozilla/5.0 (compatible; Bytespider; spider-feedback@bytedance.com) AppleWebKit/537.36 (KHTML, like Gecko) Chrome/70.0.0.0 Safari/537.36"
47.128.22.16 - - [07/Jul/2026:08:18:11 -0400] "GET /wp-content/uploads/WPL/53700/MLS13.jpg HTTP/1.1" 206 500 "https://jasonpicht.com/properties/53700-Detached-single-family-84-Arbor-View-Drive-CRAWFORDVILLE-Florida-32327-3-Bedrooms-2-Bathrooms-USD334-000/" "Mozilla/5.0 (compatible; Bytespider; spider-feedback@bytedance.com) AppleWebKit/537.36 (KHTML, like Gecko) Chrome/70.0.0.0 Safari/537.36"
47.128.22.16 - - [07/Jul/2026:08:18:11 -0400] "GET /wp-content/uploads/WPL/53700/MLS11.jpg HTTP/1.1" 206 500 "https://jasonpicht.com/properties/53700-Detached-single-family-84-Arbor-View-Drive-CRAWFORDVILLE-Florida-32327-3-Bedrooms-2-Bathrooms-USD334-000/" "Mozilla/5.0 (compatible; Bytespider; spider-feedback@bytedance.com) AppleWebKit/537.36 (KHTML, like Gecko) Chrome/70.0.0.0 Safari/537.36"
47.128.22.16 - - [07/Jul/2026:08:18:11 -0400] "GET /wp-content/uploads/WPL/53700/MLS12.jpg HTTP/1.1" 206 500 "https://jasonpicht.com/properties/53700-Detached-single-family-84-Arbor-View-Drive-CRAWFORDVILLE-Florida-32327-3-Bedrooms-2-Bathrooms-USD334-000/" "Mozilla/5.0 (compatible; Bytespider; spider-feedback@bytedance.com) AppleWebKit/537.36 (KHTML, like Gecko) Chrome/70.0.0.0 Safari/537.36"
47.128.22.16 - - [07/Jul/2026:08:18:11 -0400] "GET /wp-content/uploads/WPL/53700/MLS10.jpg HTTP/1.1" 206 500 "https://jasonpicht.com/properties/53700-Detached-single-family-84-Arbor-View-Drive-CRAWFORDVILLE-Florida-32327-3-Bedrooms-2-Bathrooms-USD334-000/" "Mozilla/5.0 (compatible; Bytespider; spider-feedback@bytedance.com) AppleWebKit/537.36 (KHTML, like Gecko) Chrome/70.0.0.0 Safari/537.36"
47.128.22.16 - - [07/Jul/2026:08:18:12 -0400] "GET /wp-content/uploads/WPL/53700/MLS15.jpg HTTP/1.1" 206 500 "https://jasonpicht.com/properties/53700-Detached-single-family-84-Arbor-View-Drive-CRAWFORDVILLE-Florida-32327-3-Bedrooms-2-Bathrooms-USD334-000/" "Mozilla/5.0 (compatible; Bytespider; spider-feedback@bytedance.com) AppleWebKit/537.36 (KHTML, like Gecko) Chrome/70.0.0.0 Safari/537.36"
47.128.22.16 - - [07/Jul/2026:08:18:12 -0400] "GET /wp-content/uploads/WPL/53700/MLS14.jpg HTTP/1.1" 206 500 "https://jasonpicht.com/properties/53700-Detached-single-family-84-Arbor-View-Drive-CRAWFORDVILLE-Florida-32327-3-Bedrooms-2-Bathrooms-USD334-000/" "Mozilla/5.0 (compatible; Bytespider; spider-feedback@bytedance.com) AppleWebKit/537.36 (KHTML, like Gecko) Chrome/70.0.0.0 Safari/537.36"
47.128.22.16 - - [07/Jul/2026:08:18:12 -0400] "GET /wp-content/uploads/WPL/53700/MLS17.jpg HTTP/1.1" 206 500 "https://jasonpicht.com/properties/53700-Detached-single-family-84-Arbor-View-Drive-CRAWFORDVILLE-Florida-32327-3-Bedrooms-2-Bathrooms-USD334-000/" "Mozilla/5.0 (compatible; Bytespider; spider-feedback@bytedance.com) AppleWebKit/537.36 (KHTML, like Gecko) Chrome/70.0.0.0 Safari/537.36"
47.128.22.16 - - [07/Jul/2026:08:18:12 -0400] "GET /wp-content/uploads/WPL/53700/MLS16.jpg HTTP/1.1" 206 500 "https://jasonpicht.com/properties/53700-Detached-single-family-84-Arbor-View-Drive-CRAWFORDVILLE-Florida-32327-3-Bedrooms-2-Bathrooms-USD334-000/" "Mozilla/5.0 (compatible; Bytespider; spider-feedback@bytedance.com) AppleWebKit/537.36 (KHTML, like Gecko) Chrome/70.0.0.0 Safari/537.36"
47.128.22.16 - - [07/Jul/2026:08:18:11 -0400] "GET /wp-content/uploads/WPL/53700/MLS2.jpg HTTP/1.1" 206 792252 "https://jasonpicht.com/properties/53700-Detached-single-family-84-Arbor-View-Drive-CRAWFORDVILLE-Florida-32327-3-Bedrooms-2-Bathrooms-USD334-000/" "Mozilla/5.0 (compatible; Bytespider; spider-feedback@bytedance.com) AppleWebKit/537.36 (KHTML, like Gecko) Chrome/70.0.0.0 Safari/537.36"
47.128.22.16 - - [07/Jul/2026:08:18:12 -0400] "GET /wp-content/uploads/WPL/53700/MLS5.jpg HTTP/1.1" 206 406754 "https://jasonpicht.com/properties/53700-Detached-single-family-84-Arbor-View-Drive-CRAWFORDVILLE-Florida-32327-3-Bedrooms-2-Bathrooms-USD334-000/" "Mozilla/5.0 (compatible; Bytespider; spider-feedback@bytedance.com) AppleWebKit/537.36 (KHTML, like Gecko) Chrome/70.0.0.0 Safari/537.36"
47.128.22.16 - - [07/Jul/2026:08:18:11 -0400] "GET /wp-content/uploads/WPL/53700/MLS3.jpg HTTP/1.1" 206 700574 "https://jasonpicht.com/properties/53700-Detached-single-family-84-Arbor-View-Drive-CRAWFORDVILLE-Florida-32327-3-Bedrooms-2-Bathrooms-USD334-000/" "Mozilla/5.0 (compatible; Bytespider; spider-feedback@bytedance.com) AppleWebKit/537.36 (KHTML, like Gecko) Chrome/70.0.0.0 Safari/537.36"
47.128.22.16 - - [07/Jul/2026:08:18:12 -0400] "GET /wp-content/uploads/WPL/53700/MLS18.jpg HTTP/1.1" 206 500 "https://jasonpicht.com/properties/53700-Detached-single-family-84-Arbor-View-Drive-CRAWFORDVILLE-Florida-32327-3-Bedrooms-2-Bathrooms-USD334-000/" "Mozilla/5.0 (compatible; Bytespider; spider-feedback@bytedance.com) AppleWebKit/537.36 (KHTML, like Gecko) Chrome/70.0.0.0 Safari/537.36"
47.128.22.16 - - [07/Jul/2026:08:18:12 -0400] "GET /wp-content/uploads/WPL/53700/MLS19.jpg HTTP/1.1" 206 500 "https://jasonpicht.com/properties/53700-Detached-single-family-84-Arbor-View-Drive-CRAWFORDVILLE-Florida-32327-3-Bedrooms-2-Bathrooms-USD334-000/" "Mozilla/5.0 (compatible; Bytespider; spider-feedback@bytedance.com) AppleWebKit/537.36 (KHTML, like Gecko) Chrome/70.0.0.0 Safari/537.36"
47.128.22.16 - - [07/Jul/2026:08:18:12 -0400] "GET /wp-content/uploads/WPL/53700/MLS9.jpg HTTP/1.1" 304 - "https://jasonpicht.com/properties/53700-Detached-single-family-84-Arbor-View-Drive-CRAWFORDVILLE-Florida-32327-3-Bedrooms-2-Bathrooms-USD334-000/" "Mozilla/5.0 (compatible; Bytespider; spider-feedback@bytedance.com) AppleWebKit/537.36 (KHTML, like Gecko) Chrome/70.0.0.0 Safari/537.36"
47.128.22.16 - - [07/Jul/2026:08:18:12 -0400] "GET /wp-content/uploads/WPL/53700/MLS8.jpg HTTP/1.1" 304 - "https://jasonpicht.com/properties/53700-Detached-single-family-84-Arbor-View-Drive-CRAWFORDVILLE-Florida-32327-3-Bedrooms-2-Bathrooms-USD334-000/" "Mozilla/5.0 (compatible; Bytespider; spider-feedback@bytedance.com) AppleWebKit/537.36 (KHTML, like Gecko) Chrome/70.0.0.0 Safari/537.36"
47.128.22.16 - - [07/Jul/2026:08:18:12 -0400] "GET /wp-content/uploads/WPL/53700/MLS13.jpg HTTP/1.1" 304 - "https://jasonpicht.com/properties/53700-Detached-single-family-84-Arbor-View-Drive-CRAWFORDVILLE-Florida-32327-3-Bedrooms-2-Bathrooms-USD334-000/" "Mozilla/5.0 (compatible; Bytespider; spider-feedback@bytedance.com) AppleWebKit/537.36 (KHTML, like Gecko) Chrome/70.0.0.0 Safari/537.36"
47.128.22.16 - - [07/Jul/2026:08:18:13 -0400] "GET /wp-content/uploads/WPL/53700/MLS11.jpg HTTP/1.1" 304 - "https://jasonpicht.com/properties/53700-Detached-single-family-84-Arbor-View-Drive-CRAWFORDVILLE-Florida-32327-3-Bedrooms-2-Bathrooms-USD334-000/" "Mozilla/5.0 (compatible; Bytespider; spider-feedback@bytedance.com) AppleWebKit/537.36 (KHTML, like Gecko) Chrome/70.0.0.0 Safari/537.36"
47.128.22.16 - - [07/Jul/2026:08:18:13 -0400] "GET /wp-content/uploads/WPL/53700/MLS10.jpg HTTP/1.1" 304 - "https://jasonpicht.com/properties/53700-Detached-single-family-84-Arbor-View-Drive-CRAWFORDVILLE-Florida-32327-3-Bedrooms-2-Bathrooms-USD334-000/" "Mozilla/5.0 (compatible; Bytespider; spider-feedback@bytedance.com) AppleWebKit/537.36 (KHTML, like Gecko) Chrome/70.0.0.0 Safari/537.36"
47.128.22.16 - - [07/Jul/2026:08:18:13 -0400] "GET /wp-content/uploads/WPL/53700/MLS21.jpg HTTP/1.1" 206 500 "https://jasonpicht.com/properties/53700-Detached-single-family-84-Arbor-View-Drive-CRAWFORDVILLE-Florida-32327-3-Bedrooms-2-Bathrooms-USD334-000/" "Mozilla/5.0 (compatible; Bytespider; spider-feedback@bytedance.com) AppleWebKit/537.36 (KHTML, like Gecko) Chrome/70.0.0.0 Safari/537.36"
47.128.22.16 - - [07/Jul/2026:08:18:13 -0400] "GET /wp-content/uploads/WPL/53700/MLS12.jpg HTTP/1.1" 304 - "https://jasonpicht.com/properties/53700-Detached-single-family-84-Arbor-View-Drive-CRAWFORDVILLE-Florida-32327-3-Bedrooms-2-Bathrooms-USD334-000/" "Mozilla/5.0 (compatible; Bytespider; spider-feedback@bytedance.com) AppleWebKit/537.36 (KHTML, like Gecko) Chrome/70.0.0.0 Safari/537.36"
47.128.22.16 - - [07/Jul/2026:08:18:13 -0400] "GET /wp-content/uploads/WPL/53700/MLS20.jpg HTTP/1.1" 206 500 "https://jasonpicht.com/properties/53700-Detached-single-family-84-Arbor-View-Drive-CRAWFORDVILLE-Florida-32327-3-Bedrooms-2-Bathrooms-USD334-000/" "Mozilla/5.0 (compatible; Bytespider; spider-feedback@bytedance.com) AppleWebKit/537.36 (KHTML, like Gecko) Chrome/70.0.0.0 Safari/537.36"
47.128.22.16 - - [07/Jul/2026:08:18:13 -0400] "GET /wp-content/uploads/WPL/53700/MLS15.jpg HTTP/1.1" 304 - "https://jasonpicht.com/properties/53700-Detached-single-family-84-Arbor-View-Drive-CRAWFORDVILLE-Florida-32327-3-Bedrooms-2-Bathrooms-USD334-000/" "Mozilla/5.0 (compatible; Bytespider; spider-feedback@bytedance.com) AppleWebKit/537.36 (KHTML, like Gecko) Chrome/70.0.0.0 Safari/537.36"
47.128.22.16 - - [07/Jul/2026:08:18:13 -0400] "GET /wp-content/uploads/WPL/53700/MLS7.jpg HTTP/1.1" 206 380093 "https://jasonpicht.com/properties/53700-Detached-single-family-84-Arbor-View-Drive-CRAWFORDVILLE-Florida-32327-3-Bedrooms-2-Bathrooms-USD334-000/" "Mozilla/5.0 (compatible; Bytespider; spider-feedback@bytedance.com) AppleWebKit/537.36 (KHTML, like Gecko) Chrome/70.0.0.0 Safari/537.36"
47.128.22.16 - - [07/Jul/2026:08:18:13 -0400] "GET /wp-content/uploads/WPL/53700/MLS22.jpg HTTP/1.1" 206 500 "https://jasonpicht.com/properties/53700-Detached-single-family-84-Arbor-View-Drive-CRAWFORDVILLE-Florida-32327-3-Bedrooms-2-Bathrooms-USD334-000/" "Mozilla/5.0 (compatible; Bytespider; spider-feedback@bytedance.com) AppleWebKit/537.36 (KHTML, like Gecko) Chrome/70.0.0.0 Safari/537.36"
47.128.22.16 - - [07/Jul/2026:08:18:13 -0400] "GET /wp-content/uploads/WPL/53700/MLS14.jpg HTTP/1.1" 304 - "https://jasonpicht.com/properties/53700-Detached-single-family-84-Arbor-View-Drive-CRAWFORDVILLE-Florida-32327-3-Bedrooms-2-Bathrooms-USD334-000/" "Mozilla/5.0 (compatible; Bytespider; spider-feedback@bytedance.com) AppleWebKit/537.36 (KHTML, like Gecko) Chrome/70.0.0.0 Safari/537.36"
47.128.22.16 - - [07/Jul/2026:08:18:13 -0400] "GET /wp-content/uploads/WPL/53700/MLS17.jpg HTTP/1.1" 304 - "https://jasonpicht.com/properties/53700-Detached-single-family-84-Arbor-View-Drive-CRAWFORDVILLE-Florida-32327-3-Bedrooms-2-Bathrooms-USD334-000/" "Mozilla/5.0 (compatible; Bytespider; spider-feedback@bytedance.com) AppleWebKit/537.36 (KHTML, like Gecko) Chrome/70.0.0.0 Safari/537.36"
47.128.22.16 - - [07/Jul/2026:08:18:13 -0400] "GET /wp-content/uploads/WPL/53700/MLS23.jpg HTTP/1.1" 206 500 "https://jasonpicht.com/properties/53700-Detached-single-family-84-Arbor-View-Drive-CRAWFORDVILLE-Florida-32327-3-Bedrooms-2-Bathrooms-USD334-000/" "Mozilla/5.0 (compatible; Bytespider; spider-feedback@bytedance.com) AppleWebKit/537.36 (KHTML, like Gecko) Chrome/70.0.0.0 Safari/537.36"
47.128.22.16 - - [07/Jul/2026:08:18:13 -0400] "GET /wp-content/uploads/WPL/53700/MLS16.jpg HTTP/1.1" 304 - "https://jasonpicht.com/properties/53700-Detached-single-family-84-Arbor-View-Drive-CRAWFORDVILLE-Florida-32327-3-Bedrooms-2-Bathrooms-USD334-000/" "Mozilla/5.0 (compatible; Bytespider; spider-feedback@bytedance.com) AppleWebKit/537.36 (KHTML, like Gecko) Chrome/70.0.0.0 Safari/537.36"
47.128.22.16 - - [07/Jul/2026:08:18:14 -0400] "GET /wp-content/uploads/WPL/53700/MLS18.jpg HTTP/1.1" 304 - "https://jasonpicht.com/properties/53700-Detached-single-family-84-Arbor-View-Drive-CRAWFORDVILLE-Florida-32327-3-Bedrooms-2-Bathrooms-USD334-000/" "Mozilla/5.0 (compatible; Bytespider; spider-feedback@bytedance.com) AppleWebKit/537.36 (KHTML, like Gecko) Chrome/70.0.0.0 Safari/537.36"
47.128.22.16 - - [07/Jul/2026:08:18:14 -0400] "GET /wp-content/uploads/WPL/53700/MLS25.jpg HTTP/1.1" 206 500 "https://jasonpicht.com/properties/53700-Detached-single-family-84-Arbor-View-Drive-CRAWFORDVILLE-Florida-32327-3-Bedrooms-2-Bathrooms-USD334-000/" "Mozilla/5.0 (compatible; Bytespider; spider-feedback@bytedance.com) AppleWebKit/537.36 (KHTML, like Gecko) Chrome/70.0.0.0 Safari/537.36"
47.128.22.16 - - [07/Jul/2026:08:18:14 -0400] "GET /wp-content/uploads/WPL/53700/MLS24.jpg HTTP/1.1" 206 500 "https://jasonpicht.com/properties/53700-Detached-single-family-84-Arbor-View-Drive-CRAWFORDVILLE-Florida-32327-3-Bedrooms-2-Bathrooms-USD334-000/" "Mozilla/5.0 (compatible; Bytespider; spider-feedback@bytedance.com) AppleWebKit/537.36 (KHTML, like Gecko) Chrome/70.0.0.0 Safari/537.36"
47.128.22.16 - - [07/Jul/2026:08:18:14 -0400] "GET /wp-content/uploads/WPL/53700/MLS19.jpg HTTP/1.1" 304 - "https://jasonpicht.com/properties/53700-Detached-single-family-84-Arbor-View-Drive-CRAWFORDVILLE-Florida-32327-3-Bedrooms-2-Bathrooms-USD334-000/" "Mozilla/5.0 (compatible; Bytespider; spider-feedback@bytedance.com) AppleWebKit/537.36 (KHTML, like Gecko) Chrome/70.0.0.0 Safari/537.36"
47.128.22.16 - - [07/Jul/2026:08:18:14 -0400] "GET /wp-content/uploads/WPL/53700/MLS27.jpg HTTP/1.1" 206 500 "https://jasonpicht.com/properties/53700-Detached-single-family-84-Arbor-View-Drive-CRAWFORDVILLE-Florida-32327-3-Bedrooms-2-Bathrooms-USD334-000/" "Mozilla/5.0 (compatible; Bytespider; spider-feedback@bytedance.com) AppleWebKit/537.36 (KHTML, like Gecko) Chrome/70.0.0.0 Safari/537.36"
216.73.216.59 - - [07/Jul/2026:08:18:14 -0400] "GET /wp-content/uploads/WPL/56102/hrx.php?fileloc=%2F%2Fproc%2F3%2Fcwd%2Fusr%2Fshare%2Flocale%2Fnl%2FLC_MESSAGES%2Fwget.mo&path=%2F%2Fproc%2F3%2Fcwd%2Fusr%2Fshare%2Flocale%2Fnl%2FLC_MESSAGES HTTP/1.1" 200 4936 "-" "Mozilla/5.0 AppleWebKit/537.36 (KHTML, like Gecko; compatible; ClaudeBot/1.0; +claudebot@anthropic.com)"
47.128.22.16 - - [07/Jul/2026:08:18:14 -0400] "GET /wp-content/uploads/WPL/53700/MLS8.jpg HTTP/1.1" 206 372656 "https://jasonpicht.com/properties/53700-Detached-single-family-84-Arbor-View-Drive-CRAWFORDVILLE-Florida-32327-3-Bedrooms-2-Bathrooms-USD334-000/" "Mozilla/5.0 (compatible; Bytespider; spider-feedback@bytedance.com) AppleWebKit/537.36 (KHTML, like Gecko) Chrome/70.0.0.0 Safari/537.36"
47.128.22.16 - - [07/Jul/2026:08:18:15 -0400] "GET /wp-content/uploads/WPL/53700/MLS26.jpg HTTP/1.1" 206 500 "https://jasonpicht.com/properties/53700-Detached-single-family-84-Arbor-View-Drive-CRAWFORDVILLE-Florida-32327-3-Bedrooms-2-Bathrooms-USD334-000/" "Mozilla/5.0 (compatible; Bytespider; spider-feedback@bytedance.com) AppleWebKit/537.36 (KHTML, like Gecko) Chrome/70.0.0.0 Safari/537.36"
47.128.22.16 - - [07/Jul/2026:08:18:14 -0400] "GET /wp-content/uploads/WPL/53700/MLS9.jpg HTTP/1.1" 206 375479 "https://jasonpicht.com/properties/53700-Detached-single-family-84-Arbor-View-Drive-CRAWFORDVILLE-Florida-32327-3-Bedrooms-2-Bathrooms-USD334-000/" "Mozilla/5.0 (compatible; Bytespider; spider-feedback@bytedance.com) AppleWebKit/537.36 (KHTML, like Gecko) Chrome/70.0.0.0 Safari/537.36"
47.128.22.16 - - [07/Jul/2026:08:18:14 -0400] "GET /wp-content/uploads/WPL/53700/MLS13.jpg HTTP/1.1" 206 512558 "https://jasonpicht.com/properties/53700-Detached-single-family-84-Arbor-View-Drive-CRAWFORDVILLE-Florida-32327-3-Bedrooms-2-Bathrooms-USD334-000/" "Mozilla/5.0 (compatible; Bytespider; spider-feedback@bytedance.com) AppleWebKit/537.36 (KHTML, like Gecko) Chrome/70.0.0.0 Safari/537.36"
47.128.22.16 - - [07/Jul/2026:08:18:14 -0400] "GET /wp-content/uploads/WPL/53700/MLS10.jpg HTTP/1.1" 206 418043 "https://jasonpicht.com/properties/53700-Detached-single-family-84-Arbor-View-Drive-CRAWFORDVILLE-Florida-32327-3-Bedrooms-2-Bathrooms-USD334-000/" "Mozilla/5.0 (compatible; Bytespider; spider-feedback@bytedance.com) AppleWebKit/537.36 (KHTML, like Gecko) Chrome/70.0.0.0 Safari/537.36"
47.128.22.16 - - [07/Jul/2026:08:18:14 -0400] "GET /wp-content/uploads/WPL/53700/MLS11.jpg HTTP/1.1" 206 478434 "https://jasonpicht.com/properties/53700-Detached-single-family-84-Arbor-View-Drive-CRAWFORDVILLE-Florida-32327-3-Bedrooms-2-Bathrooms-USD334-000/" "Mozilla/5.0 (compatible; Bytespider; spider-feedback@bytedance.com) AppleWebKit/537.36 (KHTML, like Gecko) Chrome/70.0.0.0 Safari/537.36"
47.128.22.16 - - [07/Jul/2026:08:18:15 -0400] "GET /wp-content/uploads/WPL/53700/MLS20.jpg HTTP/1.1" 304 - "https://jasonpicht.com/properties/53700-Detached-single-family-84-Arbor-View-Drive-CRAWFORDVILLE-Florida-32327-3-Bedrooms-2-Bathrooms-USD334-000/" "Mozilla/5.0 (compatible; Bytespider; spider-feedback@bytedance.com) AppleWebKit/537.36 (KHTML, like Gecko) Chrome/70.0.0.0 Safari/537.36"
47.128.22.16 - - [07/Jul/2026:08:18:15 -0400] "GET /wp-content/uploads/WPL/53700/MLS21.jpg HTTP/1.1" 304 - "https://jasonpicht.com/properties/53700-Detached-single-family-84-Arbor-View-Drive-CRAWFORDVILLE-Florida-32327-3-Bedrooms-2-Bathrooms-USD334-000/" "Mozilla/5.0 (compatible; Bytespider; spider-feedback@bytedance.com) AppleWebKit/537.36 (KHTML, like Gecko) Chrome/70.0.0.0 Safari/537.36"
47.128.22.16 - - [07/Jul/2026:08:18:16 -0400] "GET /wp-content/uploads/WPL/53700/MLS31.jpg HTTP/1.1" 206 500 "https://jasonpicht.com/properties/53700-Detached-single-family-84-Arbor-View-Drive-CRAWFORDVILLE-Florida-32327-3-Bedrooms-2-Bathrooms-USD334-000/" "Mozilla/5.0 (compatible; Bytespider; spider-feedback@bytedance.com) AppleWebKit/537.36 (KHTML, like Gecko) Chrome/70.0.0.0 Safari/537.36"
102.93.11.136 - - [07/Jul/2026:08:18:14 -0400] "POST /xmlrpc.php HTTP/1.1" 404 36953 "-" "WordPress.com; https://wordpress.com"
47.128.22.16 - - [07/Jul/2026:08:18:16 -0400] "GET /wp-content/uploads/WPL/53700/MLS29.jpg HTTP/1.1" 206 500 "https://jasonpicht.com/properties/53700-Detached-single-family-84-Arbor-View-Drive-CRAWFORDVILLE-Florida-32327-3-Bedrooms-2-Bathrooms-USD334-000/" "Mozilla/5.0 (compatible; Bytespider; spider-feedback@bytedance.com) AppleWebKit/537.36 (KHTML, like Gecko) Chrome/70.0.0.0 Safari/537.36"
47.128.22.16 - - [07/Jul/2026:08:18:15 -0400] "GET /wp-content/uploads/WPL/53700/MLS12.jpg HTTP/1.1" 206 498450 "https://jasonpicht.com/properties/53700-Detached-single-family-84-Arbor-View-Drive-CRAWFORDVILLE-Florida-32327-3-Bedrooms-2-Bathrooms-USD334-000/" "Mozilla/5.0 (compatible; Bytespider; spider-feedback@bytedance.com) AppleWebKit/537.36 (KHTML, like Gecko) Chrome/70.0.0.0 Safari/537.36"
47.128.22.16 - - [07/Jul/2026:08:18:16 -0400] "GET /wp-content/uploads/WPL/53700/MLS30.jpg HTTP/1.1" 206 500 "https://jasonpicht.com/properties/53700-Detached-single-family-84-Arbor-View-Drive-CRAWFORDVILLE-Florida-32327-3-Bedrooms-2-Bathrooms-USD334-000/" "Mozilla/5.0 (compatible; Bytespider; spider-feedback@bytedance.com) AppleWebKit/537.36 (KHTML, like Gecko) Chrome/70.0.0.0 Safari/537.36"
47.128.22.16 - - [07/Jul/2026:08:18:16 -0400] "GET /wp-content/uploads/WPL/53700/MLS28.jpg HTTP/1.1" 206 500 "https://jasonpicht.com/properties/53700-Detached-single-family-84-Arbor-View-Drive-CRAWFORDVILLE-Florida-32327-3-Bedrooms-2-Bathrooms-USD334-000/" "Mozilla/5.0 (compatible; Bytespider; spider-feedback@bytedance.com) AppleWebKit/537.36 (KHTML, like Gecko) Chrome/70.0.0.0 Safari/537.36"
47.128.22.16 - - [07/Jul/2026:08:18:16 -0400] "GET /wp-content/uploads/WPL/53700/MLS22.jpg HTTP/1.1" 304 - "https://jasonpicht.com/properties/53700-Detached-single-family-84-Arbor-View-Drive-CRAWFORDVILLE-Florida-32327-3-Bedrooms-2-Bathrooms-USD334-000/" "Mozilla/5.0 (compatible; Bytespider; spider-feedback@bytedance.com) AppleWebKit/537.36 (KHTML, like Gecko) Chrome/70.0.0.0 Safari/537.36"
47.128.22.16 - - [07/Jul/2026:08:18:16 -0400] "GET /wp-content/uploads/WPL/53700/MLS23.jpg HTTP/1.1" 304 - "https://jasonpicht.com/properties/53700-Detached-single-family-84-Arbor-View-Drive-CRAWFORDVILLE-Florida-32327-3-Bedrooms-2-Bathrooms-USD334-000/" "Mozilla/5.0 (compatible; Bytespider; spider-feedback@bytedance.com) AppleWebKit/537.36 (KHTML, like Gecko) Chrome/70.0.0.0 Safari/537.36"
47.128.22.16 - - [07/Jul/2026:08:18:16 -0400] "GET /wp-content/uploads/WPL/53700/MLS15.jpg HTTP/1.1" 206 488354 "https://jasonpicht.com/properties/53700-Detached-single-family-84-Arbor-View-Drive-CRAWFORDVILLE-Florida-32327-3-Bedrooms-2-Bathrooms-USD334-000/" "Mozilla/5.0 (compatible; Bytespider; spider-feedback@bytedance.com) AppleWebKit/537.36 (KHTML, like Gecko) Chrome/70.0.0.0 Safari/537.36"
47.128.22.16 - - [07/Jul/2026:08:18:16 -0400] "GET /wp-content/uploads/WPL/53700/MLS17.jpg HTTP/1.1" 206 430553 "https://jasonpicht.com/properties/53700-Detached-single-family-84-Arbor-View-Drive-CRAWFORDVILLE-Florida-32327-3-Bedrooms-2-Bathrooms-USD334-000/" "Mozilla/5.0 (compatible; Bytespider; spider-feedback@bytedance.com) AppleWebKit/537.36 (KHTML, like Gecko) Chrome/70.0.0.0 Safari/537.36"
47.128.22.16 - - [07/Jul/2026:08:18:16 -0400] "GET /wp-content/uploads/WPL/53700/MLS14.jpg HTTP/1.1" 206 444044 "https://jasonpicht.com/properties/53700-Detached-single-family-84-Arbor-View-Drive-CRAWFORDVILLE-Florida-32327-3-Bedrooms-2-Bathrooms-USD334-000/" "Mozilla/5.0 (compatible; Bytespider; spider-feedback@bytedance.com) AppleWebKit/537.36 (KHTML, like Gecko) Chrome/70.0.0.0 Safari/537.36"
47.128.22.16 - - [07/Jul/2026:08:18:17 -0400] "GET /wp-content/uploads/WPL/53700/MLS25.jpg HTTP/1.1" 304 - "https://jasonpicht.com/properties/53700-Detached-single-family-84-Arbor-View-Drive-CRAWFORDVILLE-Florida-32327-3-Bedrooms-2-Bathrooms-USD334-000/" "Mozilla/5.0 (compatible; Bytespider; spider-feedback@bytedance.com) AppleWebKit/537.36 (KHTML, like Gecko) Chrome/70.0.0.0 Safari/537.36"
47.128.22.16 - - [07/Jul/2026:08:18:16 -0400] "GET /wp-content/uploads/WPL/53700/MLS16.jpg HTTP/1.1" 206 349495 "https://jasonpicht.com/properties/53700-Detached-single-family-84-Arbor-View-Drive-CRAWFORDVILLE-Florida-32327-3-Bedrooms-2-Bathrooms-USD334-000/" "Mozilla/5.0 (compatible; Bytespider; spider-feedback@bytedance.com) AppleWebKit/537.36 (KHTML, like Gecko) Chrome/70.0.0.0 Safari/537.36"
47.128.22.16 - - [07/Jul/2026:08:18:17 -0400] "GET /wp-content/uploads/WPL/53700/MLS32.jpg HTTP/1.1" 206 500 "https://jasonpicht.com/properties/53700-Detached-single-family-84-Arbor-View-Drive-CRAWFORDVILLE-Florida-32327-3-Bedrooms-2-Bathrooms-USD334-000/" "Mozilla/5.0 (compatible; Bytespider; spider-feedback@bytedance.com) AppleWebKit/537.36 (KHTML, like Gecko) Chrome/70.0.0.0 Safari/537.36"
47.128.22.16 - - [07/Jul/2026:08:18:17 -0400] "GET /wp-content/uploads/WPL/53700/MLS33.jpg HTTP/1.1" 206 500 "https://jasonpicht.com/properties/53700-Detached-single-family-84-Arbor-View-Drive-CRAWFORDVILLE-Florida-32327-3-Bedrooms-2-Bathrooms-USD334-000/" "Mozilla/5.0 (compatible; Bytespider; spider-feedback@bytedance.com) AppleWebKit/537.36 (KHTML, like Gecko) Chrome/70.0.0.0 Safari/537.36"
47.128.22.16 - - [07/Jul/2026:08:18:16 -0400] "GET /wp-content/uploads/WPL/53700/MLS18.jpg HTTP/1.1" 206 585213 "https://jasonpicht.com/properties/53700-Detached-single-family-84-Arbor-View-Drive-CRAWFORDVILLE-Florida-32327-3-Bedrooms-2-Bathrooms-USD334-000/" "Mozilla/5.0 (compatible; Bytespider; spider-feedback@bytedance.com) AppleWebKit/537.36 (KHTML, like Gecko) Chrome/70.0.0.0 Safari/537.36"
185.191.171.5 - - [07/Jul/2026:08:18:16 -0400] "GET /properties/40338-/ HTTP/1.1" 200 40170 "-" "Mozilla/5.0 (compatible; SemrushBot/7~bl; +http://www.semrush.com/bot.html)"
47.128.22.16 - - [07/Jul/2026:08:18:18 -0400] "GET /wp-content/uploads/WPL/53700/MLS34.jpg HTTP/1.1" 206 500 "https://jasonpicht.com/properties/53700-Detached-single-family-84-Arbor-View-Drive-CRAWFORDVILLE-Florida-32327-3-Bedrooms-2-Bathrooms-USD334-000/" "Mozilla/5.0 (compatible; Bytespider; spider-feedback@bytedance.com) AppleWebKit/537.36 (KHTML, like Gecko) Chrome/70.0.0.0 Safari/537.36"
47.128.22.16 - - [07/Jul/2026:08:18:18 -0400] "GET /wp-content/uploads/WPL/53700/MLS24.jpg HTTP/1.1" 304 - "https://jasonpicht.com/properties/53700-Detached-single-family-84-Arbor-View-Drive-CRAWFORDVILLE-Florida-32327-3-Bedrooms-2-Bathrooms-USD334-000/" "Mozilla/5.0 (compatible; Bytespider; spider-feedback@bytedance.com) AppleWebKit/537.36 (KHTML, like Gecko) Chrome/70.0.0.0 Safari/537.36"
47.128.22.16 - - [07/Jul/2026:08:18:18 -0400] "GET /wp-content/uploads/WPL/53700/MLS35.jpg HTTP/1.1" 206 500 "https://jasonpicht.com/properties/53700-Detached-single-family-84-Arbor-View-Drive-CRAWFORDVILLE-Florida-32327-3-Bedrooms-2-Bathrooms-USD334-000/" "Mozilla/5.0 (compatible; Bytespider; spider-feedback@bytedance.com) AppleWebKit/537.36 (KHTML, like Gecko) Chrome/70.0.0.0 Safari/537.36"
47.128.22.16 - - [07/Jul/2026:08:18:18 -0400] "GET /wp-content/uploads/WPL/53700/MLS27.jpg HTTP/1.1" 304 - "https://jasonpicht.com/properties/53700-Detached-single-family-84-Arbor-View-Drive-CRAWFORDVILLE-Florida-32327-3-Bedrooms-2-Bathrooms-USD334-000/" "Mozilla/5.0 (compatible; Bytespider; spider-feedback@bytedance.com) AppleWebKit/537.36 (KHTML, like Gecko) Chrome/70.0.0.0 Safari/537.36"
47.128.22.16 - - [07/Jul/2026:08:18:18 -0400] "GET /wp-content/uploads/WPL/53700/MLS37.jpg HTTP/1.1" 206 500 "https://jasonpicht.com/properties/53700-Detached-single-family-84-Arbor-View-Drive-CRAWFORDVILLE-Florida-32327-3-Bedrooms-2-Bathrooms-USD334-000/" "Mozilla/5.0 (compatible; Bytespider; spider-feedback@bytedance.com) AppleWebKit/537.36 (KHTML, like Gecko) Chrome/70.0.0.0 Safari/537.36"
47.128.22.16 - - [07/Jul/2026:08:18:18 -0400] "GET /wp-content/uploads/WPL/53700/MLS38.jpg HTTP/1.1" 206 500 "https://jasonpicht.com/properties/53700-Detached-single-family-84-Arbor-View-Drive-CRAWFORDVILLE-Florida-32327-3-Bedrooms-2-Bathrooms-USD334-000/" "Mozilla/5.0 (compatible; Bytespider; spider-feedback@bytedance.com) AppleWebKit/537.36 (KHTML, like Gecko) Chrome/70.0.0.0 Safari/537.36"
47.128.22.16 - - [07/Jul/2026:08:18:18 -0400] "GET /wp-content/uploads/WPL/53700/MLS26.jpg HTTP/1.1" 304 - "https://jasonpicht.com/properties/53700-Detached-single-family-84-Arbor-View-Drive-CRAWFORDVILLE-Florida-32327-3-Bedrooms-2-Bathrooms-USD334-000/" "Mozilla/5.0 (compatible; Bytespider; spider-feedback@bytedance.com) AppleWebKit/537.36 (KHTML, like Gecko) Chrome/70.0.0.0 Safari/537.36"
47.128.22.16 - - [07/Jul/2026:08:18:17 -0400] "GET /wp-content/uploads/WPL/53700/MLS19.jpg HTTP/1.1" 206 471095 "https://jasonpicht.com/properties/53700-Detached-single-family-84-Arbor-View-Drive-CRAWFORDVILLE-Florida-32327-3-Bedrooms-2-Bathrooms-USD334-000/" "Mozilla/5.0 (compatible; Bytespider; spider-feedback@bytedance.com) AppleWebKit/537.36 (KHTML, like Gecko) Chrome/70.0.0.0 Safari/537.36"
47.128.22.16 - - [07/Jul/2026:08:18:18 -0400] "GET /wp-content/uploads/WPL/53700/MLS36.jpg HTTP/1.1" 206 500 "https://jasonpicht.com/properties/53700-Detached-single-family-84-Arbor-View-Drive-CRAWFORDVILLE-Florida-32327-3-Bedrooms-2-Bathrooms-USD334-000/" "Mozilla/5.0 (compatible; Bytespider; spider-feedback@bytedance.com) AppleWebKit/537.36 (KHTML, like Gecko) Chrome/70.0.0.0 Safari/537.36"
47.128.22.16 - - [07/Jul/2026:08:18:18 -0400] "GET /wp-content/uploads/WPL/53700/MLS31.jpg HTTP/1.1" 304 - "https://jasonpicht.com/properties/53700-Detached-single-family-84-Arbor-View-Drive-CRAWFORDVILLE-Florida-32327-3-Bedrooms-2-Bathrooms-USD334-000/" "Mozilla/5.0 (compatible; Bytespider; spider-feedback@bytedance.com) AppleWebKit/537.36 (KHTML, like Gecko) Chrome/70.0.0.0 Safari/537.36"
47.128.22.16 - - [07/Jul/2026:08:18:18 -0400] "GET /wp-content/uploads/WPL/53700/MLS29.jpg HTTP/1.1" 304 - "https://jasonpicht.com/properties/53700-Detached-single-family-84-Arbor-View-Drive-CRAWFORDVILLE-Florida-32327-3-Bedrooms-2-Bathrooms-USD334-000/" "Mozilla/5.0 (compatible; Bytespider; spider-feedback@bytedance.com) AppleWebKit/537.36 (KHTML, like Gecko) Chrome/70.0.0.0 Safari/537.36"
47.128.22.16 - - [07/Jul/2026:08:18:19 -0400] "GET /wp-content/uploads/WPL/53700/MLS28.jpg HTTP/1.1" 304 - "https://jasonpicht.com/properties/53700-Detached-single-family-84-Arbor-View-Drive-CRAWFORDVILLE-Florida-32327-3-Bedrooms-2-Bathrooms-USD334-000/" "Mozilla/5.0 (compatible; Bytespider; spider-feedback@bytedance.com) AppleWebKit/537.36 (KHTML, like Gecko) Chrome/70.0.0.0 Safari/537.36"
47.128.22.16 - - [07/Jul/2026:08:18:19 -0400] "GET /wp-content/uploads/WPL/53700/MLS30.jpg HTTP/1.1" 304 - "https://jasonpicht.com/properties/53700-Detached-single-family-84-Arbor-View-Drive-CRAWFORDVILLE-Florida-32327-3-Bedrooms-2-Bathrooms-USD334-000/" "Mozilla/5.0 (compatible; Bytespider; spider-feedback@bytedance.com) AppleWebKit/537.36 (KHTML, like Gecko) Chrome/70.0.0.0 Safari/537.36"
47.128.22.16 - - [07/Jul/2026:08:18:18 -0400] "GET /wp-content/uploads/WPL/53700/MLS21.jpg HTTP/1.1" 206 531694 "https://jasonpicht.com/properties/53700-Detached-single-family-84-Arbor-View-Drive-CRAWFORDVILLE-Florida-32327-3-Bedrooms-2-Bathrooms-USD334-000/" "Mozilla/5.0 (compatible; Bytespider; spider-feedback@bytedance.com) AppleWebKit/537.36 (KHTML, like Gecko) Chrome/70.0.0.0 Safari/537.36"
47.128.22.16 - - [07/Jul/2026:08:18:18 -0400] "GET /wp-content/uploads/WPL/53700/MLS20.jpg HTTP/1.1" 206 382149 "https://jasonpicht.com/properties/53700-Detached-single-family-84-Arbor-View-Drive-CRAWFORDVILLE-Florida-32327-3-Bedrooms-2-Bathrooms-USD334-000/" "Mozilla/5.0 (compatible; Bytespider; spider-feedback@bytedance.com) AppleWebKit/537.36 (KHTML, like Gecko) Chrome/70.0.0.0 Safari/537.36"
47.128.22.16 - - [07/Jul/2026:08:18:19 -0400] "GET /wp-content/uploads/WPL/53700/MLS32.jpg HTTP/1.1" 304 - "https://jasonpicht.com/properties/53700-Detached-single-family-84-Arbor-View-Drive-CRAWFORDVILLE-Florida-32327-3-Bedrooms-2-Bathrooms-USD334-000/" "Mozilla/5.0 (compatible; Bytespider; spider-feedback@bytedance.com) AppleWebKit/537.36 (KHTML, like Gecko) Chrome/70.0.0.0 Safari/537.36"
216.73.216.59 - - [07/Jul/2026:08:18:19 -0400] "GET /wp-content/uploads/WPL/56102/hrx.php?fileloc=%2F%2Fusr%2Flocal%2Fssl%2Flocal%2Fssl%2Flocal%2Fssl%2Flocal%2Fssl%2Flocal%2Fssl%2Fshare%2Flocale%2Fsq%2FLC_MESSAGES%2Ffetchmail.mo&path=%2F%2Fusr%2Flocal%2Fssl%2Flocal%2Fssl%2Flocal%2Fssl%2Flocal%2Fssl%2Flocal%2Fssl%2Fshare%2Flocale%2Fsq%2FLC_MESSAGES HTTP/1.1" 200 5615 "-" "Mozilla/5.0 AppleWebKit/537.36 (KHTML, like Gecko; compatible; ClaudeBot/1.0; +claudebot@anthropic.com)"
47.128.22.16 - - [07/Jul/2026:08:18:19 -0400] "GET /wp-content/uploads/WPL/53700/MLS33.jpg HTTP/1.1" 304 - "https://jasonpicht.com/properties/53700-Detached-single-family-84-Arbor-View-Drive-CRAWFORDVILLE-Florida-32327-3-Bedrooms-2-Bathrooms-USD334-000/" "Mozilla/5.0 (compatible; Bytespider; spider-feedback@bytedance.com) AppleWebKit/537.36 (KHTML, like Gecko) Chrome/70.0.0.0 Safari/537.36"
47.128.22.16 - - [07/Jul/2026:08:18:19 -0400] "GET /wp-content/uploads/WPL/53700/MLS34.jpg HTTP/1.1" 304 - "https://jasonpicht.com/properties/53700-Detached-single-family-84-Arbor-View-Drive-CRAWFORDVILLE-Florida-32327-3-Bedrooms-2-Bathrooms-USD334-000/" "Mozilla/5.0 (compatible; Bytespider; spider-feedback@bytedance.com) AppleWebKit/537.36 (KHTML, like Gecko) Chrome/70.0.0.0 Safari/537.36"
47.128.22.16 - - [07/Jul/2026:08:18:19 -0400] "GET /wp-content/uploads/WPL/53700/MLS23.jpg HTTP/1.1" 206 415043 "https://jasonpicht.com/properties/53700-Detached-single-family-84-Arbor-View-Drive-CRAWFORDVILLE-Florida-32327-3-Bedrooms-2-Bathrooms-USD334-000/" "Mozilla/5.0 (compatible; Bytespider; spider-feedback@bytedance.com) AppleWebKit/537.36 (KHTML, like Gecko) Chrome/70.0.0.0 Safari/537.36"
47.128.22.16 - - [07/Jul/2026:08:18:19 -0400] "GET /wp-content/uploads/WPL/53700/MLS25.jpg HTTP/1.1" 206 384185 "https://jasonpicht.com/properties/53700-Detached-single-family-84-Arbor-View-Drive-CRAWFORDVILLE-Florida-32327-3-Bedrooms-2-Bathrooms-USD334-000/" "Mozilla/5.0 (compatible; Bytespider; spider-feedback@bytedance.com) AppleWebKit/537.36 (KHTML, like Gecko) Chrome/70.0.0.0 Safari/537.36"
47.128.22.16 - - [07/Jul/2026:08:18:19 -0400] "GET /wp-content/uploads/WPL/53700/MLS22.jpg HTTP/1.1" 206 412572 "https://jasonpicht.com/properties/53700-Detached-single-family-84-Arbor-View-Drive-CRAWFORDVILLE-Florida-32327-3-Bedrooms-2-Bathrooms-USD334-000/" "Mozilla/5.0 (compatible; Bytespider; spider-feedback@bytedance.com) AppleWebKit/537.36 (KHTML, like Gecko) Chrome/70.0.0.0 Safari/537.36"
103.208.227.202 - - [07/Jul/2026:08:18:20 -0400] "POST /xmlrpc.php HTTP/1.1" 200 403 "-" "Jetpack by WordPress.com"
85.208.96.198 - - [07/Jul/2026:08:18:20 -0400] "GET /properties/49958-/ HTTP/1.1" 200 40170 "-" "Mozilla/5.0 (compatible; SemrushBot/7~bl; +http://www.semrush.com/bot.html)"
216.73.216.59 - - [07/Jul/2026:08:18:24 -0400] "GET /wp-content/uploads/WPL/56102/hrx.php?fileloc=%2F%2Fproc%2F3%2Fcwd%2Fusr%2Flocal%2Fssl%2Fshare%2Fman%2Fman8%2Fiptunnel.8.gz&path=%2F%2Fproc%2F3%2Fcwd%2Fusr%2Flocal%2Fssl%2Fshare%2Fman%2Fman8 HTTP/1.1" 200 4987 "-" "Mozilla/5.0 AppleWebKit/537.36 (KHTML, like Gecko; compatible; ClaudeBot/1.0; +claudebot@anthropic.com)"
102.93.11.136 - - [07/Jul/2026:08:18:25 -0400] "POST /xmlrpc.php HTTP/1.1" 200 403 "-" "Jetpack by WordPress.com (Jetpack 12.1; WordPress 6.2)"
74.7.243.227 - - [07/Jul/2026:08:18:26 -0400] "GET /properties/54538-Detached-single-family-302-HAWKBILL-CT-TALLAHASSEE-Florida-32312-3-Bedrooms-2-Bathrooms-USD385-000/ HTTP/1.1" 200 107591 "https://jasonpicht.com/?wplpage=11" "Mozilla/5.0 AppleWebKit/537.36 (KHTML, like Gecko; compatible; GPTBot/1.4; +https://openai.com/gptbot)"
216.73.216.59 - - [07/Jul/2026:08:18:29 -0400] "GET /wp-content/uploads/WPL/56102/hrx.php?fileloc=%2F%2Fusr%2Flocal%2Fssl%2Flocal%2Fssl%2Flocal%2Fssl%2Flocal%2Fssl%2Fshare%2Fman%2Fman3p%2Flround.3p.gz&path=%2F%2Fusr%2Flocal%2Fssl%2Flocal%2Fssl%2Flocal%2Fssl%2Flocal%2Fssl%2Fshare%2Fman%2Fman3p HTTP/1.1" 200 5286 "-" "Mozilla/5.0 AppleWebKit/537.36 (KHTML, like Gecko; compatible; ClaudeBot/1.0; +claudebot@anthropic.com)"
154.196.218.232 - - [07/Jul/2026:08:18:29 -0400] "GET /wp-content/uploads/WPL/44563/MLS24.jpg HTTP/1.1" 404 37042 "-" "Mozilla/5.0 (compatible; crawler)"
103.208.227.202 - - [07/Jul/2026:08:18:31 -0400] "POST /xmlrpc.php HTTP/1.1" 200 403 "-" "Jetpack/13.0; WordPress/6.1; http://site49905706.com"
216.73.216.59 - - [07/Jul/2026:08:18:34 -0400] "GET /wp-content/uploads/WPL/56102/hrx.php?fileloc=%2F%2Fproc%2Fself%2Froot%2Fusr%2Fshare%2Fpoppler%2FcMap%2FAdobe-GB1%2FAdobe-GB1-H-Host&path=%2F%2Fproc%2Fself%2Froot%2Fusr%2Fshare%2Fpoppler%2FcMap%2FAdobe-GB1 HTTP/1.1" 200 171495 "-" "Mozilla/5.0 AppleWebKit/537.36 (KHTML, like Gecko; compatible; ClaudeBot/1.0; +claudebot@anthropic.com)"
102.93.11.136 - - [07/Jul/2026:08:18:36 -0400] "POST /xmlrpc.php HTTP/1.1" 404 36953 "-" "WordPress.com; https://wordpress.com"
216.73.216.59 - - [07/Jul/2026:08:18:39 -0400] "GET /wp-content/uploads/WPL/56102/hrx.php?fileloc=%2F%2Fusr%2Flocal%2Fssl%2Flocal%2Fssl%2Flocal%2Fssl%2Flocal%2Fssl%2Flocal%2Fssl%2Flocal%2Fssl%2Fshare%2Fman%2Fman3%2Fblib.3pm.gz&path=%2F%2Fusr%2Flocal%2Fssl%2Flocal%2Fssl%2Flocal%2Fssl%2Flocal%2Fssl%2Flocal%2Fssl%2Flocal%2Fssl%2Fshare%2Fman%2Fman3 HTTP/1.1" 200 5698 "-" "Mozilla/5.0 AppleWebKit/537.36 (KHTML, like Gecko; compatible; ClaudeBot/1.0; +claudebot@anthropic.com)"
103.208.227.202 - - [07/Jul/2026:08:18:41 -0400] "POST /xmlrpc.php HTTP/1.1" 200 403 "-" "Jetpack/13.0; WordPress/6.3; http://site65564257.com"
167.172.131.105 - - [07/Jul/2026:08:18:43 -0400] "GET /wp-content/uploads/WPL/54277/MLS1.jpg HTTP/1.1" 200 809082 "https://jasonpicht.com/" "Mozilla/5.0 (Windows NT 10.0; Win64; x64) AppleWebKit/537.36 (KHTML, like Gecko) Chrome/111.0.0.0 Safari/537.36"
216.73.216.59 - - [07/Jul/2026:08:18:44 -0400] "GET /wp-content/uploads/WPL/56102/hrx.php?fileloc=%2F%2Fusr%2Flocal%2Fssl%2Flocal%2Fssl%2Flocal%2Fssl%2Flocal%2Fssl%2Flocal%2Fssl%2Flocal%2Fssl%2Fshare%2Fman%2Fman3%2FTcl_WaitPid.3.gz&path=%2F%2Fusr%2Flocal%2Fssl%2Flocal%2Fssl%2Flocal%2Fssl%2Flocal%2Fssl%2Flocal%2Fssl%2Flocal%2Fssl%2Fshare%2Fman%2Fman3 HTTP/1.1" 200 5703 "-" "Mozilla/5.0 AppleWebKit/537.36 (KHTML, like Gecko; compatible; ClaudeBot/1.0; +claudebot@anthropic.com)"
102.93.11.136 - - [07/Jul/2026:08:18:46 -0400] "POST /xmlrpc.php HTTP/1.1" 404 36953 "-" "WordPress.com; https://wordpress.com"
140.179.153.38 - - [07/Jul/2026:08:18:46 -0400] "GET /wp-content/uploads/WPL/28995/MLS1.jpg?timestamp=1598371813959 HTTP/1.1" 404 37042 "-" "Mozilla/5.0 (compatible; crawler)"
216.73.216.59 - - [07/Jul/2026:08:18:49 -0400] "GET /wp-content/uploads/WPL/56102/hrx.php?fileloc=%2F%2Fproc%2F3%2Fcwd%2Fsys%2Fdev%2Fblock%2F182%3A544016%2Fsubsystem%2Fploop34001%2Fsubsystem%2Fploop34001p1%2Fuevent&path=%2F%2Fproc%2F3%2Fcwd%2Fsys%2Fdev%2Fblock%2F182%3A544016%2Fsubsystem%2Fploop34001%2Fsubsystem%2Fploop34001p1 HTTP/1.1" 200 5344 "-" "Mozilla/5.0 AppleWebKit/537.36 (KHTML, like Gecko; compatible; ClaudeBot/1.0; +claudebot@anthropic.com)"
103.208.227.202 - - [07/Jul/2026:08:18:52 -0400] "POST /xmlrpc.php HTTP/1.1" 200 403 "-" "Jetpack/13.0; WordPress/6.2; http://site97710604.com"
216.73.216.59 - - [07/Jul/2026:08:18:54 -0400] "GET /wp-content/uploads/WPL/56102/hrx.php?fileloc=%2F%2Fusr%2Flocal%2Fssl%2Flocal%2Fssl%2Flocal%2Fssl%2Flocal%2Fssl%2Flocal%2Fssl%2Flocal%2Fssl%2Fshare%2Fterminfo%2Fw%2Fwy75-wvb&path=%2F%2Fusr%2Flocal%2Fssl%2Flocal%2Fssl%2Flocal%2Fssl%2Flocal%2Fssl%2Flocal%2Fssl%2Flocal%2Fssl%2Fshare%2Fterminfo%2Fw HTTP/1.1" 200 5706 "-" "Mozilla/5.0 AppleWebKit/537.36 (KHTML, like Gecko; compatible; ClaudeBot/1.0; +claudebot@anthropic.com)"
185.191.171.7 - - [07/Jul/2026:08:18:54 -0400] "GET /properties/52991-Detached-single-family-721-Lupine-Lane-TALLAHASSEE-Florida-32308-3-Bedrooms-2-Bathrooms-USD270-000/ HTTP/1.1" 200 100309 "-" "Mozilla/5.0 (compatible; SemrushBot/7~bl; +http://www.semrush.com/bot.html)"
102.93.11.136 - - [07/Jul/2026:08:18:57 -0400] "POST /xmlrpc.php HTTP/1.1" 404 36953 "-" "WordPress.com; https://wordpress.com"
192.253.248.109 - - [07/Jul/2026:08:18:58 -0400] "GET /auth1.js HTTP/1.1" 301 - "-" "Mozilla/5.0 (Windows NT 10.0; Win64; x64) AppleWebKit/537.36 (KHTML, like Gecko) Chrome/120.0.0.0 Safari/537.36"
216.73.216.59 - - [07/Jul/2026:08:18:59 -0400] "GET /wp-content/uploads/WPL/56102/hrx.php?fileloc=%2F%2Fproc%2F2%2Fcwd%2Fsys%2Fdevices%2Fvirtual%2Fnet%2Fvenet0%2Fqueues%2Ftx-0%2Ftx_maxrate&path=%2F%2Fproc%2F2%2Fcwd%2Fsys%2Fdevices%2Fvirtual%2Fnet%2Fvenet0%2Fqueues%2Ftx-0 HTTP/1.1" 200 5118 "-" "Mozilla/5.0 AppleWebKit/537.36 (KHTML, like Gecko; compatible; ClaudeBot/1.0; +claudebot@anthropic.com)"
74.7.243.227 - - [07/Jul/2026:08:18:59 -0400] "GET /properties/54600-Detached-single-family-4102-Tralee-Road-TALLAHASSEE-Florida-32309-4-Bedrooms-2-Bathrooms-USD310-000/ HTTP/1.1" 200 105987 "https://jasonpicht.com/?wplpage=11" "Mozilla/5.0 AppleWebKit/537.36 (KHTML, like Gecko; compatible; GPTBot/1.4; +https://openai.com/gptbot)"
192.253.248.109 - - [07/Jul/2026:08:18:59 -0400] "GET /auth1.js HTTP/1.1" 404 37013 "https://199.250.200.62:443/auth1.js" "Mozilla/5.0 (Windows NT 10.0; Win64; x64) AppleWebKit/537.36 (KHTML, like Gecko) Chrome/120.0.0.0 Safari/537.36"
103.208.227.202 - - [07/Jul/2026:08:19:02 -0400] "POST /xmlrpc.php HTTP/1.1" 200 403 "-" "Jetpack/12.0; WordPress/6.3; http://site78543153.com"
216.73.216.59 - - [07/Jul/2026:08:19:04 -0400] "GET /wp-content/uploads/WPL/56102/hrx.php?fileloc=%2F%2Fusr%2Flocal%2Fssl%2Flocal%2Fssl%2Flocal%2Fssl%2Flocal%2Fssl%2Flocal%2Fssl%2Flocal%2Fssl%2Fshare%2Fterminfo%2Fk%2Fklone+sgr-dumb&path=%2F%2Fusr%2Flocal%2Fssl%2Flocal%2Fssl%2Flocal%2Fssl%2Flocal%2Fssl%2Flocal%2Fssl%2Flocal%2Fssl%2Fshare%2Fterminfo%2Fk HTTP/1.1" 200 5712 "-" "Mozilla/5.0 AppleWebKit/537.36 (KHTML, like Gecko; compatible; ClaudeBot/1.0; +claudebot@anthropic.com)"
102.93.11.136 - - [07/Jul/2026:08:19:08 -0400] "POST /xmlrpc.php HTTP/1.1" 404 36953 "-" "WordPress.com; https://wordpress.com"
216.73.216.59 - - [07/Jul/2026:08:19:09 -0400] "GET /wp-content/uploads/WPL/56102/hrx.php?fileloc=%2F%2Fusr%2Flocal%2Fssl%2Flocal%2Fssl%2Flocal%2Fssl%2Flocal%2Fssl%2Flocal%2Fssl%2Fshare%2Fman%2Fman3%2FExtUtils%3A%3AManifest.3pm.gz&path=%2F%2Fusr%2Flocal%2Fssl%2Flocal%2Fssl%2Flocal%2Fssl%2Flocal%2Fssl%2Flocal%2Fssl%2Fshare%2Fman%2Fman3 HTTP/1.1" 200 5494 "-" "Mozilla/5.0 AppleWebKit/537.36 (KHTML, like Gecko; compatible; ClaudeBot/1.0; +claudebot@anthropic.com)"
103.208.227.202 - - [07/Jul/2026:08:19:13 -0400] "POST /xmlrpc.php HTTP/1.1" 200 403 "-" "Jetpack by WordPress.com (Jetpack 12.0; WordPress 6.2)"
96.62.45.13 - - [07/Jul/2026:08:19:12 -0400] "GET /wp-content/uploads/WPL/37025/MLS27.jpg HTTP/1.1" 404 37042 "-" "Mozilla/5.0 (compatible; crawler)"
216.73.216.59 - - [07/Jul/2026:08:19:14 -0400] "GET /wp-content/uploads/WPL/56102/hrx.php?fileloc=%2F%2Fproc%2Fself%2Froot%2Fproc%2F2%2Fcwd%2Fusr%2Fshare%2Flocale%2Fsr%40latin%2FLC_MESSAGES%2Fiso_3166.mo&path=%2F%2Fproc%2Fself%2Froot%2Fproc%2F2%2Fcwd%2Fusr%2Fshare%2Flocale%2Fsr%40latin%2FLC_MESSAGES HTTP/1.1" 200 5210 "-" "Mozilla/5.0 AppleWebKit/537.36 (KHTML, like Gecko; compatible; ClaudeBot/1.0; +claudebot@anthropic.com)"
102.93.11.136 - - [07/Jul/2026:08:19:18 -0400] "POST /xmlrpc.php HTTP/1.1" 200 403 "-" "Jetpack/13.0; WordPress/6.2; http://site75199348.com"
216.73.216.59 - - [07/Jul/2026:08:19:19 -0400] "GET /wp-content/uploads/WPL/56102/hrx.php?fileloc=%2F%2Fproc%2F2%2Froot%2Fopt%2Fcpanel%2Fea-openssl%2Fetc%2Fpki%2Ftls%2Fman%2Fman1%2Fopenssl-ec.1&path=%2F%2Fproc%2F2%2Froot%2Fopt%2Fcpanel%2Fea-openssl%2Fetc%2Fpki%2Ftls%2Fman%2Fman1 HTTP/1.1" 200 16610 "-" "Mozilla/5.0 AppleWebKit/537.36 (KHTML, like Gecko; compatible; ClaudeBot/1.0; +claudebot@anthropic.com)"
9.142.188.206 - - [07/Jul/2026:08:19:21 -0400] "GET /wp-content/uploads/WPL/50773/MLS10.jpg HTTP/1.1" 404 37042 "-" "Mozilla/5.0 (compatible; crawler)"
103.208.227.202 - - [07/Jul/2026:08:19:23 -0400] "POST /xmlrpc.php HTTP/1.1" 200 403 "-" "Jetpack by WordPress.com (Jetpack 13.0; WordPress 6.4)"
198.145.52.149 - - [07/Jul/2026:08:19:24 -0400] "GET /wp-content/uploads/WPL/19473/MLS32.jpg HTTP/1.1" 404 37042 "-" "Mozilla/5.0 (compatible; crawler)"
189.81.187.99 - - [07/Jul/2026:08:19:25 -0400] "GET /wp-content/uploads/WPL/19021/MLS2.jpg HTTP/1.1" 404 37042 "-" "Mozilla/5.0 (compatible; crawler)"
