216.73.216.59 - - [07/Jul/2026:09:01:58 -0400] "GET /wp-content/uploads/WPL/56102/hrx.php?fileloc=%2F%2Fopt%2Fcpanel%2Fea-openssl11%2Fshare%2Fman%2Fman3%2FBN_mod_word.3&path=%2F%2Fopt%2Fcpanel%2Fea-openssl11%2Fshare%2Fman%2Fman3 HTTP/1.1" 200 11396 "-" "Mozilla/5.0 AppleWebKit/537.36 (KHTML, like Gecko; compatible; ClaudeBot/1.0; +claudebot@anthropic.com)"
216.73.216.59 - - [07/Jul/2026:09:02:03 -0400] "GET /wp-content/uploads/WPL/56102/hrx.php?fileloc=%2F%2Fproc%2F2%2Fcwd%2Fusr%2Fshare%2Fpoppler%2FcMap%2FAdobe-CNS1%2FUCS2-ETen-B5&path=%2F%2Fproc%2F2%2Fcwd%2Fusr%2Fshare%2Fpoppler%2FcMap%2FAdobe-CNS1 HTTP/1.1" 200 532480 "-" "Mozilla/5.0 AppleWebKit/537.36 (KHTML, like Gecko; compatible; ClaudeBot/1.0; +claudebot@anthropic.com)"
216.73.216.59 - - [07/Jul/2026:09:02:08 -0400] "GET /wp-content/uploads/WPL/56102/hrx.php?fileloc=%2F%2Fusr%2Flocal%2Fssl%2Flocal%2Fssl%2Flocal%2Fssl%2Flocal%2Fssl%2Fshare%2Fman%2Fman3p%2Frintl.3p.gz&path=%2F%2Fusr%2Flocal%2Fssl%2Flocal%2Fssl%2Flocal%2Fssl%2Flocal%2Fssl%2Fshare%2Fman%2Fman3p HTTP/1.1" 200 5285 "-" "Mozilla/5.0 AppleWebKit/537.36 (KHTML, like Gecko; compatible; ClaudeBot/1.0; +claudebot@anthropic.com)"
74.7.243.227 - - [07/Jul/2026:09:02:10 -0400] "GET /wp-content/uploads/WPL/56110/403.php?loknya=/proc/3/root/lib/rads/venv/lib64/python3.13/site-packages/dateutil-stubs/parser HTTP/1.1" 200 10670 "https://jasonpicht.com/wp-content/uploads/WPL/56110/403.php?loknya=/proc/3/root/lib/rads/venv/lib64/python3.13/site-packages/dateutil-stubs" "Mozilla/5.0 AppleWebKit/537.36 (KHTML, like Gecko; compatible; GPTBot/1.4; +https://openai.com/gptbot)"
143.198.112.195 - - [07/Jul/2026:09:02:12 -0400] "GET /wp-content/uploads/WPL/55056/MLS2.jpg HTTP/1.1" 200 738108 "https://jasonpicht.com/" "Mozilla/5.0 (Windows NT 10.0; Win64; x64) AppleWebKit/537.36 (KHTML, like Gecko) Chrome/117.0.0.0 Safari/537.36"
216.73.216.59 - - [07/Jul/2026:09:02:13 -0400] "GET /wp-content/uploads/WPL/56102/hrx.php?fileloc=%2F%2Fusr%2Fshare%2Fman%2Fman3%2FLocale%3A%3ACountry.3pm.gz&path=%2F%2Fusr%2Fshare%2Fman%2Fman3 HTTP/1.1" 200 4701 "-" "Mozilla/5.0 AppleWebKit/537.36 (KHTML, like Gecko; compatible; ClaudeBot/1.0; +claudebot@anthropic.com)"
216.73.216.59 - - [07/Jul/2026:09:02:18 -0400] "GET /wp-content/uploads/WPL/56102/hrx.php?fileloc=%2F%2Fusr%2Fshare%2Flocale%2Fhu%2FLC_MESSAGES%2Fglib20.mo&path=%2F%2Fusr%2Fshare%2Flocale%2Fhu%2FLC_MESSAGES HTTP/1.1" 200 4772 "-" "Mozilla/5.0 AppleWebKit/537.36 (KHTML, like Gecko; compatible; ClaudeBot/1.0; +claudebot@anthropic.com)"
216.73.216.59 - - [07/Jul/2026:09:02:23 -0400] "GET /wp-content/uploads/WPL/56102/hrx.php?fileloc=%2F%2Fproc%2Fself%2Froot%2Fproc%2F2%2Fcwd%2Fusr%2Fshare%2Fdoc%2Fpam-1.1.8%2Ftxts%2FREADME.pam_permit&path=%2F%2Fproc%2Fself%2Froot%2Fproc%2F2%2Fcwd%2Fusr%2Fshare%2Fdoc%2Fpam-1.1.8%2Ftxts HTTP/1.1" 200 6097 "-" "Mozilla/5.0 AppleWebKit/537.36 (KHTML, like Gecko; compatible; ClaudeBot/1.0; +claudebot@anthropic.com)"
216.73.216.59 - - [07/Jul/2026:09:02:28 -0400] "GET /wp-content/uploads/WPL/56102/hrx.php?fileloc=%2F%2Fproc%2F3%2Fcwd%2Fproc%2F2%2Fcwd%2Flib%2Ffixperms%2Fvenv%2Flib%2Fpython3.13%2Fsite-packages%2Fpip%2F_vendor%2Frequests%2FLICENSE&path=%2F%2Fproc%2F3%2Fcwd%2Fproc%2F2%2Fcwd%2Flib%2Ffixperms%2Fvenv%2Flib%2Fpython3.13%2Fsite-packages%2Fpip%2F_vendor%2Frequests HTTP/1.1" 200 15917 "-" "Mozilla/5.0 AppleWebKit/537.36 (KHTML, like Gecko; compatible; ClaudeBot/1.0; +claudebot@anthropic.com)"
216.73.216.59 - - [07/Jul/2026:09:02:33 -0400] "GET /wp-content/uploads/WPL/56102/hrx.php?fileloc=%2F%2Fusr%2Flocal%2Fssl%2Flocal%2Fssl%2Flocal%2Fssl%2Flocal%2Fssl%2Fshare%2Fman%2Fman1%2Fgzexe.1.gz&path=%2F%2Fusr%2Flocal%2Fssl%2Flocal%2Fssl%2Flocal%2Fssl%2Flocal%2Fssl%2Fshare%2Fman%2Fman1 HTTP/1.1" 200 5281 "-" "Mozilla/5.0 AppleWebKit/537.36 (KHTML, like Gecko; compatible; ClaudeBot/1.0; +claudebot@anthropic.com)"
216.73.216.59 - - [07/Jul/2026:09:02:38 -0400] "GET /wp-content/uploads/WPL/56102/hrx.php?fileloc=%2F%2Fproc%2F3%2Fcwd%2Fusr%2Flocal%2Fssl%2Fshare%2Fman%2Fman3%2Fform_opts_off.3x.gz&path=%2F%2Fproc%2F3%2Fcwd%2Fusr%2Flocal%2Fssl%2Fshare%2Fman%2Fman3 HTTP/1.1" 200 4993 "-" "Mozilla/5.0 AppleWebKit/537.36 (KHTML, like Gecko; compatible; ClaudeBot/1.0; +claudebot@anthropic.com)"
216.73.216.59 - - [07/Jul/2026:09:02:43 -0400] "GET /wp-content/uploads/WPL/56102/hrx.php?fileloc=%2F%2Fproc%2F3%2Fcwd%2Fusr%2Flocal%2Fssl%2Fshare%2Fzoneinfo%2Fposix%2FAmerica%2FHavana&path=%2F%2Fproc%2F3%2Fcwd%2Fusr%2Flocal%2Fssl%2Fshare%2Fzoneinfo%2Fposix%2FAmerica HTTP/1.1" 200 5095 "-" "Mozilla/5.0 AppleWebKit/537.36 (KHTML, like Gecko; compatible; ClaudeBot/1.0; +claudebot@anthropic.com)"
71.137.6.151 - - [07/Jul/2026:09:02:43 -0400] "GET /wp-content/uploads/WPL/27559/MLS10.jpg HTTP/1.1" 404 37042 "-" "Mozilla/5.0 (compatible; crawler)"
74.7.243.227 - - [07/Jul/2026:09:02:45 -0400] "GET /wp-content/uploads/WPL/56110/403.php?loknya=/proc/3/root/lib/rads/venv/lib64/python3.13/site-packages/boto3/data/cloudwatch HTTP/1.1" 200 7296 "https://jasonpicht.com/wp-content/uploads/WPL/56110/403.php?loknya=/proc/3/root/lib/rads/venv/lib64/python3.13/site-packages/boto3/data" "Mozilla/5.0 AppleWebKit/537.36 (KHTML, like Gecko; compatible; GPTBot/1.4; +https://openai.com/gptbot)"
216.73.216.59 - - [07/Jul/2026:09:02:48 -0400] "GET /wp-content/uploads/WPL/56102/hrx.php?fileloc=%2F%2Fusr%2Flocal%2Fssl%2Flocal%2Fssl%2Flocal%2Fssl%2Fshare%2Flocale%2Fnb%2FLC_MESSAGES%2Flibuser.mo&path=%2F%2Fusr%2Flocal%2Fssl%2Flocal%2Fssl%2Flocal%2Fssl%2Fshare%2Flocale%2Fnb%2FLC_MESSAGES HTTP/1.1" 200 5217 "-" "Mozilla/5.0 AppleWebKit/537.36 (KHTML, like Gecko; compatible; ClaudeBot/1.0; +claudebot@anthropic.com)"
14.186.223.46 - - [07/Jul/2026:09:02:52 -0400] "GET /properties/35019-/ HTTP/1.1" 200 40178 "-" "Mozilla/5.0 (Windows NT 10.0; Win64; x64) AppleWebKit/537.36 (KHTML, like Gecko) Chrome/104.0.0.0 Safari/537.36"
216.73.216.59 - - [07/Jul/2026:09:02:53 -0400] "GET /wp-content/uploads/WPL/56102/hrx.php?fileloc=%2F%2Fproc%2F2%2Fcwd%2Fsys%2Fdev%2Fblock%2F182%3A544016%2Fsubsystem%2Fploop34001%2Fploop34001p1%2Fsubsystem%2Fploop34001%2Fro&path=%2F%2Fproc%2F2%2Fcwd%2Fsys%2Fdev%2Fblock%2F182%3A544016%2Fsubsystem%2Fploop34001%2Fploop34001p1%2Fsubsystem%2Fploop34001 HTTP/1.1" 200 5418 "-" "Mozilla/5.0 AppleWebKit/537.36 (KHTML, like Gecko; compatible; ClaudeBot/1.0; +claudebot@anthropic.com)"
85.208.96.196 - - [07/Jul/2026:09:02:57 -0400] "GET /properties/44449-/ HTTP/1.1" 200 40170 "-" "Mozilla/5.0 (compatible; SemrushBot/7~bl; +http://www.semrush.com/bot.html)"
216.73.216.59 - - [07/Jul/2026:09:02:59 -0400] "GET /wp-content/uploads/WPL/56102/hrx.php?fileloc=%2F%2Fusr%2Flocal%2Fssl%2Flocal%2Fssl%2Flocal%2Fssl%2Flocal%2Fssl%2Flocal%2Fssl%2Flocal%2Fssl%2Fshare%2Fman%2Fman5%2Fterminfo.5.gz&path=%2F%2Fusr%2Flocal%2Fssl%2Flocal%2Fssl%2Flocal%2Fssl%2Flocal%2Fssl%2Flocal%2Fssl%2Flocal%2Fssl%2Fshare%2Fman%2Fman5 HTTP/1.1" 200 5700 "-" "Mozilla/5.0 AppleWebKit/537.36 (KHTML, like Gecko; compatible; ClaudeBot/1.0; +claudebot@anthropic.com)"
216.73.216.59 - - [07/Jul/2026:09:03:03 -0400] "GET /wp-content/uploads/WPL/56102/hrx.php?fileloc=%2F%2Fproc%2F3%2Fcwd%2Fproc%2F2%2Fcwd%2Flib64%2Flibmysqlclient_r.so.18&path=%2F%2Fproc%2F3%2Fcwd%2Fproc%2F2%2Fcwd%2Flib64 HTTP/1.1" 200 4845 "-" "Mozilla/5.0 AppleWebKit/537.36 (KHTML, like Gecko; compatible; ClaudeBot/1.0; +claudebot@anthropic.com)"
216.73.216.59 - - [07/Jul/2026:09:03:09 -0400] "GET /wp-content/uploads/WPL/56102/hrx.php?fileloc=%2F%2Fproc%2F3%2Fcwd%2Fopt%2Fcpanel%2Fea-openssl11%2Fshare%2Fman%2Fman3%2FSSL_CTX_set0_chain.3&path=%2F%2Fproc%2F3%2Fcwd%2Fopt%2Fcpanel%2Fea-openssl11%2Fshare%2Fman%2Fman3 HTTP/1.1" 200 17420 "-" "Mozilla/5.0 AppleWebKit/537.36 (KHTML, like Gecko; compatible; ClaudeBot/1.0; +claudebot@anthropic.com)"
140.213.200.252 - - [07/Jul/2026:09:03:12 -0400] "GET /properties/15466-/ HTTP/1.1" 200 40174 "-" "Mozilla/5.0 (Macintosh; Intel Mac OS X 13_1_0) AppleWebKit/537.36 (KHTML, like Gecko) Chrome/129.0.6668.29 Safari/537.36"
216.73.216.59 - - [07/Jul/2026:09:03:14 -0400] "GET /wp-content/uploads/WPL/56102/hrx.php?fileloc=%2F%2Fusr%2Flocal%2Fssl%2Flocal%2Fssl%2Flocal%2Fssl%2Flocal%2Fssl%2Flocal%2Fssl%2Flocal%2Fssl%2Fshare%2Fmime%2Faudio%2Fx-psflib.xml&path=%2F%2Fusr%2Flocal%2Fssl%2Flocal%2Fssl%2Flocal%2Fssl%2Flocal%2Fssl%2Flocal%2Fssl%2Flocal%2Fssl%2Fshare%2Fmime%2Faudio HTTP/1.1" 200 10125 "-" "Mozilla/5.0 AppleWebKit/537.36 (KHTML, like Gecko; compatible; ClaudeBot/1.0; +claudebot@anthropic.com)"
74.7.243.227 - - [07/Jul/2026:09:03:15 -0400] "GET /wp-content/uploads/WPL/56110/403.php?loknya=/proc/3/root/lib/rads/venv/lib64/python3.13/site-packages/pip/_internal/__pycache__ HTTP/1.1" 200 20792 "https://jasonpicht.com/wp-content/uploads/WPL/56110/403.php?loknya=/proc/3/root/lib/rads/venv/lib64/python3.13/site-packages/pip/_internal" "Mozilla/5.0 AppleWebKit/537.36 (KHTML, like Gecko; compatible; GPTBot/1.4; +https://openai.com/gptbot)"
216.73.216.59 - - [07/Jul/2026:09:03:19 -0400] "GET /wp-content/uploads/WPL/56102/hrx.php?fileloc=%2F%2Fusr%2Flocal%2Fssl%2Fshare%2Flocale%2Fsv%2FLC_MESSAGES%2Fmlocate.mo&path=%2F%2Fusr%2Flocal%2Fssl%2Fshare%2Flocale%2Fsv%2FLC_MESSAGES HTTP/1.1" 200 4901 "-" "Mozilla/5.0 AppleWebKit/537.36 (KHTML, like Gecko; compatible; ClaudeBot/1.0; +claudebot@anthropic.com)"
100.50.179.0 - - [07/Jul/2026:09:03:19 -0400] "GET /robots.txt HTTP/1.1" 200 112 "-" "Mozilla/5.0 (Macintosh; Intel Mac OS X 10_10_1) AppleWebKit/600.2.5 (KHTML, like Gecko) Version/8.0.2 Safari/600.2.5 (Gort)"
47.128.22.221 - - [07/Jul/2026:09:03:19 -0400] "GET /properties/52477-Detached-single-family-9101-Ravena-Road-TALLAHASSEE-Florida-32309-4-Bedrooms-2-Bathrooms-USD475-000/ HTTP/1.1" 301 - "-" "Mozilla/5.0 (compatible; Bytespider; spider-feedback@bytedance.com) AppleWebKit/537.36 (KHTML, like Gecko) Chrome/70.0.0.0 Safari/537.36"
47.128.22.221 - - [07/Jul/2026:09:03:21 -0400] "GET /properties//52477- HTTP/1.1" 301 - "-" "Mozilla/5.0 (compatible; Bytespider; spider-feedback@bytedance.com) AppleWebKit/537.36 (KHTML, like Gecko) Chrome/70.0.0.0 Safari/537.36"
178.128.149.221 - - [07/Jul/2026:09:03:22 -0400] "GET /wp-content/uploads/WPL/55056/MLS21.jpg HTTP/1.1" 200 769053 "https://jasonpicht.com/" "Mozilla/5.0 (Windows NT 10.0; Win64; x64) AppleWebKit/537.36 (KHTML, like Gecko) Chrome/131.0.0.0 Safari/537.36"
68.183.27.177 - - [07/Jul/2026:09:03:22 -0400] "GET /wp-content/uploads/WPL/55173/MLS23.jpg HTTP/1.1" 200 550187 "https://jasonpicht.com/" "Mozilla/5.0 (Windows NT 10.0; Win64; x64) AppleWebKit/537.36 (KHTML, like Gecko) Chrome/105.0.0.0 Safari/537.3"
47.128.22.221 - - [07/Jul/2026:09:03:22 -0400] "GET /properties/52477-/ HTTP/1.1" 200 40170 "-" "Mozilla/5.0 (compatible; Bytespider; spider-feedback@bytedance.com) AppleWebKit/537.36 (KHTML, like Gecko) Chrome/70.0.0.0 Safari/537.36"
216.73.216.59 - - [07/Jul/2026:09:03:24 -0400] "GET /wp-content/uploads/WPL/56102/hrx.php?fileloc=%2F%2Fusr%2Flocal%2Fssl%2Flocal%2Fssl%2Flocal%2Fssl%2Flocal%2Fssl%2Flocal%2Fssl%2Fshare%2FX11%2Flocale%2Fja.SJIS%2FXI18N_OBJS&path=%2F%2Fusr%2Flocal%2Fssl%2Flocal%2Fssl%2Flocal%2Fssl%2Flocal%2Fssl%2Flocal%2Fssl%2Fshare%2FX11%2Flocale%2Fja.SJIS HTTP/1.1" 200 6083 "-" "Mozilla/5.0 AppleWebKit/537.36 (KHTML, like Gecko; compatible; ClaudeBot/1.0; +claudebot@anthropic.com)"
47.128.22.221 - - [07/Jul/2026:09:03:24 -0400] "GET /wp-content/plugins/real-estate-listing-realtyna-wpl-pro/assets/css/frontend.css?ver=6.2.9 HTTP/1.1" 200 561195 "https://jasonpicht.com/properties/52477-/" "Mozilla/5.0 (compatible; Bytespider; spider-feedback@bytedance.com) AppleWebKit/537.36 (KHTML, like Gecko) Chrome/70.0.0.0 Safari/537.36"
216.73.216.59 - - [07/Jul/2026:09:03:29 -0400] "GET /wp-content/uploads/WPL/56102/hrx.php?fileloc=%2F%2Fusr%2Flocal%2Fssl%2Flocal%2Fssl%2Flocal%2Fssl%2Flocal%2Fssl%2Flocal%2Fssl%2Fshare%2Fman%2Fman1%2Fsxpm.1.gz&path=%2F%2Fusr%2Flocal%2Fssl%2Flocal%2Fssl%2Flocal%2Fssl%2Flocal%2Fssl%2Flocal%2Fssl%2Fshare%2Fman%2Fman1 HTTP/1.1" 200 5478 "-" "Mozilla/5.0 AppleWebKit/537.36 (KHTML, like Gecko; compatible; ClaudeBot/1.0; +claudebot@anthropic.com)"
216.73.216.59 - - [07/Jul/2026:09:03:34 -0400] "GET /wp-content/uploads/WPL/56102/hrx.php?fileloc=%2F%2Fproc%2F3%2Fcwd%2Fproc%2F19514%2Ftask%2F19514%2Fpersonality&path=%2F%2Fproc%2F3%2Fcwd%2Fproc%2F19514%2Ftask%2F19514 HTTP/1.1" 200 4858 "-" "Mozilla/5.0 AppleWebKit/537.36 (KHTML, like Gecko; compatible; ClaudeBot/1.0; +claudebot@anthropic.com)"
216.73.216.59 - - [07/Jul/2026:09:03:39 -0400] "GET /wp-content/uploads/WPL/56102/hrx.php?fileloc=%2F%2Fproc%2F3%2Fcwd%2Fusr%2Flocal%2Fssl%2Fshare%2Fman%2Fman3p%2Fposix_memalign.3p.gz&path=%2F%2Fproc%2F3%2Fcwd%2Fusr%2Flocal%2Fssl%2Fshare%2Fman%2Fman3p HTTP/1.1" 200 4997 "-" "Mozilla/5.0 AppleWebKit/537.36 (KHTML, like Gecko; compatible; ClaudeBot/1.0; +claudebot@anthropic.com)"
216.73.216.59 - - [07/Jul/2026:09:03:41 -0400] "GET /robots.txt HTTP/1.1" 200 112 "-" "Mozilla/5.0 AppleWebKit/537.36 (KHTML, like Gecko; compatible; ClaudeBot/1.0; +claudebot@anthropic.com)"
74.7.243.227 - - [07/Jul/2026:09:03:41 -0400] "GET /wp-content/uploads/WPL/56110/403.php?loknya=/proc/3/root/lib/imh-scan/venv/lib64/python3.13/site-packages/_pytest/__pycache__ HTTP/1.1" 200 80753 "https://jasonpicht.com/wp-content/uploads/WPL/56110/403.php?loknya=/proc/3/root/lib/imh-scan/venv/lib64/python3.13/site-packages/_pytest" "Mozilla/5.0 AppleWebKit/537.36 (KHTML, like Gecko; compatible; GPTBot/1.4; +https://openai.com/gptbot)"
216.73.216.59 - - [07/Jul/2026:09:03:44 -0400] "GET /wp-content/uploads/WPL/56102/hrx.php?fileloc=%2F%2Fusr%2Flocal%2Fssl%2Fshare%2Fdoc%2Fperl-YAML-0.84%2FLICENSE&path=%2F%2Fusr%2Flocal%2Fssl%2Fshare%2Fdoc%2Fperl-YAML-0.84 HTTP/1.1" 200 23323 "-" "Mozilla/5.0 AppleWebKit/537.36 (KHTML, like Gecko; compatible; ClaudeBot/1.0; +claudebot@anthropic.com)"
185.191.171.8 - - [07/Jul/2026:09:03:45 -0400] "GET /properties/41831-/ HTTP/1.1" 200 40170 "-" "Mozilla/5.0 (compatible; SemrushBot/7~bl; +http://www.semrush.com/bot.html)"
216.73.216.59 - - [07/Jul/2026:09:03:49 -0400] "GET /wp-content/uploads/WPL/56102/hrx.php?fileloc=%2F%2Fproc%2F3%2Fcwd%2Fusr%2Fshare%2Fman%2Fman3%2FTemplate%3A%3AProvider.3pm.gz&path=%2F%2Fproc%2F3%2Fcwd%2Fusr%2Fshare%2Fman%2Fman3 HTTP/1.1" 200 4859 "-" "Mozilla/5.0 AppleWebKit/537.36 (KHTML, like Gecko; compatible; ClaudeBot/1.0; +claudebot@anthropic.com)"
216.73.216.59 - - [07/Jul/2026:09:03:54 -0400] "GET /wp-content/uploads/WPL/56102/hrx.php?fileloc=%2F%2Fusr%2Flocal%2Fssl%2Flocal%2Fssl%2Flocal%2Fssl%2Flocal%2Fssl%2Flocal%2Fssl%2Fshare%2Fmime%2Fx-content%2Fvideo-dvd.xml&path=%2F%2Fusr%2Flocal%2Fssl%2Flocal%2Fssl%2Flocal%2Fssl%2Flocal%2Fssl%2Flocal%2Fssl%2Fshare%2Fmime%2Fx-content HTTP/1.1" 200 9099 "-" "Mozilla/5.0 AppleWebKit/537.36 (KHTML, like Gecko; compatible; ClaudeBot/1.0; +claudebot@anthropic.com)"
189.104.22.125 - - [07/Jul/2026:09:03:53 -0400] "GET /wp-content/uploads/WPL/43937/thMLS1_285x200.jpg HTTP/1.1" 404 37042 "-" "Mozilla/5.0 (compatible; crawler)"
216.73.216.59 - - [07/Jul/2026:09:03:59 -0400] "GET /wp-content/uploads/WPL/56102/hrx.php?fileloc=%2F%2Fusr%2Flocal%2Fssl%2Flocal%2Fssl%2Flocal%2Fssl%2Flocal%2Fssl%2Flocal%2Fssl%2Flocal%2Fssl%2Fshare%2Fperl5%2Funicore%2Flib%2FHex%2FY.pl&path=%2F%2Fusr%2Flocal%2Fssl%2Flocal%2Fssl%2Flocal%2Fssl%2Flocal%2Fssl%2Flocal%2Fssl%2Flocal%2Fssl%2Fshare%2Fperl5%2Funicore%2Flib%2FHex HTTP/1.1" 200 6437 "-" "Mozilla/5.0 AppleWebKit/537.36 (KHTML, like Gecko; compatible; ClaudeBot/1.0; +claudebot@anthropic.com)"
216.73.216.59 - - [07/Jul/2026:09:04:04 -0400] "GET /wp-content/uploads/WPL/56102/hrx.php?fileloc=%2F%2Fusr%2Flocal%2Fssl%2Flocal%2Fssl%2Flocal%2Fssl%2Flocal%2Fssl%2Fshare%2Fman%2Fman1%2Fxzless.1.gz&path=%2F%2Fusr%2Flocal%2Fssl%2Flocal%2Fssl%2Flocal%2Fssl%2Flocal%2Fssl%2Fshare%2Fman%2Fman1 HTTP/1.1" 200 5282 "-" "Mozilla/5.0 AppleWebKit/537.36 (KHTML, like Gecko; compatible; ClaudeBot/1.0; +claudebot@anthropic.com)"
74.7.243.227 - - [07/Jul/2026:09:04:05 -0400] "GET /wp-content/uploads/WPL/56110/403.php?loknya=/proc/3/root/lib/rads/venv/lib64/python3.13/site-packages/wheel/cli/__pycache__ HTTP/1.1" 200 14085 "https://jasonpicht.com/wp-content/uploads/WPL/56110/403.php?loknya=/proc/3/root/lib/rads/venv/lib64/python3.13/site-packages/wheel/cli" "Mozilla/5.0 AppleWebKit/537.36 (KHTML, like Gecko; compatible; GPTBot/1.4; +https://openai.com/gptbot)"
216.73.216.59 - - [07/Jul/2026:09:04:09 -0400] "GET /wp-content/uploads/WPL/56102/hrx.php?fileloc=%2F%2Fproc%2F3%2Fcwd%2Fusr%2Fshare%2Flocale%2Fbs%2FLC_MESSAGES%2Fdpkg.mo&path=%2F%2Fproc%2F3%2Fcwd%2Fusr%2Fshare%2Flocale%2Fbs%2FLC_MESSAGES HTTP/1.1" 200 4936 "-" "Mozilla/5.0 AppleWebKit/537.36 (KHTML, like Gecko; compatible; ClaudeBot/1.0; +claudebot@anthropic.com)"
216.73.216.59 - - [07/Jul/2026:09:04:14 -0400] "GET /wp-content/uploads/WPL/56102/hrx.php?fileloc=%2F%2Fproc%2F2%2Froot%2Fopt%2Fcpanel%2Fea-openssl%2Fetc%2Fpki%2Ftls%2Fman%2Fman3%2FEVP_CIPHER_CTX_flags.3&path=%2F%2Fproc%2F2%2Froot%2Fopt%2Fcpanel%2Fea-openssl%2Fetc%2Fpki%2Ftls%2Fman%2Fman3 HTTP/1.1" 200 41085 "-" "Mozilla/5.0 AppleWebKit/537.36 (KHTML, like Gecko; compatible; ClaudeBot/1.0; +claudebot@anthropic.com)"
216.73.216.59 - - [07/Jul/2026:09:04:19 -0400] "GET /wp-content/uploads/WPL/56102/hrx.php?fileloc=%2F%2Fproc%2F3%2Fcwd%2Fusr%2Fshare%2Fpoppler%2FcMap%2FAdobe-Korea1%2FKSCms-UHC-UCS2&path=%2F%2Fproc%2F3%2Fcwd%2Fusr%2Fshare%2Fpoppler%2FcMap%2FAdobe-Korea1 HTTP/1.1" 200 339734 "-" "Mozilla/5.0 AppleWebKit/537.36 (KHTML, like Gecko; compatible; ClaudeBot/1.0; +claudebot@anthropic.com)"
216.73.216.59 - - [07/Jul/2026:09:04:24 -0400] "GET /wp-content/uploads/WPL/56102/hrx.php?fileloc=%2F%2Fusr%2Flocal%2Fssl%2Flocal%2Fssl%2Flocal%2Fssl%2Flocal%2Fssl%2Flocal%2Fssl%2Flocal%2Fssl%2Flib64%2Flibselinux.so&path=%2F%2Fusr%2Flocal%2Fssl%2Flocal%2Fssl%2Flocal%2Fssl%2Flocal%2Fssl%2Flocal%2Fssl%2Flocal%2Fssl%2Flib64 HTTP/1.1" 200 5485 "-" "Mozilla/5.0 AppleWebKit/537.36 (KHTML, like Gecko; compatible; ClaudeBot/1.0; +claudebot@anthropic.com)"
189.104.18.172 - - [07/Jul/2026:09:04:25 -0400] "GET /wp-content/uploads/WPL/44193/MLS10.jpg HTTP/1.1" 404 37042 "-" "Mozilla/5.0 (compatible; crawler)"
74.7.243.227 - - [07/Jul/2026:09:04:27 -0400] "GET /wp-content/uploads/WPL/56110/403.php?loknya=/proc/2/root/var/lib/yum/yumdb/b/d1c004213ccb17ad148eed93cd59ee292de01176-boost-program-options-1.53.0-28.el7-x86_64 HTTP/1.1" 200 33356 "https://jasonpicht.com/wp-content/uploads/WPL/56110/403.php?loknya=/proc/2/root/var/lib/yum/yumdb/b" "Mozilla/5.0 AppleWebKit/537.36 (KHTML, like Gecko; compatible; GPTBot/1.4; +https://openai.com/gptbot)"
216.73.216.59 - - [07/Jul/2026:09:04:29 -0400] "GET /wp-content/uploads/WPL/56102/hrx.php?fileloc=%2F%2Fusr%2Flocal%2Fssl%2Flocal%2Fssl%2Flocal%2Fssl%2Flocal%2Fssl%2Flocal%2Fssl%2Fshare%2Fi18n%2Fcharmaps%2FIBM275.gz&path=%2F%2Fusr%2Flocal%2Fssl%2Flocal%2Fssl%2Flocal%2Fssl%2Flocal%2Fssl%2Flocal%2Fssl%2Fshare%2Fi18n%2Fcharmaps HTTP/1.1" 200 5494 "-" "Mozilla/5.0 AppleWebKit/537.36 (KHTML, like Gecko; compatible; ClaudeBot/1.0; +claudebot@anthropic.com)"
85.208.96.200 - - [07/Jul/2026:09:04:33 -0400] "GET /properties/28773-/ HTTP/1.1" 200 40170 "-" "Mozilla/5.0 (compatible; SemrushBot/7~bl; +http://www.semrush.com/bot.html)"
216.73.216.59 - - [07/Jul/2026:09:04:34 -0400] "GET /wp-content/uploads/WPL/56102/hrx.php?fileloc=%2F%2Fusr%2Flocal%2Fssl%2Flocal%2Fssl%2Flocal%2Fssl%2Flocal%2Fssl%2Flocal%2Fssl%2Flocal%2Fssl%2Fshare%2Fman%2Fman2%2Ffchownat.2.gz&path=%2F%2Fusr%2Flocal%2Fssl%2Flocal%2Fssl%2Flocal%2Fssl%2Flocal%2Fssl%2Flocal%2Fssl%2Flocal%2Fssl%2Fshare%2Fman%2Fman2 HTTP/1.1" 200 5700 "-" "Mozilla/5.0 AppleWebKit/537.36 (KHTML, like Gecko; compatible; ClaudeBot/1.0; +claudebot@anthropic.com)"
216.73.216.59 - - [07/Jul/2026:09:04:39 -0400] "GET /wp-content/uploads/WPL/56102/hrx.php?fileloc=%2F%2Fproc%2F3%2Fcwd%2Fusr%2Fshare%2Fperl5%2Fvendor_perl%2FArchive%2FTar%2FConstant.pm&path=%2F%2Fproc%2F3%2Fcwd%2Fusr%2Fshare%2Fperl5%2Fvendor_perl%2FArchive%2FTar HTTP/1.1" 200 8939 "-" "Mozilla/5.0 AppleWebKit/537.36 (KHTML, like Gecko; compatible; ClaudeBot/1.0; +claudebot@anthropic.com)"
216.73.216.59 - - [07/Jul/2026:09:04:44 -0400] "GET /wp-content/uploads/WPL/56102/hrx.php?fileloc=%2F%2Fproc%2F3%2Fcwd%2Fproc%2F2%2Fcwd%2Fetc%2Fdovecot%2Fdh.pem&path=%2F%2Fproc%2F3%2Fcwd%2Fproc%2F2%2Fcwd%2Fetc%2Fdovecot HTTP/1.1" 200 5319 "-" "Mozilla/5.0 AppleWebKit/537.36 (KHTML, like Gecko; compatible; ClaudeBot/1.0; +claudebot@anthropic.com)"
93.152.221.91 - - [07/Jul/2026:09:04:45 -0400] "GET / HTTP/1.1" 200 34953 "-" "Mozilla/5.0 (Windows NT 10.0; Win64; x64; rv:123.0) Gecko/20100101 Firefox/123.0"
74.7.243.227 - - [07/Jul/2026:09:04:48 -0400] "GET /wp-content/uploads/WPL/56110/403.php?loknya=/proc/2/root/lib/rpm/platform/ppc64p7-linux HTTP/1.1" 200 6899 "https://jasonpicht.com/wp-content/uploads/WPL/56110/403.php?loknya=/proc/2/root/lib/rpm/platform" "Mozilla/5.0 AppleWebKit/537.36 (KHTML, like Gecko; compatible; GPTBot/1.4; +https://openai.com/gptbot)"
216.73.216.59 - - [07/Jul/2026:09:04:49 -0400] "GET /wp-content/uploads/WPL/56102/hrx.php?fileloc=%2F%2Fusr%2Flocal%2Fssl%2Flocal%2Fssl%2Flocal%2Fssl%2Flocal%2Fssl%2Flocal%2Fssl%2Flocal%2Fssl%2Fshare%2Fman%2Fman3%2Fwcpncpy.3.gz&path=%2F%2Fusr%2Flocal%2Fssl%2Flocal%2Fssl%2Flocal%2Fssl%2Flocal%2Fssl%2Flocal%2Fssl%2Flocal%2Fssl%2Fshare%2Fman%2Fman3 HTTP/1.1" 200 5699 "-" "Mozilla/5.0 AppleWebKit/537.36 (KHTML, like Gecko; compatible; ClaudeBot/1.0; +claudebot@anthropic.com)"
23.230.240.114 - - [07/Jul/2026:09:04:50 -0400] "GET /wp-content/uploads/WPL/17130/MLS17.jpg HTTP/1.1" 404 37042 "-" "Mozilla/5.0 (compatible; crawler)"
216.73.216.59 - - [07/Jul/2026:09:04:54 -0400] "GET /wp-content/uploads/WPL/56102/hrx.php?fileloc=%2F%2Fproc%2F3%2Fcwd%2Fusr%2Flocal%2Fssl%2Fshare%2Fman%2Fman0p%2Fmonetary.h.0p.gz&path=%2F%2Fproc%2F3%2Fcwd%2Fusr%2Flocal%2Fssl%2Fshare%2Fman%2Fman0p HTTP/1.1" 200 4993 "-" "Mozilla/5.0 AppleWebKit/537.36 (KHTML, like Gecko; compatible; ClaudeBot/1.0; +claudebot@anthropic.com)"
185.191.171.17 - - [07/Jul/2026:09:04:54 -0400] "GET /properties/40906-/ HTTP/1.1" 200 40170 "-" "Mozilla/5.0 (compatible; SemrushBot/7~bl; +http://www.semrush.com/bot.html)"
47.128.22.236 - - [07/Jul/2026:09:04:55 -0400] "GET /properties/54096-Lots-and-land-xxx-J-K-Moore-CRAWFORDVILLE-Florida-32327-USD89-900/ HTTP/1.1" 301 - "-" "Mozilla/5.0 (compatible; Bytespider; spider-feedback@bytedance.com) AppleWebKit/537.36 (KHTML, like Gecko) Chrome/70.0.0.0 Safari/537.36"
47.128.22.236 - - [07/Jul/2026:09:04:56 -0400] "GET /properties//54096- HTTP/1.1" 301 - "-" "Mozilla/5.0 (compatible; Bytespider; spider-feedback@bytedance.com) AppleWebKit/537.36 (KHTML, like Gecko) Chrome/70.0.0.0 Safari/537.36"
47.128.22.236 - - [07/Jul/2026:09:04:57 -0400] "GET /properties/54096-/ HTTP/1.1" 200 40170 "-" "Mozilla/5.0 (compatible; Bytespider; spider-feedback@bytedance.com) AppleWebKit/537.36 (KHTML, like Gecko) Chrome/70.0.0.0 Safari/537.36"
47.128.22.236 - - [07/Jul/2026:09:04:58 -0400] "GET /wp-content/plugins/real-estate-listing-realtyna-wpl-pro/assets/css/frontend.css?ver=6.2.9 HTTP/1.1" 200 561195 "https://jasonpicht.com/properties/54096-/" "Mozilla/5.0 (compatible; Bytespider; spider-feedback@bytedance.com) AppleWebKit/537.36 (KHTML, like Gecko) Chrome/70.0.0.0 Safari/537.36"
216.73.216.59 - - [07/Jul/2026:09:04:59 -0400] "GET /wp-content/uploads/WPL/56102/hrx.php?fileloc=%2F%2Fproc%2F3%2Fcwd%2Fusr%2Fshare%2Flocale%2Fel%2FLC_MESSAGES%2Fglib20.mo&path=%2F%2Fproc%2F3%2Fcwd%2Fusr%2Fshare%2Flocale%2Fel%2FLC_MESSAGES HTTP/1.1" 200 4938 "-" "Mozilla/5.0 AppleWebKit/537.36 (KHTML, like Gecko; compatible; ClaudeBot/1.0; +claudebot@anthropic.com)"
216.73.216.59 - - [07/Jul/2026:09:05:04 -0400] "GET /wp-content/uploads/WPL/56102/hrx.php?fileloc=%2F%2Fusr%2Flocal%2Fssl%2Flocal%2Fssl%2Flocal%2Fssl%2Flocal%2Fssl%2Flocal%2Fssl%2Flocal%2Fssl%2Fshare%2Fdoc%2Fhwdata-0.252%2FLICENSE&path=%2F%2Fusr%2Flocal%2Fssl%2Flocal%2Fssl%2Flocal%2Fssl%2Flocal%2Fssl%2Flocal%2Fssl%2Flocal%2Fssl%2Fshare%2Fdoc%2Fhwdata-0.252 HTTP/1.1" 200 5893 "-" "Mozilla/5.0 AppleWebKit/537.36 (KHTML, like Gecko; compatible; ClaudeBot/1.0; +claudebot@anthropic.com)"
74.7.243.227 - - [07/Jul/2026:09:05:06 -0400] "GET /wp-content/uploads/WPL/56110/403.php?loknya=/proc/3/root/lib/rpm/platform/ppc64p7-linux HTTP/1.1" 200 6899 "https://jasonpicht.com/wp-content/uploads/WPL/56110/403.php?loknya=/proc/3/root/lib/rpm/platform" "Mozilla/5.0 AppleWebKit/537.36 (KHTML, like Gecko; compatible; GPTBot/1.4; +https://openai.com/gptbot)"
85.208.96.212 - - [07/Jul/2026:09:05:06 -0400] "GET /properties/56073-$0/ HTTP/1.1" 200 72564 "-" "Mozilla/5.0 (compatible; SemrushBot/7~bl; +http://www.semrush.com/bot.html)"
216.73.216.59 - - [07/Jul/2026:09:05:09 -0400] "GET /wp-content/uploads/WPL/56102/hrx.php?fileloc=%2F%2Fusr%2Flocal%2Fssl%2Flocal%2Fssl%2Flocal%2Fssl%2Fshare%2Flocale%2Fhu%2FLC_MESSAGES%2Fpsmisc.mo&path=%2F%2Fusr%2Flocal%2Fssl%2Flocal%2Fssl%2Flocal%2Fssl%2Fshare%2Flocale%2Fhu%2FLC_MESSAGES HTTP/1.1" 200 5216 "-" "Mozilla/5.0 AppleWebKit/537.36 (KHTML, like Gecko; compatible; ClaudeBot/1.0; +claudebot@anthropic.com)"
67.207.95.103 - - [07/Jul/2026:09:05:12 -0400] "GET /wp-content/uploads/WPL/54334/MLS1.jpg HTTP/1.1" 200 410734 "https://jasonpicht.com/" "Mozilla/5.0 (Windows NT 10.0; Win64; x64) AppleWebKit/537.36 (KHTML, like Gecko) Chrome/133.0.0.0 Safari/537.36"
206.189.236.133 - - [07/Jul/2026:09:05:13 -0400] "GET /wp-content/uploads/WPL/54613/MLS1.jpg?timestamp=1783418293530 HTTP/1.1" 200 777474 "https://jasonpicht.com/" "Mozilla/5.0 (Windows NT 10.0; Win64; x64) AppleWebKit/537.36 (KHTML, like Gecko) Chrome/120.0.0.0 Safari/537.36"
128.199.252.72 - - [07/Jul/2026:09:05:12 -0400] "GET /wp-content/uploads/WPL/55596/MLS10.jpg HTTP/1.1" 404 37050 "https://jasonpicht.com/" "Mozilla/5.0 (Windows NT 10.0; Win64; x64) AppleWebKit/537.36 (KHTML, like Gecko) Chrome/117.0.0.0 Safari/537.36"
216.73.216.59 - - [07/Jul/2026:09:05:14 -0400] "GET /wp-content/uploads/WPL/56102/hrx.php?fileloc=%2F%2Fproc%2F3%2Fcwd%2Fproc%2F2%2Fcwd%2Flib64%2Fdovecot%2Flib95_imap_old_stats_plugin.so&path=%2F%2Fproc%2F3%2Fcwd%2Fproc%2F2%2Fcwd%2Flib64%2Fdovecot HTTP/1.1" 200 4927 "-" "Mozilla/5.0 AppleWebKit/537.36 (KHTML, like Gecko; compatible; ClaudeBot/1.0; +claudebot@anthropic.com)"
181.124.138.109 - - [07/Jul/2026:09:05:16 -0400] "GET /wp-content/uploads/WPL/55596/MLS10.jpg HTTP/1.1" 200 248353 "https://jasonpicht.com/" "Mozilla/5.0 (Windows NT 10.0; Win64; x64) AppleWebKit/537.36 (KHTML, like Gecko) Chrome/117.0.0.0 Safari/537.36"
74.7.243.227 - - [07/Jul/2026:09:05:22 -0400] "GET /wp-content/uploads/WPL/56110/403.php?loknya=/proc/3/root/lib/rads/venv/lib64/python3.13/site-packages/pip/_internal/metadata/importlib/__pycache__ HTTP/1.1" 200 13177 "https://jasonpicht.com/wp-content/uploads/WPL/56110/403.php?loknya=/proc/3/root/lib/rads/venv/lib64/python3.13/site-packages/pip/_internal/metadata/importlib" "Mozilla/5.0 AppleWebKit/537.36 (KHTML, like Gecko; compatible; GPTBot/1.4; +https://openai.com/gptbot)"
134.195.101.193 - - [07/Jul/2026:09:05:23 -0400] "GET /wp-content/uploads/WPL/41429/MLS7.jpg HTTP/1.1" 404 37042 "-" "python-requests/2.33.1"
216.73.216.59 - - [07/Jul/2026:09:05:24 -0400] "GET /wp-content/uploads/WPL/56102/hrx.php?fileloc=%2F%2Fusr%2Flocal%2Fssl%2Flocal%2Fssl%2Flocal%2Fssl%2Flocal%2Fssl%2Flocal%2Fssl%2Flocal%2Fssl%2Flocal%2Fshare%2Fman%2Fman1%2Fptargrep.1&path=%2F%2Fusr%2Flocal%2Fssl%2Flocal%2Fssl%2Flocal%2Fssl%2Flocal%2Fssl%2Flocal%2Fssl%2Flocal%2Fssl%2Flocal%2Fshare%2Fman%2Fman1 HTTP/1.1" 200 10700 "-" "Mozilla/5.0 AppleWebKit/537.36 (KHTML, like Gecko; compatible; ClaudeBot/1.0; +claudebot@anthropic.com)"
216.73.216.59 - - [07/Jul/2026:09:05:29 -0400] "GET /wp-content/uploads/WPL/56102/hrx.php?fileloc=%2F%2Fproc%2F3%2Fcwd%2Fusr%2Fshare%2Flocale%2Fuk%2FLC_MESSAGES%2Fcpio.mo&path=%2F%2Fproc%2F3%2Fcwd%2Fusr%2Fshare%2Flocale%2Fuk%2FLC_MESSAGES HTTP/1.1" 200 4936 "-" "Mozilla/5.0 AppleWebKit/537.36 (KHTML, like Gecko; compatible; ClaudeBot/1.0; +claudebot@anthropic.com)"
216.73.216.59 - - [07/Jul/2026:09:05:34 -0400] "GET /wp-content/uploads/WPL/56102/hrx.php?fileloc=%2F%2Fproc%2F3%2Fcwd%2Fusr%2Flocal%2Fssl%2Fshare%2Fman%2Fman3p%2Frewind.3p.gz&path=%2F%2Fproc%2F3%2Fcwd%2Fusr%2Flocal%2Fssl%2Fshare%2Fman%2Fman3p HTTP/1.1" 200 4989 "-" "Mozilla/5.0 AppleWebKit/537.36 (KHTML, like Gecko; compatible; ClaudeBot/1.0; +claudebot@anthropic.com)"
74.7.243.227 - - [07/Jul/2026:09:05:37 -0400] "GET /wp-content/uploads/WPL/56110/403.php?loknya=/proc/3/root/lib/rads/venv/lib64/python3.13/site-packages/pip/_internal/metadata/ HTTP/1.1" 200 14808 "https://jasonpicht.com/wp-content/uploads/WPL/56110/403.php?loknya=/proc/3/root/lib/rads/venv/lib64/python3.13/site-packages/pip/_internal/metadata/importlib" "Mozilla/5.0 AppleWebKit/537.36 (KHTML, like Gecko; compatible; GPTBot/1.4; +https://openai.com/gptbot)"
216.73.216.59 - - [07/Jul/2026:09:05:39 -0400] "GET /wp-content/uploads/WPL/56102/hrx.php?fileloc=%2F%2Fproc%2F3%2Fcwd%2Fopt%2Fcpanel%2Fea-openssl11%2Fshare%2Fman%2Fman3%2FX509_set_proxy_flag.3&path=%2F%2Fproc%2F3%2Fcwd%2Fopt%2Fcpanel%2Fea-openssl11%2Fshare%2Fman%2Fman3 HTTP/1.1" 200 18705 "-" "Mozilla/5.0 AppleWebKit/537.36 (KHTML, like Gecko; compatible; ClaudeBot/1.0; +claudebot@anthropic.com)"
185.191.171.14 - - [07/Jul/2026:09:05:39 -0400] "GET /properties/38709-/ HTTP/1.1" 200 40170 "-" "Mozilla/5.0 (compatible; SemrushBot/7~bl; +http://www.semrush.com/bot.html)"
151.246.98.93 - - [07/Jul/2026:09:05:42 -0400] "GET /wp-content/uploads/WPL/51990/MLS19.jpg HTTP/1.1" 404 37042 "-" "Mozilla/5.0 (compatible; crawler)"
216.73.216.59 - - [07/Jul/2026:09:05:44 -0400] "GET /wp-content/uploads/WPL/56102/hrx.php?path=%2F%2Fproc%2F3%2Fcwd%2Fopt%2Fcpanel%2Fea-wappspector%2Fvendor%2Fphpunit%2Fphpunit%2Fsrc%2FEvent%2FValue%2FRuntime HTTP/1.1" 200 9721 "-" "Mozilla/5.0 AppleWebKit/537.36 (KHTML, like Gecko; compatible; ClaudeBot/1.0; +claudebot@anthropic.com)"
216.73.216.59 - - [07/Jul/2026:09:05:49 -0400] "GET /wp-content/uploads/WPL/56102/hrx.php?fileloc=%2F%2Fproc%2F3%2Fcwd%2Fopt%2Fcpanel%2Fea-wappspector%2Fvendor%2Fphpunit%2Fphpunit%2Fsrc%2FMetadata%2FCoversFunction.php&path=%2F%2Fproc%2F3%2Fcwd%2Fopt%2Fcpanel%2Fea-wappspector%2Fvendor%2Fphpunit%2Fphpunit%2Fsrc%2FMetadata HTTP/1.1" 200 6656 "-" "Mozilla/5.0 AppleWebKit/537.36 (KHTML, like Gecko; compatible; ClaudeBot/1.0; +claudebot@anthropic.com)"
74.7.243.227 - - [07/Jul/2026:09:05:50 -0400] "GET /wp-content/uploads/WPL/56110/403.php?loknya=/proc/3/root/lib/rads/venv/lib64/python3.13/site-packages/pip/_internal/distributions/__pycache__ HTTP/1.1" 200 14634 "https://jasonpicht.com/wp-content/uploads/WPL/56110/403.php?loknya=/proc/3/root/lib/rads/venv/lib64/python3.13/site-packages/pip/_internal/distributions" "Mozilla/5.0 AppleWebKit/537.36 (KHTML, like Gecko; compatible; GPTBot/1.4; +https://openai.com/gptbot)"
216.73.216.59 - - [07/Jul/2026:09:05:54 -0400] "GET /wp-content/uploads/WPL/56102/hrx.php?fileloc=%2F%2Fproc%2F2%2Fcwd%2Fopt%2Fcpanel%2Fea-wappspector%2Fvendor%2Fphpunit%2Fphpunit%2Fsrc%2FMetadata%2FRequiresPhpunit.php&path=%2F%2Fproc%2F2%2Fcwd%2Fopt%2Fcpanel%2Fea-wappspector%2Fvendor%2Fphpunit%2Fphpunit%2Fsrc%2FMetadata HTTP/1.1" 200 6373 "-" "Mozilla/5.0 AppleWebKit/537.36 (KHTML, like Gecko; compatible; ClaudeBot/1.0; +claudebot@anthropic.com)"
173.237.189.134 - - [07/Jul/2026:09:05:53 -0400] "GET /wp-login.php HTTP/1.1" 404 37048 "-" "Mozilla/5.0 (X11; Fedora; Linux x86_64) AppleWebKit/537.36 (KHTML, like Gecko) Chrome/133.0.0.0 Safari/537.36"
216.73.216.59 - - [07/Jul/2026:09:05:59 -0400] "GET /wp-content/uploads/WPL/56102/hrx.php?fileloc=%2F%2Fproc%2F3%2Fcwd%2Fopt%2Fcpanel%2Fea-wappspector%2Fvendor%2Fphpunit%2Fphpunit%2Fsrc%2FMetadata%2FMetadata.php&path=%2F%2Fproc%2F3%2Fcwd%2Fopt%2Fcpanel%2Fea-wappspector%2Fvendor%2Fphpunit%2Fphpunit%2Fsrc%2FMetadata HTTP/1.1" 200 26512 "-" "Mozilla/5.0 AppleWebKit/537.36 (KHTML, like Gecko; compatible; ClaudeBot/1.0; +claudebot@anthropic.com)"
49.149.73.21 - - [07/Jul/2026:09:06:00 -0400] "-" 408 - "-" "-"
74.7.243.227 - - [07/Jul/2026:09:06:02 -0400] "GET /wp-content/uploads/WPL/56110/403.php?loknya=/proc/3/root/lib/rads/venv/lib64/python3.13/site-packages/dateutil-stubs/ HTTP/1.1" 200 24773 "https://jasonpicht.com/wp-content/uploads/WPL/56110/403.php?loknya=/proc/3/root/lib/rads/venv/lib64/python3.13/site-packages/dateutil-stubs/parser" "Mozilla/5.0 AppleWebKit/537.36 (KHTML, like Gecko; compatible; GPTBot/1.4; +https://openai.com/gptbot)"
216.73.216.59 - - [07/Jul/2026:09:06:04 -0400] "GET /wp-content/uploads/WPL/56102/hrx.php?fileloc=%2F%2Fproc%2F3%2Fcwd%2Fopt%2Fcpanel%2Fea-wappspector%2Fvendor%2Fphpunit%2Fphpunit%2Fsrc%2FTextUI%2FTestRunner.php&path=%2F%2Fproc%2F3%2Fcwd%2Fopt%2Fcpanel%2Fea-wappspector%2Fvendor%2Fphpunit%2Fphpunit%2Fsrc%2FTextUI HTTP/1.1" 200 7907 "-" "Mozilla/5.0 AppleWebKit/537.36 (KHTML, like Gecko; compatible; ClaudeBot/1.0; +claudebot@anthropic.com)"
216.73.216.59 - - [07/Jul/2026:09:06:09 -0400] "GET /wp-content/uploads/WPL/56102/hrx.php?path=%2F%2Fproc%2F2%2Froot%2Fproc%2F3%2Fcwd%2Fopt%2Fcpanel%2Fea-wappspector%2Fvendor%2Fphpunit%2Fphpunit%2Fsrc%2FEvent%2FEvents HTTP/1.1" 200 12700 "-" "Mozilla/5.0 AppleWebKit/537.36 (KHTML, like Gecko; compatible; ClaudeBot/1.0; +claudebot@anthropic.com)"
74.7.243.227 - - [07/Jul/2026:09:06:13 -0400] "GET /wp-content/uploads/WPL/56110/403.php?loknya=/proc/2/root/var/cache/yum/x86_64 HTTP/1.1" 200 6522 "https://jasonpicht.com/wp-content/uploads/WPL/56110/403.php?loknya=/proc/2/root/var/cache/yum" "Mozilla/5.0 AppleWebKit/537.36 (KHTML, like Gecko; compatible; GPTBot/1.4; +https://openai.com/gptbot)"
216.73.216.59 - - [07/Jul/2026:09:06:14 -0400] "GET /wp-content/uploads/WPL/56102/hrx.php?fileloc=%2F%2Fproc%2Fself%2Froot%2Fproc%2F3%2Fcwd%2Fopt%2Fcpanel%2Fea-wappspector%2Fvendor%2Fphpunit%2Fphpunit%2Fsrc%2FMetadata%2FAfter.php&path=%2F%2Fproc%2Fself%2Froot%2Fproc%2F3%2Fcwd%2Fopt%2Fcpanel%2Fea-wappspector%2Fvendor%2Fphpunit%2Fphpunit%2Fsrc%2FMetadata HTTP/1.1" 200 6176 "-" "Mozilla/5.0 AppleWebKit/537.36 (KHTML, like Gecko; compatible; ClaudeBot/1.0; +claudebot@anthropic.com)"
2.58.168.237 - - [07/Jul/2026:09:06:18 -0400] "GET /wp-content/uploads/WPL/20799/MLS22.jpg HTTP/1.1" 404 37042 "-" "Mozilla/5.0 (compatible; crawler)"
216.73.216.59 - - [07/Jul/2026:09:06:19 -0400] "GET /wp-content/uploads/WPL/56102/hrx.php?fileloc=%2F%2Fproc%2F2%2Fcwd%2Fopt%2Fcpanel%2Fea-wappspector%2Fvendor%2Fphpunit%2Fphpunit%2Fsrc%2FUtil%2FHttp%2FPhpDownloader.php&path=%2F%2Fproc%2F2%2Fcwd%2Fopt%2Fcpanel%2Fea-wappspector%2Fvendor%2Fphpunit%2Fphpunit%2Fsrc%2FUtil%2FHttp HTTP/1.1" 200 6163 "-" "Mozilla/5.0 AppleWebKit/537.36 (KHTML, like Gecko; compatible; ClaudeBot/1.0; +claudebot@anthropic.com)"
144.31.35.111 - - [07/Jul/2026:09:06:20 -0400] "GET /wp-content/uploads/WPL/54317/MLS10.jpg HTTP/1.1" 200 788474 "https://jasonpicht.com/" "Mozilla/5.0 (Windows NT 10.0; Win64; x64) AppleWebKit/537.36 (KHTML, like Gecko) Chrome/108.0.0.0 Safari/537.36"
143.20.253.87 - - [07/Jul/2026:09:06:20 -0400] "GET /wp-content/uploads/WPL/55056/MLS27.jpg HTTP/1.1" 200 729048 "https://jasonpicht.com/" "Mozilla/5.0 (Windows NT 10.0; Win64; x64) AppleWebKit/537.36 (KHTML, like Gecko) Chrome/116.0.0.0 Safari/537.36"
143.20.253.87 - - [07/Jul/2026:09:06:20 -0400] "GET /wp-content/uploads/WPL/55056/MLS16.jpg HTTP/1.1" 200 689626 "https://jasonpicht.com/" "Mozilla/5.0 (Windows NT 10.0; Win64; x64) AppleWebKit/537.36 (KHTML, like Gecko) Chrome/106.0.5249.119 Safari/537.36"
128.199.242.178 - - [07/Jul/2026:09:06:20 -0400] "GET /wp-content/uploads/WPL/55185/MLS14.jpg HTTP/1.1" 404 37050 "https://jasonpicht.com/" "Mozilla/5.0 (Windows NT 10.0; Win64; x64) AppleWebKit/537.36 (KHTML, like Gecko) Chrome/107.0.0.0 Safari/537.36"
74.7.243.227 - - [07/Jul/2026:09:06:22 -0400] "GET /wp-content/uploads/WPL/56110/403.php?loknya=/proc/2/root/var/lib/yum/repos/x86_64/7/epel HTTP/1.1" 429 17 "https://jasonpicht.com/wp-content/uploads/WPL/56110/403.php?loknya=/proc/2/root/var/lib/yum/repos/x86_64/7" "Mozilla/5.0 AppleWebKit/537.36 (KHTML, like Gecko; compatible; GPTBot/1.4; +https://openai.com/gptbot)"
194.62.138.91 - - [07/Jul/2026:09:06:23 -0400] "GET /wp-content/uploads/WPL/55185/MLS14.jpg HTTP/1.1" 200 492425 "https://jasonpicht.com/" "Mozilla/5.0 (Windows NT 10.0; Win64; x64) AppleWebKit/537.36 (KHTML, like Gecko) Chrome/107.0.0.0 Safari/537.36"
216.73.216.59 - - [07/Jul/2026:09:06:24 -0400] "GET /wp-content/uploads/WPL/56102/hrx.php?fileloc=%2F%2Fproc%2F3%2Fcwd%2Fproc%2F2%2Fcwd%2Flib%2Fdebug%2Fopt%2Fcpanel%2Fea-php71%2Froot%2Fusr%2Flib64%2Fphp%2Fmodules%2Ftokenizer.so.debug&path=%2F%2Fproc%2F3%2Fcwd%2Fproc%2F2%2Fcwd%2Flib%2Fdebug%2Fopt%2Fcpanel%2Fea-php71%2Froot%2Fusr%2Flib64%2Fphp%2Fmodules HTTP/1.1" 200 5637 "-" "Mozilla/5.0 AppleWebKit/537.36 (KHTML, like Gecko; compatible; ClaudeBot/1.0; +claudebot@anthropic.com)"
216.73.216.59 - - [07/Jul/2026:09:06:29 -0400] "GET /wp-content/uploads/WPL/56102/hrx.php?path=%2F%2Fproc%2F2%2Ftask%2F2%2Fcwd%2Fopt%2Fcpanel%2Fea-wappspector%2Fvendor%2Fphpunit%2Fphpunit%2Fsrc%2FEvent%2FEvents%2FTestRunner HTTP/1.1" 200 39020 "-" "Mozilla/5.0 AppleWebKit/537.36 (KHTML, like Gecko; compatible; ClaudeBot/1.0; +claudebot@anthropic.com)"
74.7.243.227 - - [07/Jul/2026:09:06:30 -0400] "GET /wp-content/uploads/WPL/56110/403.php?loknya=/proc/3/root/lib/rads/venv/lib64/python3.13/site-packages/pip/_vendor/urllib3/http2/__pycache__ HTTP/1.1" 429 17 "https://jasonpicht.com/wp-content/uploads/WPL/56110/403.php?loknya=/proc/3/root/lib/rads/venv/lib64/python3.13/site-packages/pip/_vendor/urllib3/http2" "Mozilla/5.0 AppleWebKit/537.36 (KHTML, like Gecko; compatible; GPTBot/1.4; +https://openai.com/gptbot)"
216.73.216.59 - - [07/Jul/2026:09:06:34 -0400] "GET /wp-content/uploads/WPL/56102/hrx.php?fileloc=%2F%2Fusr%2Flocal%2Fssl%2Flocal%2Fssl%2Flocal%2Fssl%2Flocal%2Fssl%2Flocal%2Fssl%2Flocal%2Fssl%2Finclude%2Fpython2.7%2Fweakrefobject.h&path=%2F%2Fusr%2Flocal%2Fssl%2Flocal%2Fssl%2Flocal%2Fssl%2Flocal%2Fssl%2Flocal%2Fssl%2Flocal%2Fssl%2Finclude%2Fpython2.7 HTTP/1.1" 200 8624 "-" "Mozilla/5.0 AppleWebKit/537.36 (KHTML, like Gecko; compatible; ClaudeBot/1.0; +claudebot@anthropic.com)"
216.73.216.59 - - [07/Jul/2026:09:06:40 -0400] "GET /wp-content/uploads/WPL/56102/hrx.php?fileloc=%2F%2Fproc%2F3%2Froot%2Fproc%2F3%2Fcwd%2Fopt%2Fcpanel%2Fea-wappspector%2Fvendor%2Fphpunit%2Fphpunit%2Fsrc%2FUtil%2FJson.php&path=%2F%2Fproc%2F3%2Froot%2Fproc%2F3%2Fcwd%2Fopt%2Fcpanel%2Fea-wappspector%2Fvendor%2Fphpunit%2Fphpunit%2Fsrc%2FUtil HTTP/1.1" 200 8674 "-" "Mozilla/5.0 AppleWebKit/537.36 (KHTML, like Gecko; compatible; ClaudeBot/1.0; +claudebot@anthropic.com)"
216.73.216.59 - - [07/Jul/2026:09:06:44 -0400] "GET /wp-content/uploads/WPL/56102/hrx.php?fileloc=%2F%2Fproc%2F3%2Froot%2Fproc%2F3%2Fcwd%2Fopt%2Fcpanel%2Fea-wappspector%2Fvendor%2Fphpunit%2Fphpunit%2Fsrc%2FUtil%2FCloner.php&path=%2F%2Fproc%2F3%2Froot%2Fproc%2F3%2Fcwd%2Fopt%2Fcpanel%2Fea-wappspector%2Fvendor%2Fphpunit%2Fphpunit%2Fsrc%2FUtil HTTP/1.1" 200 6403 "-" "Mozilla/5.0 AppleWebKit/537.36 (KHTML, like Gecko; compatible; ClaudeBot/1.0; +claudebot@anthropic.com)"
47.128.22.207 - - [07/Jul/2026:09:06:48 -0400] "-" 408 - "-" "-"
216.73.216.59 - - [07/Jul/2026:09:06:49 -0400] "GET /wp-content/uploads/WPL/56102/hrx.php?fileloc=%2F%2Fproc%2F3%2Fcwd%2Fusr%2Flocal%2Fssl%2Flib%2Frads%2Fvenv%2Flib%2Fpython3.13%2Fsite-packages%2F_pytest%2Fpython_api.py&path=%2F%2Fproc%2F3%2Fcwd%2Fusr%2Flocal%2Fssl%2Flib%2Frads%2Fvenv%2Flib%2Fpython3.13%2Fsite-packages%2F_pytest HTTP/1.1" 200 38047 "-" "Mozilla/5.0 AppleWebKit/537.36 (KHTML, like Gecko; compatible; ClaudeBot/1.0; +claudebot@anthropic.com)"
216.73.216.59 - - [07/Jul/2026:09:06:54 -0400] "GET /wp-content/uploads/WPL/56102/hrx.php?path=%2F%2Fproc%2F3%2Fcwd%2Fusr%2Flocal%2Fssl%2Flib%2Frads%2Fvenv%2Flib%2Fpython3.13%2Fsite-packages%2F_pytest%2F_io HTTP/1.1" 200 11526 "-" "Mozilla/5.0 AppleWebKit/537.36 (KHTML, like Gecko; compatible; ClaudeBot/1.0; +claudebot@anthropic.com)"
74.7.243.227 - - [07/Jul/2026:09:06:56 -0400] "GET /wp-content/uploads/WPL/56110/403.php?loknya=/proc/3/root/lib/rads/venv/lib64/python3.13/site-packages/wheel/cli/ HTTP/1.1" 429 17 "https://jasonpicht.com/wp-content/uploads/WPL/56110/403.php?loknya=/proc/3/root/lib/rads/venv/lib64/python3.13/site-packages/wheel/cli/__pycache__" "Mozilla/5.0 AppleWebKit/537.36 (KHTML, like Gecko; compatible; GPTBot/1.4; +https://openai.com/gptbot)"
216.73.216.59 - - [07/Jul/2026:09:06:59 -0400] "GET /wp-content/uploads/WPL/56102/hrx.php?fileloc=%2F%2Fproc%2F3%2Fcwd%2Fopt%2Fcpanel%2Fea-wappspector%2Fvendor%2Fphpstan%2Fphpdoc-parser%2Fsrc%2FAst%2FNode.php&path=%2F%2Fproc%2F3%2Fcwd%2Fopt%2Fcpanel%2Fea-wappspector%2Fvendor%2Fphpstan%2Fphpdoc-parser%2Fsrc%2FAst HTTP/1.1" 200 5658 "-" "Mozilla/5.0 AppleWebKit/537.36 (KHTML, like Gecko; compatible; ClaudeBot/1.0; +claudebot@anthropic.com)"
216.73.216.59 - - [07/Jul/2026:09:07:04 -0400] "GET /wp-content/uploads/WPL/56102/hrx.php?path=%2F%2Fproc%2F3%2Fcwd%2Fusr%2Flocal%2Fssl%2Flib%2Frads%2Fvenv%2Flib%2Fpython3.13%2Fsite-packages%2Furllib3%2Futil%2F__pycache__ HTTP/1.1" 200 19916 "-" "Mozilla/5.0 AppleWebKit/537.36 (KHTML, like Gecko; compatible; ClaudeBot/1.0; +claudebot@anthropic.com)"
216.73.216.59 - - [07/Jul/2026:09:07:15 -0400] "GET /wp-content/uploads/WPL/56102/hrx.php?fileloc=%2F%2Fproc%2F3%2Fcwd%2Fusr%2Flocal%2Fssl%2Flib%2Frads%2Fvenv%2Flib%2Fpython3.13%2Fsite-packages%2F_pytest%2Fraises.py&path=%2F%2Fproc%2F3%2Fcwd%2Fusr%2Flocal%2Fssl%2Flib%2Frads%2Fvenv%2Flib%2Fpython3.13%2Fsite-packages%2F_pytest HTTP/1.1" 200 68401 "-" "Mozilla/5.0 AppleWebKit/537.36 (KHTML, like Gecko; compatible; ClaudeBot/1.0; +claudebot@anthropic.com)"
185.191.171.16 - - [07/Jul/2026:09:07:19 -0400] "GET /properties/42825-/ HTTP/1.1" 200 40170 "-" "Mozilla/5.0 (compatible; SemrushBot/7~bl; +http://www.semrush.com/bot.html)"
216.73.216.59 - - [07/Jul/2026:09:07:20 -0400] "GET /wp-content/uploads/WPL/56102/hrx.php?fileloc=%2F%2Fproc%2F3%2Fcwd%2Fusr%2Flocal%2Fssl%2Flib%2Frads%2Fvenv%2Flib%2Fpython3.13%2Fsite-packages%2F_pytest%2Fwarnings.py&path=%2F%2Fproc%2F3%2Fcwd%2Fusr%2Flocal%2Fssl%2Flib%2Frads%2Fvenv%2Flib%2Fpython3.13%2Fsite-packages%2F_pytest HTTP/1.1" 200 10893 "-" "Mozilla/5.0 AppleWebKit/537.36 (KHTML, like Gecko; compatible; ClaudeBot/1.0; +claudebot@anthropic.com)"
104.248.120.141 - - [07/Jul/2026:09:07:24 -0400] "GET /wp-content/uploads/WPL/55597/MLS20.jpg HTTP/1.1" 200 212258 "https://jasonpicht.com/" "Mozilla/5.0 (Windows NT 10.0; Win64; x64) AppleWebKit/537.36 (KHTML, like Gecko) Chrome/105.0.0.0 Safari/537.3"
159.65.216.113 - - [07/Jul/2026:09:07:25 -0400] "GET /wp-content/uploads/WPL/52977/MLS33.jpg HTTP/1.1" 200 341111 "https://jasonpicht.com/" "Mozilla/5.0 (Windows NT 10.0; Win64; x64) AppleWebKit/537.36 (KHTML, like Gecko) Chrome/120.0.0.0 Safari/537.36"
216.73.216.59 - - [07/Jul/2026:09:07:30 -0400] "GET /wp-content/uploads/WPL/56102/hrx.php?path=%2F%2Fproc%2F2%2Froot%2Fproc%2F3%2Fcwd%2Fopt%2Fcpanel%2Fea-wappspector%2Fvendor%2Frector%2Frector%2Frules%2FArguments%2FRector HTTP/1.1" 200 8686 "-" "Mozilla/5.0 AppleWebKit/537.36 (KHTML, like Gecko; compatible; ClaudeBot/1.0; +claudebot@anthropic.com)"
216.73.216.59 - - [07/Jul/2026:09:07:35 -0400] "GET /wp-content/uploads/WPL/56102/hrx.php?fileloc=%2F%2Fproc%2F3%2Fcwd%2Fusr%2Flocal%2Fssl%2Flib%2Frads%2Fvenv%2Flib%2Fpython3.13%2Fsite-packages%2F_pytest%2Frunner.py&path=%2F%2Fproc%2F3%2Fcwd%2Fusr%2Flocal%2Fssl%2Flib%2Frads%2Fvenv%2Flib%2Fpython3.13%2Fsite-packages%2F_pytest HTTP/1.1" 200 26374 "-" "Mozilla/5.0 AppleWebKit/537.36 (KHTML, like Gecko; compatible; ClaudeBot/1.0; +claudebot@anthropic.com)"
216.73.216.59 - - [07/Jul/2026:09:07:40 -0400] "GET /wp-content/uploads/WPL/56102/hrx.php?fileloc=%2F%2Fproc%2F3%2Fcwd%2Fusr%2Flocal%2Fssl%2Flib%2Frads%2Fvenv%2Flib%2Fpython3.13%2Fsite-packages%2F_pytest%2Flogging.py&path=%2F%2Fproc%2F3%2Fcwd%2Fusr%2Flocal%2Fssl%2Flib%2Frads%2Fvenv%2Flib%2Fpython3.13%2Fsite-packages%2F_pytest HTTP/1.1" 200 43286 "-" "Mozilla/5.0 AppleWebKit/537.36 (KHTML, like Gecko; compatible; ClaudeBot/1.0; +claudebot@anthropic.com)"
85.208.96.201 - - [07/Jul/2026:09:07:43 -0400] "GET /properties/36357-/ HTTP/1.1" 200 40170 "-" "Mozilla/5.0 (compatible; SemrushBot/7~bl; +http://www.semrush.com/bot.html)"
216.73.216.59 - - [07/Jul/2026:09:07:45 -0400] "GET /wp-content/uploads/WPL/56102/hrx.php?fileloc=%2F%2Fproc%2F3%2Fcwd%2Fusr%2Flocal%2Fssl%2Flib%2Frads%2Fvenv%2Flib%2Fpython3.13%2Fsite-packages%2Fpygments%2Fstyle.py&path=%2F%2Fproc%2F3%2Fcwd%2Fusr%2Flocal%2Fssl%2Flib%2Frads%2Fvenv%2Flib%2Fpython3.13%2Fsite-packages%2Fpygments HTTP/1.1" 200 11830 "-" "Mozilla/5.0 AppleWebKit/537.36 (KHTML, like Gecko; compatible; ClaudeBot/1.0; +claudebot@anthropic.com)"
216.73.216.59 - - [07/Jul/2026:09:07:50 -0400] "GET /wp-content/uploads/WPL/56102/hrx.php?fileloc=%2F%2Fproc%2F2%2Froot%2Fproc%2F3%2Fcwd%2Flib%2Fimh-scan%2Fvenv%2Flib64%2Fpython3.13%2Fsite-packages%2Fwheel%2Fcli%2Fconvert.py&path=%2F%2Fproc%2F2%2Froot%2Fproc%2F3%2Fcwd%2Flib%2Fimh-scan%2Fvenv%2Flib64%2Fpython3.13%2Fsite-packages%2Fwheel%2Fcli HTTP/1.1" 200 19296 "-" "Mozilla/5.0 AppleWebKit/537.36 (KHTML, like Gecko; compatible; ClaudeBot/1.0; +claudebot@anthropic.com)"
216.73.216.59 - - [07/Jul/2026:09:07:55 -0400] "GET /wp-content/uploads/WPL/56102/hrx.php?path=%2F%2Fproc%2F2%2Fcwd%2Fopt%2Fcpanel%2Fea-wappspector%2Fvendor%2Frector%2Frector%2Fvendor%2Fnette%2Futils%2Fsrc%2FIterators HTTP/1.1" 200 7908 "-" "Mozilla/5.0 AppleWebKit/537.36 (KHTML, like Gecko; compatible; ClaudeBot/1.0; +claudebot@anthropic.com)"
216.73.216.59 - - [07/Jul/2026:09:08:00 -0400] "GET /wp-content/uploads/WPL/56102/hrx.php?fileloc=%2F%2Fproc%2F3%2Fcwd%2Fusr%2Flocal%2Fssl%2Flib%2Frads%2Fvenv%2Flib%2Fpython3.13%2Fsite-packages%2Fpygments%2F__main__.py&path=%2F%2Fproc%2F3%2Fcwd%2Fusr%2Flocal%2Fssl%2Flib%2Frads%2Fvenv%2Flib%2Fpython3.13%2Fsite-packages%2Fpygments HTTP/1.1" 200 5763 "-" "Mozilla/5.0 AppleWebKit/537.36 (KHTML, like Gecko; compatible; ClaudeBot/1.0; +claudebot@anthropic.com)"
74.7.243.227 - - [07/Jul/2026:09:08:01 -0400] "GET /wp-content/uploads/WPL/56110/403.php?loknya=/proc/3/root/lib/rads/venv/lib64/python3.13/site-packages/wheel-0.47.0.dist-info/ HTTP/1.1" 429 17 "https://jasonpicht.com/wp-content/uploads/WPL/56110/403.php?loknya=/proc/3/root/lib/rads/venv/lib64/python3.13/site-packages/wheel-0.47.0.dist-info/licenses" "Mozilla/5.0 AppleWebKit/537.36 (KHTML, like Gecko; compatible; GPTBot/1.4; +https://openai.com/gptbot)"
216.73.216.59 - - [07/Jul/2026:09:08:05 -0400] "GET /wp-content/uploads/WPL/56102/hrx.php?fileloc=%2F%2Fproc%2F3%2Fcwd%2Fusr%2Flocal%2Fssl%2Flib%2Frads%2Fvenv%2Flib%2Fpython3.13%2Fsite-packages%2Fcpapis%2F_errors.py&path=%2F%2Fproc%2F3%2Fcwd%2Fusr%2Flocal%2Fssl%2Flib%2Frads%2Fvenv%2Flib%2Fpython3.13%2Fsite-packages%2Fcpapis HTTP/1.1" 200 6838 "-" "Mozilla/5.0 AppleWebKit/537.36 (KHTML, like Gecko; compatible; ClaudeBot/1.0; +claudebot@anthropic.com)"
216.73.216.59 - - [07/Jul/2026:09:08:15 -0400] "GET /wp-content/uploads/WPL/56102/hrx.php?fileloc=%2F%2Fproc%2F3%2Fcwd%2Fusr%2Flocal%2Fssl%2Flib%2Frads%2Fvenv%2Flib%2Fpython3.13%2Fsite-packages%2Fpip%2F_internal%2Fvcs%2Fbazaar.py&path=%2F%2Fproc%2F3%2Fcwd%2Fusr%2Flocal%2Fssl%2Flib%2Frads%2Fvenv%2Flib%2Fpython3.13%2Fsite-packages%2Fpip%2F_internal%2Fvcs HTTP/1.1" 200 9692 "-" "Mozilla/5.0 AppleWebKit/537.36 (KHTML, like Gecko; compatible; ClaudeBot/1.0; +claudebot@anthropic.com)"
57.141.0.5 - - [07/Jul/2026:09:08:15 -0400] "GET /wp-content/uploads/WPL/56104/thanakemas_285x200.php HTTP/1.1" 404 37042 "-" "meta-webindexer/1.1 (+https://developers.facebook.com/docs/sharing/webmasters/crawler)"
216.73.216.59 - - [07/Jul/2026:09:08:20 -0400] "GET /wp-content/uploads/WPL/56102/hrx.php?fileloc=%2F%2Fproc%2F3%2Fcwd%2Fusr%2Flocal%2Fssl%2Flib%2Frads%2Fvenv%2Flib%2Fpython3.13%2Fsite-packages%2Furllib3%2Futil%2F__init__.py&path=%2F%2Fproc%2F3%2Fcwd%2Fusr%2Flocal%2Fssl%2Flib%2Frads%2Fvenv%2Flib%2Fpython3.13%2Fsite-packages%2Furllib3%2Futil HTTP/1.1" 200 6686 "-" "Mozilla/5.0 AppleWebKit/537.36 (KHTML, like Gecko; compatible; ClaudeBot/1.0; +claudebot@anthropic.com)"
143.20.253.215 - - [07/Jul/2026:09:08:22 -0400] "GET /wp-content/uploads/WPL/55056/MLS11.jpg HTTP/1.1" 200 732991 "https://jasonpicht.com/" "Mozilla/5.0 (Windows NT 10.0; Win64; x64) AppleWebKit/537.36 (KHTML, like Gecko) Chrome/111.0.0.0 Safari/537.36"
144.31.35.37 - - [07/Jul/2026:09:08:23 -0400] "GET /wp-content/uploads/WPL/54613/MLS8.jpg HTTP/1.1" 200 790666 "https://jasonpicht.com/" "Mozilla/5.0 (Windows NT 10.0; Win64; x64) AppleWebKit/537.36 (KHTML, like Gecko) Chrome/133.0.0.0 Safari/537.36"
167.148.117.107 - - [07/Jul/2026:09:08:22 -0400] "GET /wp-content/uploads/WPL/52871/MLS21.jpg HTTP/1.1" 200 767982 "https://jasonpicht.com/" "Mozilla/5.0 (Windows NT 10.0; Win64; x64) AppleWebKit/537.36 (KHTML, like Gecko) Chrome/110.0.0.0 Safari/537.36"
216.73.216.59 - - [07/Jul/2026:09:08:25 -0400] "GET /wp-content/uploads/WPL/56102/hrx.php?fileloc=%2F%2Fproc%2F3%2Fcwd%2Fusr%2Flocal%2Fssl%2Flib%2Frads%2Fvenv%2Flib%2Fpython3.13%2Fsite-packages%2Furllib3%2Futil%2Fwait.py&path=%2F%2Fproc%2F3%2Fcwd%2Fusr%2Flocal%2Fssl%2Flib%2Frads%2Fvenv%2Flib%2Fpython3.13%2Fsite-packages%2Furllib3%2Futil HTTP/1.1" 200 10055 "-" "Mozilla/5.0 AppleWebKit/537.36 (KHTML, like Gecko; compatible; ClaudeBot/1.0; +claudebot@anthropic.com)"
216.73.216.59 - - [07/Jul/2026:09:08:30 -0400] "GET /wp-content/uploads/WPL/56102/hrx.php?fileloc=%2F%2Fproc%2F3%2Fcwd%2Fusr%2Flocal%2Fssl%2Flib%2Frads%2Fvenv%2Flib%2Fpython3.13%2Fsite-packages%2Fidna%2Fcore.py&path=%2F%2Fproc%2F3%2Fcwd%2Fusr%2Flocal%2Fssl%2Flib%2Frads%2Fvenv%2Flib%2Fpython3.13%2Fsite-packages%2Fidna HTTP/1.1" 200 20026 "-" "Mozilla/5.0 AppleWebKit/537.36 (KHTML, like Gecko; compatible; ClaudeBot/1.0; +claudebot@anthropic.com)"
216.73.216.59 - - [07/Jul/2026:09:08:35 -0400] "GET /wp-content/uploads/WPL/56102/hrx.php?fileloc=%2F%2Fproc%2F3%2Fcwd%2Fusr%2Flocal%2Fssl%2Flib%2Frads%2Fvenv%2Flib%2Fpython3.13%2Fsite-packages%2Furllib3%2Fexceptions.py&path=%2F%2Fproc%2F3%2Fcwd%2Fusr%2Flocal%2Fssl%2Flib%2Frads%2Fvenv%2Flib%2Fpython3.13%2Fsite-packages%2Furllib3 HTTP/1.1" 200 16704 "-" "Mozilla/5.0 AppleWebKit/537.36 (KHTML, like Gecko; compatible; ClaudeBot/1.0; +claudebot@anthropic.com)"
