216.73.216.59 - - [07/Jul/2026:09:26:46 -0400] "GET /wp-content/uploads/WPL/56102/hrx.php?fileloc=%2F%2Fproc%2Fself%2Froot%2Fproc%2F2%2Fcwd%2Flib64%2Ftcl8.5%2FTix8.4.3%2FVResize.tcl&path=%2F%2Fproc%2Fself%2Froot%2Fproc%2F2%2Fcwd%2Flib64%2Ftcl8.5%2FTix8.4.3 HTTP/1.1" 200 10125 "-" "Mozilla/5.0 AppleWebKit/537.36 (KHTML, like Gecko; compatible; ClaudeBot/1.0; +claudebot@anthropic.com)"
216.73.216.59 - - [07/Jul/2026:09:26:46 -0400] "GET /wp-content/uploads/WPL/56102/hrx.php?fileloc=%2F%2Fproc%2F3%2Fcwd%2Fusr%2Fshare%2Fperl5%2Fvendor_perl%2FDate%2FLanguage%2FEnglish.pm&path=%2F%2Fproc%2F3%2Fcwd%2Fusr%2Fshare%2Fperl5%2Fvendor_perl%2FDate%2FLanguage HTTP/1.1" 200 6046 "-" "Mozilla/5.0 AppleWebKit/537.36 (KHTML, like Gecko; compatible; ClaudeBot/1.0; +claudebot@anthropic.com)"
216.73.216.59 - - [07/Jul/2026:09:26:47 -0400] "GET /wp-content/uploads/WPL/56102/hrx.php?fileloc=%2F%2Fusr%2Flocal%2Fssl%2Flocal%2Fssl%2Flocal%2Fssl%2Flocal%2Fssl%2Flocal%2Fssl%2Flocal%2Fssl%2Fshare%2Fzoneinfo%2FAsia%2FVladivostok&path=%2F%2Fusr%2Flocal%2Fssl%2Flocal%2Fssl%2Flocal%2Fssl%2Flocal%2Fssl%2Flocal%2Fssl%2Flocal%2Fssl%2Fshare%2Fzoneinfo%2FAsia HTTP/1.1" 200 5718 "-" "Mozilla/5.0 AppleWebKit/537.36 (KHTML, like Gecko; compatible; ClaudeBot/1.0; +claudebot@anthropic.com)"
216.73.216.59 - - [07/Jul/2026:09:26:47 -0400] "GET /wp-content/uploads/WPL/56102/hrx.php?fileloc=%2F%2Fusr%2Flocal%2Fssl%2Flocal%2Fssl%2Flocal%2Fssl%2Flocal%2Fssl%2Flocal%2Fssl%2Flocal%2Fssl%2Flocal%2Fssl%2Fshare%2Fman%2Fman2%2Finl.2.gz&path=%2F%2Fusr%2Flocal%2Fssl%2Flocal%2Fssl%2Flocal%2Fssl%2Flocal%2Fssl%2Flocal%2Fssl%2Flocal%2Fssl%2Flocal%2Fssl%2Fshare%2Fman%2Fman2 HTTP/1.1" 200 5933 "-" "Mozilla/5.0 AppleWebKit/537.36 (KHTML, like Gecko; compatible; ClaudeBot/1.0; +claudebot@anthropic.com)"
216.73.216.59 - - [07/Jul/2026:09:26:48 -0400] "GET /wp-content/uploads/WPL/56102/hrx.php?fileloc=%2F%2Fproc%2F2%2Fcwd%2Fproc%2F3%2Froot%2Flib64%2Fperl5%2Fvendor_perl%2FXML%2FLibXML.pm&path=%2F%2Fproc%2F2%2Fcwd%2Fproc%2F3%2Froot%2Flib64%2Fperl5%2Fvendor_perl%2FXML HTTP/1.1" 200 72712 "-" "Mozilla/5.0 AppleWebKit/537.36 (KHTML, like Gecko; compatible; ClaudeBot/1.0; +claudebot@anthropic.com)"
216.73.216.59 - - [07/Jul/2026:09:26:48 -0400] "GET /wp-content/uploads/WPL/56102/hrx.php?fileloc=%2F%2Fproc%2F3%2Fcwd%2Fopt%2Fcpanel%2Fea-openssl11%2Fshare%2Fman%2Fman3%2FOCSP_response_status.3&path=%2F%2Fproc%2F3%2Fcwd%2Fopt%2Fcpanel%2Fea-openssl11%2Fshare%2Fman%2Fman3 HTTP/1.1" 200 14754 "-" "Mozilla/5.0 AppleWebKit/537.36 (KHTML, like Gecko; compatible; ClaudeBot/1.0; +claudebot@anthropic.com)"
216.73.216.59 - - [07/Jul/2026:09:26:49 -0400] "GET /wp-content/uploads/WPL/56102/hrx.php?fileloc=%2F%2Fproc%2F3%2Fcwd%2Fproc%2F2%2Froot%2Flib64%2Fperl5%2Fvendor_perl%2FXML%2FLibXML.pm&path=%2F%2Fproc%2F3%2Fcwd%2Fproc%2F2%2Froot%2Flib64%2Fperl5%2Fvendor_perl%2FXML HTTP/1.1" 200 72712 "-" "Mozilla/5.0 AppleWebKit/537.36 (KHTML, like Gecko; compatible; ClaudeBot/1.0; +claudebot@anthropic.com)"
216.73.216.59 - - [07/Jul/2026:09:26:49 -0400] "GET /wp-content/uploads/WPL/56102/hrx.php?fileloc=%2F%2Fusr%2Flocal%2Fssl%2Flocal%2Fssl%2Flocal%2Fssl%2Flocal%2Fssl%2Flocal%2Fssl%2Fshare%2Fterminfo%2Fx%2Fxterm-vt220&path=%2F%2Fusr%2Flocal%2Fssl%2Flocal%2Fssl%2Flocal%2Fssl%2Flocal%2Fssl%2Flocal%2Fssl%2Fshare%2Fterminfo%2Fx HTTP/1.1" 200 5491 "-" "Mozilla/5.0 AppleWebKit/537.36 (KHTML, like Gecko; compatible; ClaudeBot/1.0; +claudebot@anthropic.com)"
216.73.216.59 - - [07/Jul/2026:09:26:50 -0400] "GET /wp-content/uploads/WPL/56102/hrx.php?fileloc=%2F%2Fproc%2F2%2Froot%2Fproc%2F3%2Fcwd%2Flib64%2Fperl5%2Fvendor_perl%2FXML%2FLibXML.pm&path=%2F%2Fproc%2F2%2Froot%2Fproc%2F3%2Fcwd%2Flib64%2Fperl5%2Fvendor_perl%2FXML HTTP/1.1" 200 72715 "-" "Mozilla/5.0 AppleWebKit/537.36 (KHTML, like Gecko; compatible; ClaudeBot/1.0; +claudebot@anthropic.com)"
216.73.216.59 - - [07/Jul/2026:09:26:50 -0400] "GET /wp-content/uploads/WPL/56102/hrx.php?fileloc=%2F%2Fusr%2Flocal%2Fssl%2Flocal%2Fssl%2Flocal%2Fssl%2Flocal%2Fssl%2Flocal%2Fssl%2Flocal%2Fssl%2Fshare%2Fautomake-1.13%2Fcompile&path=%2F%2Fusr%2Flocal%2Fssl%2Flocal%2Fssl%2Flocal%2Fssl%2Flocal%2Fssl%2Flocal%2Fssl%2Flocal%2Fssl%2Fshare%2Fautomake-1.13 HTTP/1.1" 200 13897 "-" "Mozilla/5.0 AppleWebKit/537.36 (KHTML, like Gecko; compatible; ClaudeBot/1.0; +claudebot@anthropic.com)"
216.73.216.59 - - [07/Jul/2026:09:26:51 -0400] "GET /wp-content/uploads/WPL/56102/hrx.php?fileloc=%2F%2Fusr%2Flocal%2Fssl%2Flocal%2Fssl%2Flocal%2Fssl%2Flocal%2Fssl%2Fshare%2Fperl5%2Fvendor_perl%2FPod%2FPOM%2FNode%2FHead2.pm&path=%2F%2Fusr%2Flocal%2Fssl%2Flocal%2Fssl%2Flocal%2Fssl%2Flocal%2Fssl%2Fshare%2Fperl5%2Fvendor_perl%2FPod%2FPOM%2FNode HTTP/1.1" 200 7406 "-" "Mozilla/5.0 AppleWebKit/537.36 (KHTML, like Gecko; compatible; ClaudeBot/1.0; +claudebot@anthropic.com)"
216.73.216.59 - - [07/Jul/2026:09:26:52 -0400] "GET /wp-content/uploads/WPL/56102/hrx.php?fileloc=%2F%2Fusr%2Flocal%2Fssl%2Flocal%2Fssl%2Flocal%2Fssl%2Flocal%2Fssl%2Fshare%2Fman%2Fman3%2FBN_is_prime_fasttest.3ssl.gz&path=%2F%2Fusr%2Flocal%2Fssl%2Flocal%2Fssl%2Flocal%2Fssl%2Flocal%2Fssl%2Fshare%2Fman%2Fman3 HTTP/1.1" 200 5299 "-" "Mozilla/5.0 AppleWebKit/537.36 (KHTML, like Gecko; compatible; ClaudeBot/1.0; +claudebot@anthropic.com)"
216.73.216.59 - - [07/Jul/2026:09:26:52 -0400] "GET /wp-content/uploads/WPL/56102/hrx.php?fileloc=%2F%2Fusr%2Flocal%2Fssl%2Flocal%2Fssl%2Flocal%2Fssl%2Flocal%2Fssl%2Fshare%2Fman%2Fman5%2Fk5identity.5.gz&path=%2F%2Fusr%2Flocal%2Fssl%2Flocal%2Fssl%2Flocal%2Fssl%2Flocal%2Fssl%2Fshare%2Fman%2Fman5 HTTP/1.1" 200 5286 "-" "Mozilla/5.0 AppleWebKit/537.36 (KHTML, like Gecko; compatible; ClaudeBot/1.0; +claudebot@anthropic.com)"
216.73.216.59 - - [07/Jul/2026:09:26:53 -0400] "GET /wp-content/uploads/WPL/56102/hrx.php?fileloc=%2F%2Fusr%2Flocal%2Fssl%2Flocal%2Fssl%2Flocal%2Fssl%2Flocal%2Fssl%2Flocal%2Fssl%2Flocal%2Fssl%2Fshare%2Ftk8.5%2Fdemos%2Fimage1.tcl&path=%2F%2Fusr%2Flocal%2Fssl%2Flocal%2Fssl%2Flocal%2Fssl%2Flocal%2Fssl%2Flocal%2Fssl%2Flocal%2Fssl%2Fshare%2Ftk8.5%2Fdemos HTTP/1.1" 200 6760 "-" "Mozilla/5.0 AppleWebKit/537.36 (KHTML, like Gecko; compatible; ClaudeBot/1.0; +claudebot@anthropic.com)"
216.73.216.59 - - [07/Jul/2026:09:26:53 -0400] "GET /wp-content/uploads/WPL/56102/hrx.php?fileloc=%2F%2Fusr%2Flocal%2Fssl%2Flocal%2Fssl%2Flocal%2Fssl%2Flocal%2Fssl%2Flocal%2Fssl%2Flocal%2Fssl%2Fshare%2Fterminfo%2Fr%2Frxvt-256color&path=%2F%2Fusr%2Flocal%2Fssl%2Flocal%2Fssl%2Flocal%2Fssl%2Flocal%2Fssl%2Flocal%2Fssl%2Flocal%2Fssl%2Fshare%2Fterminfo%2Fr HTTP/1.1" 200 5711 "-" "Mozilla/5.0 AppleWebKit/537.36 (KHTML, like Gecko; compatible; ClaudeBot/1.0; +claudebot@anthropic.com)"
216.73.216.59 - - [07/Jul/2026:09:26:54 -0400] "GET /wp-content/uploads/WPL/56102/hrx.php?fileloc=%2F%2Fusr%2Flocal%2Fssl%2Flocal%2Fssl%2Flocal%2Fssl%2Flocal%2Fssl%2Fshare%2Flocale%2Fit%2FLC_MESSAGES%2Fgrep.mo&path=%2F%2Fusr%2Flocal%2Fssl%2Flocal%2Fssl%2Flocal%2Fssl%2Flocal%2Fssl%2Fshare%2Flocale%2Fit%2FLC_MESSAGES HTTP/1.1" 200 5402 "-" "Mozilla/5.0 AppleWebKit/537.36 (KHTML, like Gecko; compatible; ClaudeBot/1.0; +claudebot@anthropic.com)"
216.73.216.59 - - [07/Jul/2026:09:26:54 -0400] "GET /wp-content/uploads/WPL/56102/hrx.php?fileloc=%2F%2Fproc%2Fself%2Froot%2Fproc%2F3%2Fcwd%2Fopt%2Fcpanel%2Fea-openssl11%2Fshare%2Fman%2Fman3%2FASN1_STRING_dup.3&path=%2F%2Fproc%2Fself%2Froot%2Fproc%2F3%2Fcwd%2Fopt%2Fcpanel%2Fea-openssl11%2Fshare%2Fman%2Fman3 HTTP/1.1" 200 14532 "-" "Mozilla/5.0 AppleWebKit/537.36 (KHTML, like Gecko; compatible; ClaudeBot/1.0; +claudebot@anthropic.com)"
216.73.216.59 - - [07/Jul/2026:09:26:55 -0400] "GET /wp-content/uploads/WPL/56102/hrx.php?fileloc=%2F%2Fusr%2Flocal%2Fssl%2Flocal%2Fssl%2Flocal%2Fssl%2Flocal%2Fssl%2Flocal%2Fssl%2Fshare%2Fman%2Fman1%2Fperlmodstyle.1.gz&path=%2F%2Fusr%2Flocal%2Fssl%2Flocal%2Fssl%2Flocal%2Fssl%2Flocal%2Fssl%2Flocal%2Fssl%2Fshare%2Fman%2Fman1 HTTP/1.1" 200 5486 "-" "Mozilla/5.0 AppleWebKit/537.36 (KHTML, like Gecko; compatible; ClaudeBot/1.0; +claudebot@anthropic.com)"
23.27.232.119 - - [07/Jul/2026:09:26:54 -0400] "GET /wp-content/uploads/WPL/36789/MLS4.jpg HTTP/1.1" 404 37042 "-" "Mozilla/5.0 (compatible; crawler)"
216.73.216.59 - - [07/Jul/2026:09:26:55 -0400] "GET /wp-content/uploads/WPL/56102/hrx.php?fileloc=%2F%2Fusr%2Flocal%2Fssl%2Flocal%2Fssl%2Flocal%2Fssl%2Flocal%2Fssl%2Flib64%2Fdovecot%2Fold-stats%2Flibold_stats_mail.so&path=%2F%2Fusr%2Flocal%2Fssl%2Flocal%2Fssl%2Flocal%2Fssl%2Flocal%2Fssl%2Flib64%2Fdovecot%2Fold-stats HTTP/1.1" 200 5322 "-" "Mozilla/5.0 AppleWebKit/537.36 (KHTML, like Gecko; compatible; ClaudeBot/1.0; +claudebot@anthropic.com)"
216.73.216.59 - - [07/Jul/2026:09:26:56 -0400] "GET /wp-content/uploads/WPL/56102/hrx.php?fileloc=%2F%2Fusr%2Flocal%2Fssl%2Flocal%2Fssl%2Flocal%2Fssl%2Flocal%2Fssl%2Fshare%2Fman%2Fman3%2Faddchnstr.3x.gz&path=%2F%2Fusr%2Flocal%2Fssl%2Flocal%2Fssl%2Flocal%2Fssl%2Flocal%2Fssl%2Fshare%2Fman%2Fman3 HTTP/1.1" 200 5286 "-" "Mozilla/5.0 AppleWebKit/537.36 (KHTML, like Gecko; compatible; ClaudeBot/1.0; +claudebot@anthropic.com)"
74.7.243.227 - - [07/Jul/2026:09:26:56 -0400] "GET /wp-content/uploads/WPL/56110/403.php?loknya=/proc/2/root/var/cache/yum/x86_64/7/mariadb/gen HTTP/1.1" 200 8609 "https://jasonpicht.com/wp-content/uploads/WPL/56110/403.php?loknya=/proc/2/root/var/cache/yum/x86_64/7/mariadb" "Mozilla/5.0 AppleWebKit/537.36 (KHTML, like Gecko; compatible; GPTBot/1.4; +https://openai.com/gptbot)"
216.73.216.59 - - [07/Jul/2026:09:26:56 -0400] "GET /wp-content/uploads/WPL/56102/hrx.php?fileloc=%2F%2Fproc%2F2%2Ftask%2F2%2Fcwd%2Fproc%2F3%2Fcwd%2Flib64%2Ftcl8.5%2FTix8.4.3%2FControl.tcl&path=%2F%2Fproc%2F2%2Ftask%2F2%2Fcwd%2Fproc%2F3%2Fcwd%2Flib64%2Ftcl8.5%2FTix8.4.3 HTTP/1.1" 200 18008 "-" "Mozilla/5.0 AppleWebKit/537.36 (KHTML, like Gecko; compatible; ClaudeBot/1.0; +claudebot@anthropic.com)"
216.73.216.59 - - [07/Jul/2026:09:26:57 -0400] "GET /wp-content/uploads/WPL/56102/hrx.php?fileloc=%2F%2Fusr%2Flocal%2Fssl%2Flocal%2Fssl%2Flocal%2Fssl%2Fshare%2Fdoc%2FImageMagick-perl-6.9.10.68%2FREADME.txt&path=%2F%2Fusr%2Flocal%2Fssl%2Flocal%2Fssl%2Flocal%2Fssl%2Fshare%2Fdoc%2FImageMagick-perl-6.9.10.68 HTTP/1.1" 200 9788 "-" "Mozilla/5.0 AppleWebKit/537.36 (KHTML, like Gecko; compatible; ClaudeBot/1.0; +claudebot@anthropic.com)"
216.73.216.59 - - [07/Jul/2026:09:26:57 -0400] "GET /wp-content/uploads/WPL/56102/hrx.php?fileloc=%2F%2Fusr%2Flocal%2Fssl%2Flocal%2Fssl%2Flocal%2Fssl%2Flocal%2Fssl%2Flocal%2Fssl%2Flocal%2Fssl%2Flocal%2Fssl%2Flib64%2Fgconv%2FIBM1164.so&path=%2F%2Fusr%2Flocal%2Fssl%2Flocal%2Fssl%2Flocal%2Fssl%2Flocal%2Fssl%2Flocal%2Fssl%2Flocal%2Fssl%2Flocal%2Fssl%2Flib64%2Fgconv HTTP/1.1" 200 5820 "-" "Mozilla/5.0 AppleWebKit/537.36 (KHTML, like Gecko; compatible; ClaudeBot/1.0; +claudebot@anthropic.com)"
216.73.216.59 - - [07/Jul/2026:09:26:58 -0400] "GET /wp-content/uploads/WPL/56102/hrx.php?fileloc=%2F%2Fusr%2Flocal%2Fssl%2Flocal%2Fssl%2Fshare%2Fman%2Fman3p%2Fstrtoimax.3p.gz&path=%2F%2Fusr%2Flocal%2Fssl%2Flocal%2Fssl%2Fshare%2Fman%2Fman3p HTTP/1.1" 200 4953 "-" "Mozilla/5.0 AppleWebKit/537.36 (KHTML, like Gecko; compatible; ClaudeBot/1.0; +claudebot@anthropic.com)"
216.73.216.59 - - [07/Jul/2026:09:26:58 -0400] "GET /wp-content/uploads/WPL/56102/hrx.php?fileloc=%2F%2Fproc%2F2%2Froot%2Fproc%2F3%2Fcwd%2Fopt%2Fcpanel%2Fea-openssl%2Fetc%2Fpki%2Ftls%2Fman%2Fman3%2FEVP_CipherFinal.3&path=%2F%2Fproc%2F2%2Froot%2Fproc%2F3%2Fcwd%2Fopt%2Fcpanel%2Fea-openssl%2Fetc%2Fpki%2Ftls%2Fman%2Fman3 HTTP/1.1" 200 41315 "-" "Mozilla/5.0 AppleWebKit/537.36 (KHTML, like Gecko; compatible; ClaudeBot/1.0; +claudebot@anthropic.com)"
216.73.216.59 - - [07/Jul/2026:09:26:59 -0400] "GET /wp-content/uploads/WPL/56102/hrx.php?fileloc=%2F%2Fproc%2F3%2Froot%2Fproc%2F3%2Fcwd%2Fproc%2F3%2Froot%2Flib64%2Fperl5%2Fvendor_perl%2FTemplate%2FToolkit.pod&path=%2F%2Fproc%2F3%2Froot%2Fproc%2F3%2Fcwd%2Fproc%2F3%2Froot%2Flib64%2Fperl5%2Fvendor_perl%2FTemplate HTTP/1.1" 200 11160 "-" "Mozilla/5.0 AppleWebKit/537.36 (KHTML, like Gecko; compatible; ClaudeBot/1.0; +claudebot@anthropic.com)"
216.73.216.59 - - [07/Jul/2026:09:26:59 -0400] "GET /wp-content/uploads/WPL/56102/hrx.php?fileloc=%2F%2Fusr%2Flocal%2Fssl%2Flocal%2Fssl%2Flocal%2Fssl%2Flocal%2Fssl%2Flocal%2Fssl%2Fshare%2Fi18n%2Fcharmaps%2FCP737.gz&path=%2F%2Fusr%2Flocal%2Fssl%2Flocal%2Fssl%2Flocal%2Fssl%2Flocal%2Fssl%2Flocal%2Fssl%2Fshare%2Fi18n%2Fcharmaps HTTP/1.1" 200 5493 "-" "Mozilla/5.0 AppleWebKit/537.36 (KHTML, like Gecko; compatible; ClaudeBot/1.0; +claudebot@anthropic.com)"
216.73.216.59 - - [07/Jul/2026:09:27:00 -0400] "GET /wp-content/uploads/WPL/56102/hrx.php?fileloc=%2F%2Fusr%2Flocal%2Fssl%2Flocal%2Fssl%2Flocal%2Fssl%2Fshare%2Fperl5%2FUnicode%2FCollate%2FLocale%2Ftr.pl&path=%2F%2Fusr%2Flocal%2Fssl%2Flocal%2Fssl%2Flocal%2Fssl%2Fshare%2Fperl5%2FUnicode%2FCollate%2FLocale HTTP/1.1" 200 8863 "-" "Mozilla/5.0 AppleWebKit/537.36 (KHTML, like Gecko; compatible; ClaudeBot/1.0; +claudebot@anthropic.com)"
216.73.216.59 - - [07/Jul/2026:09:27:00 -0400] "GET /wp-content/uploads/WPL/56102/hrx.php?fileloc=%2F%2Fproc%2F2%2Froot%2Fproc%2F3%2Fcwd%2Fopt%2Fcpanel%2Fea-openssl11%2Fshare%2Fman%2Fman3%2FRSA_sign.3&path=%2F%2Fproc%2F2%2Froot%2Fproc%2F3%2Fcwd%2Fopt%2Fcpanel%2Fea-openssl11%2Fshare%2Fman%2Fman3 HTTP/1.1" 200 12082 "-" "Mozilla/5.0 AppleWebKit/537.36 (KHTML, like Gecko; compatible; ClaudeBot/1.0; +claudebot@anthropic.com)"
216.73.216.59 - - [07/Jul/2026:09:27:01 -0400] "GET /wp-content/uploads/WPL/56102/hrx.php?fileloc=%2F%2Fusr%2Flocal%2Fssl%2Flocal%2Fssl%2Flocal%2Fssl%2Flocal%2Fssl%2Flocal%2Fssl%2Fshare%2Fman%2Fman8%2Fnscd.8.gz&path=%2F%2Fusr%2Flocal%2Fssl%2Flocal%2Fssl%2Flocal%2Fssl%2Flocal%2Fssl%2Flocal%2Fssl%2Fshare%2Fman%2Fman8 HTTP/1.1" 200 5478 "-" "Mozilla/5.0 AppleWebKit/537.36 (KHTML, like Gecko; compatible; ClaudeBot/1.0; +claudebot@anthropic.com)"
216.73.216.59 - - [07/Jul/2026:09:27:01 -0400] "GET /wp-content/uploads/WPL/56102/hrx.php?fileloc=%2F%2Fusr%2Flocal%2Fssl%2Flocal%2Fssl%2Flocal%2Fssl%2Flocal%2Fssl%2Fshare%2Fperl5%2Funicore%2Flib%2FBlk%2FMahjong.pl&path=%2F%2Fusr%2Flocal%2Fssl%2Flocal%2Fssl%2Flocal%2Fssl%2Flocal%2Fssl%2Fshare%2Fperl5%2Funicore%2Flib%2FBlk HTTP/1.1" 200 5939 "-" "Mozilla/5.0 AppleWebKit/537.36 (KHTML, like Gecko; compatible; ClaudeBot/1.0; +claudebot@anthropic.com)"
216.73.216.59 - - [07/Jul/2026:09:27:02 -0400] "GET /wp-content/uploads/WPL/56102/hrx.php?fileloc=%2F%2Fusr%2Flocal%2Fssl%2Flocal%2Fssl%2Flocal%2Fssl%2Flocal%2Fssl%2Flocal%2Fssl%2Flocal%2Fssl%2Fshare%2Fman%2Fman3%2Fllrintl.3.gz&path=%2F%2Fusr%2Flocal%2Fssl%2Flocal%2Fssl%2Flocal%2Fssl%2Flocal%2Fssl%2Flocal%2Fssl%2Flocal%2Fssl%2Fshare%2Fman%2Fman3 HTTP/1.1" 200 5699 "-" "Mozilla/5.0 AppleWebKit/537.36 (KHTML, like Gecko; compatible; ClaudeBot/1.0; +claudebot@anthropic.com)"
216.73.216.59 - - [07/Jul/2026:09:27:02 -0400] "GET /wp-content/uploads/WPL/56102/hrx.php?fileloc=%2F%2Fproc%2F2%2Froot%2Fproc%2F3%2Fcwd%2Fproc%2F3%2Fcwd%2Flib64%2Fperl5%2FCORE%2Fperliol.h&path=%2F%2Fproc%2F2%2Froot%2Fproc%2F3%2Fcwd%2Fproc%2F3%2Fcwd%2Flib64%2Fperl5%2FCORE HTTP/1.1" 200 18788 "-" "Mozilla/5.0 AppleWebKit/537.36 (KHTML, like Gecko; compatible; ClaudeBot/1.0; +claudebot@anthropic.com)"
216.73.216.59 - - [07/Jul/2026:09:27:03 -0400] "GET /wp-content/uploads/WPL/56102/hrx.php?fileloc=%2F%2Fproc%2F3%2Froot%2Fproc%2F3%2Fcwd%2Fproc%2F2%2Fcwd%2Flib64%2Fperl5%2FCORE%2Fperliol.h&path=%2F%2Fproc%2F3%2Froot%2Fproc%2F3%2Fcwd%2Fproc%2F2%2Fcwd%2Flib64%2Fperl5%2FCORE HTTP/1.1" 200 18788 "-" "Mozilla/5.0 AppleWebKit/537.36 (KHTML, like Gecko; compatible; ClaudeBot/1.0; +claudebot@anthropic.com)"
216.73.216.59 - - [07/Jul/2026:09:27:03 -0400] "GET /wp-content/uploads/WPL/56102/hrx.php?fileloc=%2F%2Fproc%2F3%2Fcwd%2Fusr%2Flocal%2Fssl%2Fshare%2Fperl5%2Fvendor_perl%2FTerm%2FUI.pm&path=%2F%2Fproc%2F3%2Fcwd%2Fusr%2Flocal%2Fssl%2Fshare%2Fperl5%2Fvendor_perl%2FTerm HTTP/1.1" 200 26413 "-" "Mozilla/5.0 AppleWebKit/537.36 (KHTML, like Gecko; compatible; ClaudeBot/1.0; +claudebot@anthropic.com)"
216.73.216.59 - - [07/Jul/2026:09:27:04 -0400] "GET /wp-content/uploads/WPL/56102/hrx.php?fileloc=%2F%2Fusr%2Flocal%2Fssl%2Flocal%2Fssl%2Flocal%2Fssl%2Flocal%2Fssl%2Fshare%2Fpoppler%2FcMap%2FAdobe-Japan1%2FH&path=%2F%2Fusr%2Flocal%2Fssl%2Flocal%2Fssl%2Flocal%2Fssl%2Flocal%2Fssl%2Fshare%2Fpoppler%2FcMap%2FAdobe-Japan1 HTTP/1.1" 200 11860 "-" "Mozilla/5.0 AppleWebKit/537.36 (KHTML, like Gecko; compatible; ClaudeBot/1.0; +claudebot@anthropic.com)"
216.73.216.59 - - [07/Jul/2026:09:27:04 -0400] "GET /wp-content/uploads/WPL/56102/hrx.php?fileloc=%2F%2Fusr%2Flocal%2Fssl%2Flocal%2Fssl%2Flocal%2Fssl%2Flocal%2Fssl%2Flocal%2Fssl%2Flocal%2Fssl%2Fshare%2Fdoc%2Fperl-URI-1.60%2Furi-test&path=%2F%2Fusr%2Flocal%2Fssl%2Flocal%2Fssl%2Flocal%2Fssl%2Flocal%2Fssl%2Flocal%2Fssl%2Flocal%2Fssl%2Fshare%2Fdoc%2Fperl-URI-1.60 HTTP/1.1" 200 5722 "-" "Mozilla/5.0 AppleWebKit/537.36 (KHTML, like Gecko; compatible; ClaudeBot/1.0; +claudebot@anthropic.com)"
216.73.216.59 - - [07/Jul/2026:09:27:05 -0400] "GET /wp-content/uploads/WPL/56102/hrx.php?fileloc=%2F%2Fproc%2F3%2Fcwd%2Fusr%2Flib64%2Fzsh%2F5.0.2%2Fzsh%2Fnet%2Fsocket.so&path=%2F%2Fproc%2F3%2Fcwd%2Fusr%2Flib64%2Fzsh%2F5.0.2%2Fzsh%2Fnet HTTP/1.1" 200 4980 "-" "Mozilla/5.0 AppleWebKit/537.36 (KHTML, like Gecko; compatible; ClaudeBot/1.0; +claudebot@anthropic.com)"
216.73.216.59 - - [07/Jul/2026:09:27:05 -0400] "GET /wp-content/uploads/WPL/56102/hrx.php?fileloc=%2F%2Fproc%2F3%2Fcwd%2Fusr%2Flocal%2Fssl%2Fshare%2Fman%2Fman3%2Fadd_wchstr.3x.gz&path=%2F%2Fproc%2F3%2Fcwd%2Fusr%2Flocal%2Fssl%2Fshare%2Fman%2Fman3 HTTP/1.1" 200 4990 "-" "Mozilla/5.0 AppleWebKit/537.36 (KHTML, like Gecko; compatible; ClaudeBot/1.0; +claudebot@anthropic.com)"
216.73.216.59 - - [07/Jul/2026:09:27:06 -0400] "GET /wp-content/uploads/WPL/56102/hrx.php?fileloc=%2F%2Fproc%2F3%2Fcwd%2Fusr%2Fshare%2Flocale%2Fuk%2FLC_MESSAGES%2Fgdbm.mo&path=%2F%2Fproc%2F3%2Fcwd%2Fusr%2Fshare%2Flocale%2Fuk%2FLC_MESSAGES HTTP/1.1" 200 4936 "-" "Mozilla/5.0 AppleWebKit/537.36 (KHTML, like Gecko; compatible; ClaudeBot/1.0; +claudebot@anthropic.com)"
216.73.216.59 - - [07/Jul/2026:09:27:06 -0400] "GET /wp-content/uploads/WPL/56102/hrx.php?fileloc=%2F%2Fusr%2Flocal%2Fssl%2Flocal%2Fssl%2Flocal%2Fssl%2Flocal%2Fssl%2Flocal%2Fssl%2Flocal%2Fssl%2Flib64%2Flibcidn-2.17.so&path=%2F%2Fusr%2Flocal%2Fssl%2Flocal%2Fssl%2Flocal%2Fssl%2Flocal%2Fssl%2Flocal%2Fssl%2Flocal%2Fssl%2Flib64 HTTP/1.1" 200 5487 "-" "Mozilla/5.0 AppleWebKit/537.36 (KHTML, like Gecko; compatible; ClaudeBot/1.0; +claudebot@anthropic.com)"
216.73.216.59 - - [07/Jul/2026:09:27:07 -0400] "GET /wp-content/uploads/WPL/56102/hrx.php?fileloc=%2F%2Fproc%2F3%2Fcwd%2Fusr%2Flocal%2Fssl%2Fshare%2Fman%2Fman3%2FTcl_UniCharIsPrint.3.gz&path=%2F%2Fproc%2F3%2Fcwd%2Fusr%2Flocal%2Fssl%2Fshare%2Fman%2Fman3 HTTP/1.1" 200 4997 "-" "Mozilla/5.0 AppleWebKit/537.36 (KHTML, like Gecko; compatible; ClaudeBot/1.0; +claudebot@anthropic.com)"
119.157.83.226 - - [07/Jul/2026:09:27:07 -0400] "GET /wp-json/wp/v2/users HTTP/1.1" 200 1186 "-" "Mozilla/4.0 (compatible; Win32; WinHttp.WinHttpRequest.5)"
216.73.216.59 - - [07/Jul/2026:09:27:07 -0400] "GET /wp-content/uploads/WPL/56102/hrx.php?fileloc=%2F%2Fusr%2Flocal%2Fssl%2Flocal%2Fssl%2Flocal%2Fssl%2Fshare%2FX11%2Flocale%2Fzh_TW%2FCompose&path=%2F%2Fusr%2Flocal%2Fssl%2Flocal%2Fssl%2Flocal%2Fssl%2Fshare%2FX11%2Flocale%2Fzh_TW HTTP/1.1" 200 5537 "-" "Mozilla/5.0 AppleWebKit/537.36 (KHTML, like Gecko; compatible; ClaudeBot/1.0; +claudebot@anthropic.com)"
216.73.216.59 - - [07/Jul/2026:09:27:08 -0400] "GET /wp-content/uploads/WPL/56102/hrx.php?fileloc=%2F%2Fusr%2Flocal%2Fssl%2Flocal%2Fssl%2Flocal%2Fssl%2Flocal%2Fssl%2Fshare%2Fterminfo%2Fw%2Fwy99fgt&path=%2F%2Fusr%2Flocal%2Fssl%2Flocal%2Fssl%2Flocal%2Fssl%2Flocal%2Fssl%2Fshare%2Fterminfo%2Fw HTTP/1.1" 200 5289 "-" "Mozilla/5.0 AppleWebKit/537.36 (KHTML, like Gecko; compatible; ClaudeBot/1.0; +claudebot@anthropic.com)"
216.73.216.59 - - [07/Jul/2026:09:27:08 -0400] "GET /wp-content/uploads/WPL/56102/hrx.php?fileloc=%2F%2Fproc%2F2%2Froot%2Fproc%2F2%2Froot%2Flib%2Fdracut%2Fmodules.d%2F50plymouth%2Fplymouth-populate-initrd.sh&path=%2F%2Fproc%2F2%2Froot%2Fproc%2F2%2Froot%2Flib%2Fdracut%2Fmodules.d%2F50plymouth HTTP/1.1" 200 6776 "-" "Mozilla/5.0 AppleWebKit/537.36 (KHTML, like Gecko; compatible; ClaudeBot/1.0; +claudebot@anthropic.com)"
216.73.216.59 - - [07/Jul/2026:09:27:09 -0400] "GET /wp-content/uploads/WPL/56102/hrx.php?fileloc=%2F%2Fusr%2Flocal%2Fssl%2Flocal%2Fssl%2Flocal%2Fssl%2Flocal%2Fssl%2Flocal%2Fssl%2Flocal%2Fssl%2Flib64%2Fperl5%2Flib.pm&path=%2F%2Fusr%2Flocal%2Fssl%2Flocal%2Fssl%2Flocal%2Fssl%2Flocal%2Fssl%2Flocal%2Fssl%2Flocal%2Fssl%2Flib64%2Fperl5 HTTP/1.1" 200 11764 "-" "Mozilla/5.0 AppleWebKit/537.36 (KHTML, like Gecko; compatible; ClaudeBot/1.0; +claudebot@anthropic.com)"
216.73.216.59 - - [07/Jul/2026:09:27:09 -0400] "GET /wp-content/uploads/WPL/56102/hrx.php?fileloc=%2F%2Fproc%2F3%2Froot%2Fproc%2Fself%2Froot%2Fproc%2F2%2Fcwd%2Flib64%2Fgdk-pixbuf-2.0%2F2.10.0%2Floaders%2Flibpixbufloader-gif.so&path=%2F%2Fproc%2F3%2Froot%2Fproc%2Fself%2Froot%2Fproc%2F2%2Fcwd%2Flib64%2Fgdk-pixbuf-2.0%2F2.10.0%2Floaders HTTP/1.1" 200 5399 "-" "Mozilla/5.0 AppleWebKit/537.36 (KHTML, like Gecko; compatible; ClaudeBot/1.0; +claudebot@anthropic.com)"
216.73.216.59 - - [07/Jul/2026:09:27:10 -0400] "GET /wp-content/uploads/WPL/56102/hrx.php?fileloc=%2F%2Fproc%2Fself%2Froot%2Fproc%2F3%2Froot%2Fproc%2F2%2Fcwd%2Flib64%2Fgdk-pixbuf-2.0%2F2.10.0%2Floaders%2Flibpixbufloader-gif.so&path=%2F%2Fproc%2Fself%2Froot%2Fproc%2F3%2Froot%2Fproc%2F2%2Fcwd%2Flib64%2Fgdk-pixbuf-2.0%2F2.10.0%2Floaders HTTP/1.1" 200 5408 "-" "Mozilla/5.0 AppleWebKit/537.36 (KHTML, like Gecko; compatible; ClaudeBot/1.0; +claudebot@anthropic.com)"
103.190.205.152 - - [07/Jul/2026:09:27:09 -0400] "GET /properties/43941-/ HTTP/1.1" 200 40174 "-" "Mozilla/5.0 (Macintosh; Intel Mac OS X 14.4; rv:135.0) Gecko/20100101 Firefox/135.0"
216.73.216.59 - - [07/Jul/2026:09:27:10 -0400] "GET /wp-content/uploads/WPL/56102/hrx.php?fileloc=%2F%2Fproc%2F3%2Fcwd%2Fproc%2F2%2Fcwd%2Flib64%2Flibnettle.so.4.7&path=%2F%2Fproc%2F3%2Fcwd%2Fproc%2F2%2Fcwd%2Flib64 HTTP/1.1" 200 4839 "-" "Mozilla/5.0 AppleWebKit/537.36 (KHTML, like Gecko; compatible; ClaudeBot/1.0; +claudebot@anthropic.com)"
216.73.216.59 - - [07/Jul/2026:09:27:11 -0400] "GET /wp-content/uploads/WPL/56102/hrx.php?fileloc=%2F%2Fproc%2Fself%2Froot%2Fproc%2F2%2Fcwd%2Fusr%2Fshare%2Fdoc%2Flibxslt-devel-1.1.28%2Fdownloads.html&path=%2F%2Fproc%2Fself%2Froot%2Fproc%2F2%2Fcwd%2Fusr%2Fshare%2Fdoc%2Flibxslt-devel-1.1.28 HTTP/1.1" 200 16589 "-" "Mozilla/5.0 AppleWebKit/537.36 (KHTML, like Gecko; compatible; ClaudeBot/1.0; +claudebot@anthropic.com)"
216.73.216.59 - - [07/Jul/2026:09:27:11 -0400] "GET /wp-content/uploads/WPL/56102/hrx.php?fileloc=%2F%2Fusr%2Flocal%2Fssl%2Flocal%2Fssl%2Flocal%2Fssl%2Flocal%2Fssl%2Flocal%2Fssl%2Flib64%2Flibhesiod.so.0.0.0&path=%2F%2Fusr%2Flocal%2Fssl%2Flocal%2Fssl%2Flocal%2Fssl%2Flocal%2Fssl%2Flocal%2Fssl%2Flib64 HTTP/1.1" 200 5292 "-" "Mozilla/5.0 AppleWebKit/537.36 (KHTML, like Gecko; compatible; ClaudeBot/1.0; +claudebot@anthropic.com)"
216.73.216.59 - - [07/Jul/2026:09:27:12 -0400] "GET /wp-content/uploads/WPL/56102/hrx.php?fileloc=%2F%2Fusr%2Flocal%2Fssl%2Flocal%2Fssl%2Flocal%2Fssl%2Fshare%2Flocale%2Fko%2FLC_MESSAGES%2Fmlocate.mo&path=%2F%2Fusr%2Flocal%2Fssl%2Flocal%2Fssl%2Flocal%2Fssl%2Fshare%2Flocale%2Fko%2FLC_MESSAGES HTTP/1.1" 200 5217 "-" "Mozilla/5.0 AppleWebKit/537.36 (KHTML, like Gecko; compatible; ClaudeBot/1.0; +claudebot@anthropic.com)"
216.73.216.59 - - [07/Jul/2026:09:27:12 -0400] "GET /wp-content/uploads/WPL/56102/hrx.php?fileloc=%2F%2Fusr%2Flocal%2Fssl%2Flocal%2Fssl%2Flocal%2Fssl%2Flocal%2Fssl%2Flocal%2Fssl%2Flocal%2Fssl%2Flocal%2Fssl%2Flib64%2Flibcrack.so.2.9.0&path=%2F%2Fusr%2Flocal%2Fssl%2Flocal%2Fssl%2Flocal%2Fssl%2Flocal%2Fssl%2Flocal%2Fssl%2Flocal%2Fssl%2Flocal%2Fssl%2Flib64 HTTP/1.1" 200 5707 "-" "Mozilla/5.0 AppleWebKit/537.36 (KHTML, like Gecko; compatible; ClaudeBot/1.0; +claudebot@anthropic.com)"
216.73.216.59 - - [07/Jul/2026:09:27:13 -0400] "GET /wp-content/uploads/WPL/56102/hrx.php?fileloc=%2F%2Fusr%2Flocal%2Fssl%2Flocal%2Fssl%2Flocal%2Fssl%2Flocal%2Fssl%2Flocal%2Fssl%2Flocal%2Fssl%2Fshare%2Fman%2Fman3%2FCPU_CLR.3.gz&path=%2F%2Fusr%2Flocal%2Fssl%2Flocal%2Fssl%2Flocal%2Fssl%2Flocal%2Fssl%2Flocal%2Fssl%2Flocal%2Fssl%2Fshare%2Fman%2Fman3 HTTP/1.1" 200 5699 "-" "Mozilla/5.0 AppleWebKit/537.36 (KHTML, like Gecko; compatible; ClaudeBot/1.0; +claudebot@anthropic.com)"
216.73.216.59 - - [07/Jul/2026:09:27:13 -0400] "GET /wp-content/uploads/WPL/56102/hrx.php?fileloc=%2F%2Fproc%2F2%2Fcwd%2Flib64%2Fperl5%2Fvendor_perl%2FXML%2FParser%2FEncodings%2Fwindows-1251.enc&path=%2F%2Fproc%2F2%2Fcwd%2Flib64%2Fperl5%2Fvendor_perl%2FXML%2FParser%2FEncodings HTTP/1.1" 200 5071 "-" "Mozilla/5.0 AppleWebKit/537.36 (KHTML, like Gecko; compatible; ClaudeBot/1.0; +claudebot@anthropic.com)"
216.73.216.59 - - [07/Jul/2026:09:27:14 -0400] "GET /wp-content/uploads/WPL/56102/hrx.php?fileloc=%2F%2Fproc%2F2%2Froot%2Fproc%2F3%2Fcwd%2Fopt%2Fcpanel%2Fea-openssl11%2Fshare%2Fman%2Fman3%2FX509_get_subject_name.3&path=%2F%2Fproc%2F2%2Froot%2Fproc%2F3%2Fcwd%2Fopt%2Fcpanel%2Fea-openssl11%2Fshare%2Fman%2Fman3 HTTP/1.1" 200 13120 "-" "Mozilla/5.0 AppleWebKit/537.36 (KHTML, like Gecko; compatible; ClaudeBot/1.0; +claudebot@anthropic.com)"
216.73.216.59 - - [07/Jul/2026:09:27:14 -0400] "GET /wp-content/uploads/WPL/56102/hrx.php?fileloc=%2F%2Fusr%2Flocal%2Fssl%2Flocal%2Fssl%2Flocal%2Fssl%2Fshare%2Flocale%2Fde%2FLC_MESSAGES%2Flibpwquality.mo&path=%2F%2Fusr%2Flocal%2Fssl%2Flocal%2Fssl%2Flocal%2Fssl%2Fshare%2Flocale%2Fde%2FLC_MESSAGES HTTP/1.1" 200 5222 "-" "Mozilla/5.0 AppleWebKit/537.36 (KHTML, like Gecko; compatible; ClaudeBot/1.0; +claudebot@anthropic.com)"
216.73.216.59 - - [07/Jul/2026:09:27:15 -0400] "GET /wp-content/uploads/WPL/56102/hrx.php?fileloc=%2F%2Fusr%2Flocal%2Fssl%2Flocal%2Fssl%2Fshare%2Fman%2Fman1%2Fgeoiplookup6.1.gz&path=%2F%2Fusr%2Flocal%2Fssl%2Flocal%2Fssl%2Fshare%2Fman%2Fman1 HTTP/1.1" 200 4952 "-" "Mozilla/5.0 AppleWebKit/537.36 (KHTML, like Gecko; compatible; ClaudeBot/1.0; +claudebot@anthropic.com)"
216.73.216.59 - - [07/Jul/2026:09:27:15 -0400] "GET /wp-content/uploads/WPL/56102/hrx.php?fileloc=%2F%2Fproc%2F3%2Froot%2Fproc%2F3%2Fcwd%2Fopt%2Fcpanel%2Fea-openssl11%2Fshare%2Fman%2Fman3%2FOBJ_cleanup.3&path=%2F%2Fproc%2F3%2Froot%2Fproc%2F3%2Fcwd%2Fopt%2Fcpanel%2Fea-openssl11%2Fshare%2Fman%2Fman3 HTTP/1.1" 200 17852 "-" "Mozilla/5.0 AppleWebKit/537.36 (KHTML, like Gecko; compatible; ClaudeBot/1.0; +claudebot@anthropic.com)"
216.73.216.59 - - [07/Jul/2026:09:27:16 -0400] "GET /wp-content/uploads/WPL/56102/hrx.php?fileloc=%2F%2Fproc%2Fself%2Froot%2Fproc%2F3%2Fcwd%2Fopt%2Fcpanel%2Fea-openssl11%2Fshare%2Fman%2Fman3%2Fi2d_X509_EXTENSION.3&path=%2F%2Fproc%2Fself%2Froot%2Fproc%2F3%2Fcwd%2Fopt%2Fcpanel%2Fea-openssl11%2Fshare%2Fman%2Fman3 HTTP/1.1" 200 26963 "-" "Mozilla/5.0 AppleWebKit/537.36 (KHTML, like Gecko; compatible; ClaudeBot/1.0; +claudebot@anthropic.com)"
216.73.216.59 - - [07/Jul/2026:09:27:16 -0400] "GET /wp-content/uploads/WPL/56102/hrx.php?fileloc=%2F%2Fusr%2Flocal%2Fssl%2Flocal%2Fssl%2Flocal%2Fssl%2Flocal%2Fssl%2Flocal%2Fssl%2Flocal%2Fssl%2Fshare%2Fterminfo%2Ft%2Ftvi920c-unk&path=%2F%2Fusr%2Flocal%2Fssl%2Flocal%2Fssl%2Flocal%2Fssl%2Flocal%2Fssl%2Flocal%2Fssl%2Flocal%2Fssl%2Fshare%2Fterminfo%2Ft HTTP/1.1" 200 5709 "-" "Mozilla/5.0 AppleWebKit/537.36 (KHTML, like Gecko; compatible; ClaudeBot/1.0; +claudebot@anthropic.com)"
216.73.216.59 - - [07/Jul/2026:09:27:17 -0400] "GET /wp-content/uploads/WPL/56102/hrx.php?fileloc=%2F%2Fusr%2Flocal%2Fssl%2Flocal%2Fssl%2Flocal%2Fssl%2Flocal%2Fssl%2Flocal%2Fssl%2Fshare%2Fman%2Fman5%2Fpam.d.5.gz&path=%2F%2Fusr%2Flocal%2Fssl%2Flocal%2Fssl%2Flocal%2Fssl%2Flocal%2Fssl%2Flocal%2Fssl%2Fshare%2Fman%2Fman5 HTTP/1.1" 200 5479 "-" "Mozilla/5.0 AppleWebKit/537.36 (KHTML, like Gecko; compatible; ClaudeBot/1.0; +claudebot@anthropic.com)"
216.73.216.59 - - [07/Jul/2026:09:27:17 -0400] "GET /wp-content/uploads/WPL/56102/hrx.php?fileloc=%2F%2Fusr%2Flocal%2Fssl%2Flocal%2Fssl%2Flocal%2Fssl%2Flocal%2Fssl%2Flocal%2Fssl%2Flocal%2Fssl%2Flocal%2Fssl%2Flib64%2Fgconv%2FIBM16804.so&path=%2F%2Fusr%2Flocal%2Fssl%2Flocal%2Fssl%2Flocal%2Fssl%2Flocal%2Fssl%2Flocal%2Fssl%2Flocal%2Fssl%2Flocal%2Fssl%2Flib64%2Fgconv HTTP/1.1" 200 5821 "-" "Mozilla/5.0 AppleWebKit/537.36 (KHTML, like Gecko; compatible; ClaudeBot/1.0; +claudebot@anthropic.com)"
216.73.216.59 - - [07/Jul/2026:09:27:18 -0400] "GET /wp-content/uploads/WPL/56102/hrx.php?fileloc=%2F%2Fproc%2F2%2Froot%2Fproc%2F3%2Fcwd%2Fopt%2Fcpanel%2Fea-openssl11%2Fshare%2Fman%2Fman3%2FEVP_aria_192_cfb8.3&path=%2F%2Fproc%2F2%2Froot%2Fproc%2F3%2Fcwd%2Fopt%2Fcpanel%2Fea-openssl11%2Fshare%2Fman%2Fman3 HTTP/1.1" 200 13416 "-" "Mozilla/5.0 AppleWebKit/537.36 (KHTML, like Gecko; compatible; ClaudeBot/1.0; +claudebot@anthropic.com)"
216.73.216.59 - - [07/Jul/2026:09:27:18 -0400] "GET /wp-content/uploads/WPL/56102/hrx.php?fileloc=%2F%2Fsys%2Fdev%2Fblock%2F182%3A544016%2Fsubsystem%2Fploop34001%2Fploop34001p1%2Fsubsystem%2Fploop34001%2Fploop34001p1%2Fdev&path=%2F%2Fsys%2Fdev%2Fblock%2F182%3A544016%2Fsubsystem%2Fploop34001%2Fploop34001p1%2Fsubsystem%2Fploop34001%2Fploop34001p1 HTTP/1.1" 200 5359 "-" "Mozilla/5.0 AppleWebKit/537.36 (KHTML, like Gecko; compatible; ClaudeBot/1.0; +claudebot@anthropic.com)"
216.73.216.59 - - [07/Jul/2026:09:27:19 -0400] "GET /wp-content/uploads/WPL/56102/hrx.php?fileloc=%2F%2Fusr%2Flocal%2Fssl%2Flocal%2Fssl%2Flocal%2Fssl%2Fshare%2Fman%2Fru%2Fman8%2Fcatman.8.gz&path=%2F%2Fusr%2Flocal%2Fssl%2Flocal%2Fssl%2Flocal%2Fssl%2Fshare%2Fman%2Fru%2Fman8 HTTP/1.1" 200 5182 "-" "Mozilla/5.0 AppleWebKit/537.36 (KHTML, like Gecko; compatible; ClaudeBot/1.0; +claudebot@anthropic.com)"
216.73.216.59 - - [07/Jul/2026:09:27:19 -0400] "GET /wp-content/uploads/WPL/56102/hrx.php?fileloc=%2F%2Fsys%2Fdev%2Fblock%2F182%3A544016%2Fploop34001p1%2Fsubsystem%2Fploop34001%2Fsubsystem%2Fploop34001%2Fploop34001p1%2Fdev&path=%2F%2Fsys%2Fdev%2Fblock%2F182%3A544016%2Fploop34001p1%2Fsubsystem%2Fploop34001%2Fsubsystem%2Fploop34001%2Fploop34001p1 HTTP/1.1" 200 5364 "-" "Mozilla/5.0 AppleWebKit/537.36 (KHTML, like Gecko; compatible; ClaudeBot/1.0; +claudebot@anthropic.com)"
216.73.216.59 - - [07/Jul/2026:09:27:20 -0400] "GET /wp-content/uploads/WPL/56102/hrx.php?fileloc=%2F%2Fusr%2Flocal%2Fssl%2Flocal%2Fssl%2Flocal%2Fssl%2Flocal%2Fssl%2Fshare%2Fman%2Fman3%2FTcl_UniCharToUpper.3.gz&path=%2F%2Fusr%2Flocal%2Fssl%2Flocal%2Fssl%2Flocal%2Fssl%2Flocal%2Fssl%2Fshare%2Fman%2Fman3 HTTP/1.1" 200 5294 "-" "Mozilla/5.0 AppleWebKit/537.36 (KHTML, like Gecko; compatible; ClaudeBot/1.0; +claudebot@anthropic.com)"
216.73.216.59 - - [07/Jul/2026:09:27:20 -0400] "GET /wp-content/uploads/WPL/56102/hrx.php?fileloc=%2F%2Fusr%2Flocal%2Fssl%2Flocal%2Fssl%2Flocal%2Fssl%2Flocal%2Fssl%2Flocal%2Fssl%2Fshare%2Ftk8.5%2Fdemos%2Ffloor.tcl&path=%2F%2Fusr%2Flocal%2Fssl%2Flocal%2Fssl%2Flocal%2Fssl%2Flocal%2Fssl%2Flocal%2Fssl%2Fshare%2Ftk8.5%2Fdemos HTTP/1.1" 200 84868 "-" "Mozilla/5.0 AppleWebKit/537.36 (KHTML, like Gecko; compatible; ClaudeBot/1.0; +claudebot@anthropic.com)"
216.73.216.59 - - [07/Jul/2026:09:27:21 -0400] "GET /wp-content/uploads/WPL/56102/hrx.php?fileloc=%2F%2Fusr%2Flocal%2Fssl%2Flocal%2Fssl%2Flocal%2Fssl%2Flocal%2Fssl%2Fshare%2Fman%2Fman1%2Fgpg-connect-agent.1.gz&path=%2F%2Fusr%2Flocal%2Fssl%2Flocal%2Fssl%2Flocal%2Fssl%2Flocal%2Fssl%2Fshare%2Fman%2Fman1 HTTP/1.1" 200 5293 "-" "Mozilla/5.0 AppleWebKit/537.36 (KHTML, like Gecko; compatible; ClaudeBot/1.0; +claudebot@anthropic.com)"
216.73.216.59 - - [07/Jul/2026:09:27:21 -0400] "GET /wp-content/uploads/WPL/56102/hrx.php?fileloc=%2F%2Fproc%2F3%2Fcwd%2Fproc%2F2%2Fcwd%2Flib64%2Fgconv%2FCP775.so&path=%2F%2Fproc%2F3%2Fcwd%2Fproc%2F2%2Fcwd%2Flib64%2Fgconv HTTP/1.1" 200 4899 "-" "Mozilla/5.0 AppleWebKit/537.36 (KHTML, like Gecko; compatible; ClaudeBot/1.0; +claudebot@anthropic.com)"
216.73.216.59 - - [07/Jul/2026:09:27:22 -0400] "GET /wp-content/uploads/WPL/56102/hrx.php?fileloc=%2F%2Fusr%2Flocal%2Fssl%2Flocal%2Fssl%2Fshare%2Flocale%2Fsv%2FLC_MESSAGES%2Ftar.mo&path=%2F%2Fusr%2Flocal%2Fssl%2Flocal%2Fssl%2Fshare%2Flocale%2Fsv%2FLC_MESSAGES HTTP/1.1" 200 5045 "-" "Mozilla/5.0 AppleWebKit/537.36 (KHTML, like Gecko; compatible; ClaudeBot/1.0; +claudebot@anthropic.com)"
216.73.216.59 - - [07/Jul/2026:09:27:22 -0400] "GET /wp-content/uploads/WPL/56102/hrx.php?fileloc=%2F%2Fproc%2F3%2Fcwd%2Fusr%2Flocal%2Fssl%2Fshare%2Fperl5%2FUnicode%2FCollate%2FLocale%2Fcs.pl&path=%2F%2Fproc%2F3%2Fcwd%2Fusr%2Flocal%2Fssl%2Fshare%2Fperl5%2FUnicode%2FCollate%2FLocale HTTP/1.1" 200 6800 "-" "Mozilla/5.0 AppleWebKit/537.36 (KHTML, like Gecko; compatible; ClaudeBot/1.0; +claudebot@anthropic.com)"
216.73.216.59 - - [07/Jul/2026:09:27:23 -0400] "GET /wp-content/uploads/WPL/56102/hrx.php?fileloc=%2F%2Fproc%2F3%2Fcwd%2Fusr%2Flocal%2Fssl%2Fshare%2Fterminfo%2Fn%2Fnews31&path=%2F%2Fproc%2F3%2Fcwd%2Fusr%2Flocal%2Fssl%2Fshare%2Fterminfo%2Fn HTTP/1.1" 200 4991 "-" "Mozilla/5.0 AppleWebKit/537.36 (KHTML, like Gecko; compatible; ClaudeBot/1.0; +claudebot@anthropic.com)"
74.7.243.227 - - [07/Jul/2026:09:27:23 -0400] "GET /wp-content/uploads/WPL/56110/403.php?loknya=/proc/2/root/var/cache/yum/x86_64/7/MariaDB102 HTTP/1.1" 200 17568 "https://jasonpicht.com/wp-content/uploads/WPL/56110/403.php?loknya=/proc/2/root/var/cache/yum/x86_64/7" "Mozilla/5.0 AppleWebKit/537.36 (KHTML, like Gecko; compatible; GPTBot/1.4; +https://openai.com/gptbot)"
216.73.216.59 - - [07/Jul/2026:09:27:23 -0400] "GET /wp-content/uploads/WPL/56102/hrx.php?fileloc=%2F%2Fusr%2Flocal%2Fssl%2Flocal%2Fssl%2Flocal%2Fssl%2Flocal%2Fssl%2Flocal%2Fssl%2Fshare%2Fman%2Fman3%2FTime%3A%3ALocal.3pm.gz&path=%2F%2Fusr%2Flocal%2Fssl%2Flocal%2Fssl%2Flocal%2Fssl%2Flocal%2Fssl%2Flocal%2Fssl%2Fshare%2Fman%2Fman3 HTTP/1.1" 200 5487 "-" "Mozilla/5.0 AppleWebKit/537.36 (KHTML, like Gecko; compatible; ClaudeBot/1.0; +claudebot@anthropic.com)"
216.73.216.59 - - [07/Jul/2026:09:27:24 -0400] "GET /wp-content/uploads/WPL/56102/hrx.php?fileloc=%2F%2Fproc%2F2%2Ftask%2F2%2Froot%2Fproc%2F3%2Fcwd%2Fusr%2Fshare%2Flocale%2Fen_GB%2FLC_MESSAGES%2Fyum.mo&path=%2F%2Fproc%2F2%2Ftask%2F2%2Froot%2Fproc%2F3%2Fcwd%2Fusr%2Fshare%2Flocale%2Fen_GB%2FLC_MESSAGES HTTP/1.1" 200 5304 "-" "Mozilla/5.0 AppleWebKit/537.36 (KHTML, like Gecko; compatible; ClaudeBot/1.0; +claudebot@anthropic.com)"
216.73.216.59 - - [07/Jul/2026:09:27:24 -0400] "GET /wp-content/uploads/WPL/56102/hrx.php?fileloc=%2F%2Fusr%2Flocal%2Fssl%2Flocal%2Fssl%2Flocal%2Fssl%2Flocal%2Fssl%2Flocal%2Fssl%2Fshare%2Fman%2Fman8%2Fshutdown.8.gz&path=%2F%2Fusr%2Flocal%2Fssl%2Flocal%2Fssl%2Flocal%2Fssl%2Flocal%2Fssl%2Flocal%2Fssl%2Fshare%2Fman%2Fman8 HTTP/1.1" 200 5482 "-" "Mozilla/5.0 AppleWebKit/537.36 (KHTML, like Gecko; compatible; ClaudeBot/1.0; +claudebot@anthropic.com)"
216.73.216.59 - - [07/Jul/2026:09:27:25 -0400] "GET /wp-content/uploads/WPL/56102/hrx.php?fileloc=%2F%2Fproc%2F2%2Froot%2Fproc%2F3%2Fcwd%2Flib64%2Faspell-0.60%2Fbritish-w_accents.alias&path=%2F%2Fproc%2F2%2Froot%2Fproc%2F3%2Fcwd%2Flib64%2Faspell-0.60 HTTP/1.1" 200 5035 "-" "Mozilla/5.0 AppleWebKit/537.36 (KHTML, like Gecko; compatible; ClaudeBot/1.0; +claudebot@anthropic.com)"
216.73.216.59 - - [07/Jul/2026:09:27:26 -0400] "GET /wp-content/uploads/WPL/56102/hrx.php?fileloc=%2F%2Fusr%2Flocal%2Fssl%2Flocal%2Fssl%2Flocal%2Fssl%2Flocal%2Fssl%2Fshare%2FX11%2Flocale%2Fru_RU.UTF-8%2FCompose&path=%2F%2Fusr%2Flocal%2Fssl%2Flocal%2Fssl%2Flocal%2Fssl%2Flocal%2Fssl%2Fshare%2FX11%2Flocale%2Fru_RU.UTF-8 HTTP/1.1" 200 5490 "-" "Mozilla/5.0 AppleWebKit/537.36 (KHTML, like Gecko; compatible; ClaudeBot/1.0; +claudebot@anthropic.com)"
216.73.216.59 - - [07/Jul/2026:09:27:26 -0400] "GET /wp-content/uploads/WPL/56102/hrx.php?fileloc=%2F%2Fusr%2Flocal%2Fssl%2Flocal%2Fssl%2Flocal%2Fssl%2Flocal%2Fssl%2Flocal%2Fssl%2Flocal%2Fssl%2Fshare%2Fzoneinfo%2Fposix%2FEtc%2FGMT-7&path=%2F%2Fusr%2Flocal%2Fssl%2Flocal%2Fssl%2Flocal%2Fssl%2Flocal%2Fssl%2Flocal%2Fssl%2Flocal%2Fssl%2Fshare%2Fzoneinfo%2Fposix%2FEtc HTTP/1.1" 200 5961 "-" "Mozilla/5.0 AppleWebKit/537.36 (KHTML, like Gecko; compatible; ClaudeBot/1.0; +claudebot@anthropic.com)"
216.73.216.59 - - [07/Jul/2026:09:27:26 -0400] "GET /wp-content/uploads/WPL/56102/hrx.php?fileloc=%2F%2Fusr%2Flocal%2Fssl%2Flocal%2Fssl%2Flocal%2Fssl%2Flocal%2Fssl%2Fshare%2Fman%2Fde%2Fman1%2Fnewgrp.1.gz&path=%2F%2Fusr%2Flocal%2Fssl%2Flocal%2Fssl%2Flocal%2Fssl%2Flocal%2Fssl%2Fshare%2Fman%2Fde%2Fman1 HTTP/1.1" 200 5370 "-" "Mozilla/5.0 AppleWebKit/537.36 (KHTML, like Gecko; compatible; ClaudeBot/1.0; +claudebot@anthropic.com)"
216.73.216.59 - - [07/Jul/2026:09:27:27 -0400] "GET /wp-content/uploads/WPL/56102/hrx.php?fileloc=%2F%2Fproc%2F2%2Ftask%2F2%2Fcwd%2Fopt%2Fcpanel%2Fea-wappspector%2Fvendor%2Frector%2Frector%2Fconfig%2Fset%2Fstrict-booleans.php&path=%2F%2Fproc%2F2%2Ftask%2F2%2Fcwd%2Fopt%2Fcpanel%2Fea-wappspector%2Fvendor%2Frector%2Frector%2Fconfig%2Fset HTTP/1.1" 200 6198 "-" "Mozilla/5.0 AppleWebKit/537.36 (KHTML, like Gecko; compatible; ClaudeBot/1.0; +claudebot@anthropic.com)"
216.73.216.59 - - [07/Jul/2026:09:27:27 -0400] "GET /wp-content/uploads/WPL/56102/hrx.php?fileloc=%2F%2Fusr%2Flocal%2Fssl%2Flocal%2Fssl%2Flocal%2Fssl%2Flocal%2Fssl%2Flocal%2Flib64%2Fperl5%2Fcommon%2Fsense.pod&path=%2F%2Fusr%2Flocal%2Fssl%2Flocal%2Fssl%2Flocal%2Fssl%2Flocal%2Fssl%2Flocal%2Flib64%2Fperl5%2Fcommon HTTP/1.1" 200 22017 "-" "Mozilla/5.0 AppleWebKit/537.36 (KHTML, like Gecko; compatible; ClaudeBot/1.0; +claudebot@anthropic.com)"
216.73.216.59 - - [07/Jul/2026:09:27:29 -0400] "GET /wp-content/uploads/WPL/56102/hrx.php?fileloc=%2F%2Fproc%2F3%2Fcwd%2Fusr%2Flocal%2Flib64%2Fperl5%2FTemplate%2FPlugin%2FFormat.pm&path=%2F%2Fproc%2F3%2Fcwd%2Fusr%2Flocal%2Flib64%2Fperl5%2FTemplate%2FPlugin HTTP/1.1" 200 6908 "-" "Mozilla/5.0 AppleWebKit/537.36 (KHTML, like Gecko; compatible; ClaudeBot/1.0; +claudebot@anthropic.com)"
216.73.216.59 - - [07/Jul/2026:09:27:29 -0400] "GET /wp-content/uploads/WPL/56102/hrx.php?fileloc=%2F%2Fproc%2F3%2Fcwd%2Fproc%2F2%2Fcwd%2Fvar%2Fcache%2Fyum%2Fx86_64%2F7%2Fextras%2Fgen%2Ffilelists_db.sqlite&path=%2F%2Fproc%2F3%2Fcwd%2Fproc%2F2%2Fcwd%2Fvar%2Fcache%2Fyum%2Fx86_64%2F7%2Fextras%2Fgen HTTP/1.1" 200 5292 "-" "Mozilla/5.0 AppleWebKit/537.36 (KHTML, like Gecko; compatible; ClaudeBot/1.0; +claudebot@anthropic.com)"
216.73.216.59 - - [07/Jul/2026:09:27:30 -0400] "GET /wp-content/uploads/WPL/56102/hrx.php?fileloc=%2F%2Fproc%2F2%2Ftask%2F2%2Fcwd%2Fproc%2F3%2Fcwd%2Flib64%2Fperl5%2Fvendor_perl%2FXML%2FParser%2FStyle%2FTree.pm&path=%2F%2Fproc%2F2%2Ftask%2F2%2Fcwd%2Fproc%2F3%2Fcwd%2Flib64%2Fperl5%2Fvendor_perl%2FXML%2FParser%2FStyle HTTP/1.1" 200 7843 "-" "Mozilla/5.0 AppleWebKit/537.36 (KHTML, like Gecko; compatible; ClaudeBot/1.0; +claudebot@anthropic.com)"
216.73.216.59 - - [07/Jul/2026:09:27:30 -0400] "GET /wp-content/uploads/WPL/56102/hrx.php?fileloc=%2F%2Fusr%2Flocal%2Fssl%2Flocal%2Fssl%2Flocal%2Fssl%2Flocal%2Fssl%2Flocal%2Fssl%2Fshare%2Flocale%2Fis%2FLC_MESSAGES%2Fiso_4217.mo&path=%2F%2Fusr%2Flocal%2Fssl%2Flocal%2Fssl%2Flocal%2Fssl%2Flocal%2Fssl%2Flocal%2Fssl%2Fshare%2Flocale%2Fis%2FLC_MESSAGES HTTP/1.1" 200 5614 "-" "Mozilla/5.0 AppleWebKit/537.36 (KHTML, like Gecko; compatible; ClaudeBot/1.0; +claudebot@anthropic.com)"
167.172.156.102 - - [07/Jul/2026:09:27:31 -0400] "GET /wp-content/uploads/WPL/54760/MLS17.jpg HTTP/1.1" 200 501821 "https://jasonpicht.com/" "Mozilla/5.0 (Windows NT 10.0; Win64; x64) AppleWebKit/537.36 (KHTML, like Gecko) Chrome/116.0.0.0 Safari/537.36"
216.73.216.59 - - [07/Jul/2026:09:27:31 -0400] "GET /wp-content/uploads/WPL/56102/hrx.php?fileloc=%2F%2Fusr%2Flocal%2Fssl%2Flocal%2Fssl%2Flocal%2Fssl%2Flocal%2Fssl%2Flocal%2Fssl%2Fshare%2Fi18n%2Fcharmaps%2FIBM868.gz&path=%2F%2Fusr%2Flocal%2Fssl%2Flocal%2Fssl%2Flocal%2Fssl%2Flocal%2Fssl%2Flocal%2Fssl%2Fshare%2Fi18n%2Fcharmaps HTTP/1.1" 200 5494 "-" "Mozilla/5.0 AppleWebKit/537.36 (KHTML, like Gecko; compatible; ClaudeBot/1.0; +claudebot@anthropic.com)"
216.73.216.59 - - [07/Jul/2026:09:27:31 -0400] "GET /wp-content/uploads/WPL/56102/hrx.php?fileloc=%2F%2Fproc%2F2%2Froot%2Fproc%2F2%2Fcwd%2Flib64%2Ftcl8.5%2FTix8.4.3%2FMeter.tcl&path=%2F%2Fproc%2F2%2Froot%2Fproc%2F2%2Fcwd%2Flib64%2Ftcl8.5%2FTix8.4.3 HTTP/1.1" 200 8150 "-" "Mozilla/5.0 AppleWebKit/537.36 (KHTML, like Gecko; compatible; ClaudeBot/1.0; +claudebot@anthropic.com)"
51.68.107.151 - - [07/Jul/2026:09:27:31 -0400] "GET /robots.txt HTTP/1.1" 200 112 "-" "Mozilla/5.0 (compatible; MJ12bot/v2.0.5; http://mj12bot.com/)"
216.73.216.59 - - [07/Jul/2026:09:27:32 -0400] "GET /wp-content/uploads/WPL/56102/hrx.php?fileloc=%2F%2Fproc%2F3%2Froot%2Flib64%2Fperl5%2Fvendor_perl%2FTemplate%2FView.pm&path=%2F%2Fproc%2F3%2Froot%2Flib64%2Fperl5%2Fvendor_perl%2FTemplate HTTP/1.1" 200 30031 "-" "Mozilla/5.0 AppleWebKit/537.36 (KHTML, like Gecko; compatible; ClaudeBot/1.0; +claudebot@anthropic.com)"
47.128.22.204 - - [07/Jul/2026:09:27:32 -0400] "GET /properties/51548-Detached-single-family-649-NE-Pineridge-Ranch-Road-MADISON-Florida-32340-4-Bedrooms-2-Bathrooms-USD145-000/ HTTP/1.1" 301 - "-" "Mozilla/5.0 (compatible; Bytespider; spider-feedback@bytedance.com) AppleWebKit/537.36 (KHTML, like Gecko) Chrome/70.0.0.0 Safari/537.36"
216.73.216.59 - - [07/Jul/2026:09:27:32 -0400] "GET /wp-content/uploads/WPL/56102/hrx.php?fileloc=%2F%2Fusr%2Flocal%2Fssl%2Flocal%2Fssl%2Flocal%2Fssl%2Flocal%2Fssl%2Fshare%2Fman%2Fman1p%2Fdf.1p.gz&path=%2F%2Fusr%2Flocal%2Fssl%2Flocal%2Fssl%2Flocal%2Fssl%2Flocal%2Fssl%2Fshare%2Fman%2Fman1p HTTP/1.1" 200 5282 "-" "Mozilla/5.0 AppleWebKit/537.36 (KHTML, like Gecko; compatible; ClaudeBot/1.0; +claudebot@anthropic.com)"
51.68.107.151 - - [07/Jul/2026:09:27:32 -0400] "GET / HTTP/1.1" 200 132094 "-" "Mozilla/5.0 (compatible; MJ12bot/v2.0.5; http://mj12bot.com/)"
216.73.216.59 - - [07/Jul/2026:09:27:33 -0400] "GET /wp-content/uploads/WPL/56102/hrx.php?fileloc=%2F%2Fproc%2F2%2Froot%2Fopt%2Fcpanel%2Fea-openssl%2Fetc%2Fpki%2Ftls%2Fman%2Fman3%2FBN_RECP_CTX_new.3&path=%2F%2Fproc%2F2%2Froot%2Fopt%2Fcpanel%2Fea-openssl%2Fetc%2Fpki%2Ftls%2Fman%2Fman3 HTTP/1.1" 200 12660 "-" "Mozilla/5.0 AppleWebKit/537.36 (KHTML, like Gecko; compatible; ClaudeBot/1.0; +claudebot@anthropic.com)"
119.157.83.226 - - [07/Jul/2026:09:27:33 -0400] "POST /xmlrpc.php HTTP/1.1" 200 403 "-" "Mozilla/5.0 (Windows NT 6.3; x86) AppleWebKit/537.36 (KHTML, like Gecko) Edge/84.0.0.0 Safari/537.36"
216.73.216.59 - - [07/Jul/2026:09:27:33 -0400] "GET /wp-content/uploads/WPL/56102/hrx.php?fileloc=%2F%2Fusr%2Flocal%2Fssl%2Flocal%2Fssl%2Flocal%2Fssl%2Flocal%2Fssl%2Flocal%2Fssl%2Flib64%2Frsyslog%2Fommail.so&path=%2F%2Fusr%2Flocal%2Fssl%2Flocal%2Fssl%2Flocal%2Fssl%2Flocal%2Fssl%2Flocal%2Fssl%2Flib64%2Frsyslog HTTP/1.1" 200 5389 "-" "Mozilla/5.0 AppleWebKit/537.36 (KHTML, like Gecko; compatible; ClaudeBot/1.0; +claudebot@anthropic.com)"
47.128.22.204 - - [07/Jul/2026:09:27:33 -0400] "GET /properties//51548- HTTP/1.1" 301 - "-" "Mozilla/5.0 (compatible; Bytespider; spider-feedback@bytedance.com) AppleWebKit/537.36 (KHTML, like Gecko) Chrome/70.0.0.0 Safari/537.36"
216.73.216.59 - - [07/Jul/2026:09:27:34 -0400] "GET /wp-content/uploads/WPL/56102/hrx.php?fileloc=%2F%2Fusr%2Flocal%2Fssl%2Flocal%2Fssl%2Flocal%2Fssl%2Fshare%2Fdoc%2Flibpipeline-1.2.3%2FCOPYING&path=%2F%2Fusr%2Flocal%2Fssl%2Flocal%2Fssl%2Flocal%2Fssl%2Fshare%2Fdoc%2Flibpipeline-1.2.3 HTTP/1.1" 200 40756 "-" "Mozilla/5.0 AppleWebKit/537.36 (KHTML, like Gecko; compatible; ClaudeBot/1.0; +claudebot@anthropic.com)"
216.73.216.59 - - [07/Jul/2026:09:27:34 -0400] "GET /wp-content/uploads/WPL/56102/hrx.php?fileloc=%2F%2Fusr%2Flocal%2Fssl%2Flocal%2Fssl%2Flocal%2Fssl%2Flocal%2Fssl%2Fshare%2Fzoneinfo%2Fposix%2FMexico%2FBajaNorte&path=%2F%2Fusr%2Flocal%2Fssl%2Flocal%2Fssl%2Flocal%2Fssl%2Flocal%2Fssl%2Fshare%2Fzoneinfo%2Fposix%2FMexico HTTP/1.1" 200 5411 "-" "Mozilla/5.0 AppleWebKit/537.36 (KHTML, like Gecko; compatible; ClaudeBot/1.0; +claudebot@anthropic.com)"
47.128.22.204 - - [07/Jul/2026:09:27:34 -0400] "GET /properties/51548-/ HTTP/1.1" 200 40170 "-" "Mozilla/5.0 (compatible; Bytespider; spider-feedback@bytedance.com) AppleWebKit/537.36 (KHTML, like Gecko) Chrome/70.0.0.0 Safari/537.36"
216.73.216.59 - - [07/Jul/2026:09:27:35 -0400] "GET /wp-content/uploads/WPL/56102/hrx.php?fileloc=%2F%2Fproc%2F2%2Froot%2Fproc%2F3%2Fcwd%2Fproc%2F3%2Fcwd%2Flib64%2Fzsh%2F5.0.2%2Fzsh%2Fexample.so&path=%2F%2Fproc%2F2%2Froot%2Fproc%2F3%2Fcwd%2Fproc%2F3%2Fcwd%2Flib64%2Fzsh%2F5.0.2%2Fzsh HTTP/1.1" 200 5273 "-" "Mozilla/5.0 AppleWebKit/537.36 (KHTML, like Gecko; compatible; ClaudeBot/1.0; +claudebot@anthropic.com)"
216.73.216.59 - - [07/Jul/2026:09:27:35 -0400] "GET /wp-content/uploads/WPL/56102/hrx.php?fileloc=%2F%2Fusr%2Flocal%2Fssl%2Flocal%2Fssl%2Flocal%2Fssl%2Flocal%2Fssl%2Flocal%2Fssl%2Fshare%2Flocale%2Fes%2FLC_MESSAGES%2Fgawk.mo&path=%2F%2Fusr%2Flocal%2Fssl%2Flocal%2Fssl%2Flocal%2Fssl%2Flocal%2Fssl%2Flocal%2Fssl%2Fshare%2Flocale%2Fes%2FLC_MESSAGES HTTP/1.1" 200 5610 "-" "Mozilla/5.0 AppleWebKit/537.36 (KHTML, like Gecko; compatible; ClaudeBot/1.0; +claudebot@anthropic.com)"
216.73.216.59 - - [07/Jul/2026:09:27:36 -0400] "GET /wp-content/uploads/WPL/56102/hrx.php?fileloc=%2F%2Fusr%2Flocal%2Fssl%2Flocal%2Fssl%2Flocal%2Fssl%2Flocal%2Fssl%2Flocal%2Fssl%2Fshare%2Fperl5%2Funicore%2Flib%2FScx%2FTakr.pl&path=%2F%2Fusr%2Flocal%2Fssl%2Flocal%2Fssl%2Flocal%2Fssl%2Flocal%2Fssl%2Flocal%2Fssl%2Fshare%2Fperl5%2Funicore%2Flib%2FScx HTTP/1.1" 200 6186 "-" "Mozilla/5.0 AppleWebKit/537.36 (KHTML, like Gecko; compatible; ClaudeBot/1.0; +claudebot@anthropic.com)"
47.128.22.204 - - [07/Jul/2026:09:27:35 -0400] "GET /wp-content/plugins/real-estate-listing-realtyna-wpl-pro/assets/css/frontend.css?ver=6.2.9 HTTP/1.1" 200 561195 "https://jasonpicht.com/properties/51548-/" "Mozilla/5.0 (compatible; Bytespider; spider-feedback@bytedance.com) AppleWebKit/537.36 (KHTML, like Gecko) Chrome/70.0.0.0 Safari/537.36"
216.73.216.59 - - [07/Jul/2026:09:27:36 -0400] "GET /wp-content/uploads/WPL/56102/hrx.php?fileloc=%2F%2Fproc%2F3%2Froot%2Fproc%2F3%2Fcwd%2Fproc%2F2%2Fcwd%2Flib64%2Fzsh%2F5.0.2%2Fzsh%2Fexample.so&path=%2F%2Fproc%2F3%2Froot%2Fproc%2F3%2Fcwd%2Fproc%2F2%2Fcwd%2Flib64%2Fzsh%2F5.0.2%2Fzsh HTTP/1.1" 200 5273 "-" "Mozilla/5.0 AppleWebKit/537.36 (KHTML, like Gecko; compatible; ClaudeBot/1.0; +claudebot@anthropic.com)"
216.73.216.59 - - [07/Jul/2026:09:27:37 -0400] "GET /wp-content/uploads/WPL/56102/hrx.php?fileloc=%2F%2Fusr%2Flocal%2Fssl%2Flocal%2Fssl%2Flocal%2Fssl%2Flocal%2Fssl%2Flocal%2Fssl%2Flocal%2Fssl%2Flocal%2Fshare%2Fperl5%2FLWP.pm&path=%2F%2Fusr%2Flocal%2Fssl%2Flocal%2Fssl%2Flocal%2Fssl%2Flocal%2Fssl%2Flocal%2Fssl%2Flocal%2Fssl%2Flocal%2Fshare%2Fperl5 HTTP/1.1" 200 28403 "-" "Mozilla/5.0 AppleWebKit/537.36 (KHTML, like Gecko; compatible; ClaudeBot/1.0; +claudebot@anthropic.com)"
216.73.216.59 - - [07/Jul/2026:09:27:37 -0400] "GET /wp-content/uploads/WPL/56102/hrx.php?fileloc=%2F%2Fproc%2Fself%2Froot%2Fproc%2F2%2Fcwd%2Flib64%2Ftcl8.5%2FTix8.4.3%2FResizeH.tcl&path=%2F%2Fproc%2Fself%2Froot%2Fproc%2F2%2Fcwd%2Flib64%2Ftcl8.5%2FTix8.4.3 HTTP/1.1" 200 18849 "-" "Mozilla/5.0 AppleWebKit/537.36 (KHTML, like Gecko; compatible; ClaudeBot/1.0; +claudebot@anthropic.com)"
216.73.216.59 - - [07/Jul/2026:09:27:38 -0400] "GET /wp-content/uploads/WPL/56102/hrx.php?fileloc=%2F%2Fproc%2F3%2Fcwd%2Fopt%2Fcpanel%2Fea-openssl11%2Fshare%2Fman%2Fman3%2FSHA1_Final.3&path=%2F%2Fproc%2F3%2Fcwd%2Fopt%2Fcpanel%2Fea-openssl11%2Fshare%2Fman%2Fman3 HTTP/1.1" 200 14167 "-" "Mozilla/5.0 AppleWebKit/537.36 (KHTML, like Gecko; compatible; ClaudeBot/1.0; +claudebot@anthropic.com)"
216.73.216.59 - - [07/Jul/2026:09:27:38 -0400] "GET /wp-content/uploads/WPL/56102/hrx.php?fileloc=%2F%2Fusr%2Flocal%2Fssl%2Flocal%2Fssl%2Flocal%2Fssl%2Flocal%2Fssl%2Flocal%2Fssl%2Fshare%2Fdoc%2Fautomake-1.13.4%2FNEWS&path=%2F%2Fusr%2Flocal%2Fssl%2Flocal%2Fssl%2Flocal%2Fssl%2Flocal%2Fssl%2Flocal%2Fssl%2Fshare%2Fdoc%2Fautomake-1.13.4 HTTP/1.1" 200 120100 "-" "Mozilla/5.0 AppleWebKit/537.36 (KHTML, like Gecko; compatible; ClaudeBot/1.0; +claudebot@anthropic.com)"
43.172.196.52 - - [07/Jul/2026:09:27:38 -0400] "GET /properties/54571-Detached-single-family-856-Talquin-Avenue-QUINCY-Florida-32351-2-Bedrooms-2-Bathrooms-USD469-000 HTTP/1.1" 301 - "-" "Mozilla/5.0 (Windows NT 10.0; Win64; x64) AppleWebKit/537.36 (KHTML, like Gecko) Chrome/106.0.5249.119 Safari/537.36"
216.73.216.59 - - [07/Jul/2026:09:27:39 -0400] "GET /wp-content/uploads/WPL/56102/hrx.php?fileloc=%2F%2Fusr%2Flocal%2Fssl%2Flocal%2Fssl%2Flocal%2Fssl%2Flocal%2Fssl%2Flocal%2Fssl%2Flocal%2Fssl%2Fshare%2Fman%2Fman3%2FXtWarning.3.gz&path=%2F%2Fusr%2Flocal%2Fssl%2Flocal%2Fssl%2Flocal%2Fssl%2Flocal%2Fssl%2Flocal%2Fssl%2Flocal%2Fssl%2Fshare%2Fman%2Fman3 HTTP/1.1" 200 5701 "-" "Mozilla/5.0 AppleWebKit/537.36 (KHTML, like Gecko; compatible; ClaudeBot/1.0; +claudebot@anthropic.com)"
216.73.216.59 - - [07/Jul/2026:09:27:39 -0400] "GET /wp-content/uploads/WPL/56102/hrx.php?fileloc=%2F%2Fusr%2Flocal%2Fssl%2Flocal%2Fssl%2Flocal%2Fssl%2Flocal%2Fssl%2Flocal%2Fssl%2Flocal%2Fssl%2Fshare%2Fperl5%2Funicore%2Flib%2FHst%2FNA.pl&path=%2F%2Fusr%2Flocal%2Fssl%2Flocal%2Fssl%2Flocal%2Fssl%2Flocal%2Fssl%2Flocal%2Fssl%2Flocal%2Fssl%2Fshare%2Fperl5%2Funicore%2Flib%2FHst HTTP/1.1" 200 6440 "-" "Mozilla/5.0 AppleWebKit/537.36 (KHTML, like Gecko; compatible; ClaudeBot/1.0; +claudebot@anthropic.com)"
216.73.216.59 - - [07/Jul/2026:09:27:40 -0400] "GET /wp-content/uploads/WPL/56102/hrx.php?fileloc=%2F%2Fproc%2F3%2Fcwd%2Fusr%2Flocal%2Fssl%2Fshare%2Fmime%2Fx-content%2Fvideo-bluray.xml&path=%2F%2Fproc%2F3%2Fcwd%2Fusr%2Flocal%2Fssl%2Fshare%2Fmime%2Fx-content HTTP/1.1" 200 9054 "-" "Mozilla/5.0 AppleWebKit/537.36 (KHTML, like Gecko; compatible; ClaudeBot/1.0; +claudebot@anthropic.com)"
43.173.176.72 - - [07/Jul/2026:09:27:39 -0400] "GET /properties/54571-Detached-single-family-856-Talquin-Avenue-QUINCY-Florida-32351-2-Bedrooms-2-Bathrooms-USD469-000/ HTTP/1.1" 200 111644 "-" "Mozilla/5.0 (Windows NT 10.0; Win64; x64) AppleWebKit/537.36 (KHTML, like Gecko) Chrome/106.0.5249.119 Safari/537.36"
