Heray-Was-Here
Server : Apache
System : Linux vps37394.inmotionhosting.com 3.10.0-1160.119.1.vz7.224.4 #1 SMP Mon Sep 30 15:36:27 MSK 2024 x86_64
User : jasonp18 ( 1000)
PHP Version : 7.4.33
Disable Function : exec,passthru,shell_exec,system
Directory :  /home/jasonp18/access-logs/

Upload File :
current_dir [ Writeable ] document_root [ Writeable ]

 

Current File : /home/jasonp18/access-logs/jasonpicht.com
74.248.158.250 - - [25/Jun/2026:08:02:13 -0400] "GET /wp-content/plugins/hellopress/wp_filemanager.php HTTP/1.1" 404 37013 "-" "-"
74.248.158.250 - - [25/Jun/2026:08:02:15 -0400] "GET /this_is_a_new_hello_world.php HTTP/1.1" 404 36924 "-" "-"
74.248.158.250 - - [25/Jun/2026:08:02:18 -0400] "GET /7.php HTTP/1.1" 404 36924 "-" "-"
74.248.158.250 - - [25/Jun/2026:08:02:19 -0400] "GET /faze.php HTTP/1.1" 404 36924 "-" "-"
74.248.158.250 - - [25/Jun/2026:08:02:21 -0400] "GET /011i.php HTTP/1.1" 404 36924 "-" "-"
74.248.158.250 - - [25/Jun/2026:08:02:23 -0400] "GET /axds.php HTTP/1.1" 404 36924 "-" "-"
74.248.158.250 - - [25/Jun/2026:08:02:25 -0400] "GET /nz.php HTTP/1.1" 404 36924 "-" "-"
74.248.158.250 - - [25/Jun/2026:08:02:27 -0400] "GET /biufile.php HTTP/1.1" 404 36924 "-" "-"
74.248.158.250 - - [25/Jun/2026:08:02:29 -0400] "GET /asdf.php HTTP/1.1" 404 36924 "-" "-"
74.248.158.250 - - [25/Jun/2026:08:02:30 -0400] "GET /solo1.php HTTP/1.1" 404 36924 "-" "-"
74.248.158.250 - - [25/Jun/2026:08:02:32 -0400] "GET /Q1.php HTTP/1.1" 404 36924 "-" "-"
74.248.158.250 - - [25/Jun/2026:08:02:33 -0400] "GET /Q3.php HTTP/1.1" 404 36924 "-" "-"
74.248.158.250 - - [25/Jun/2026:08:02:35 -0400] "GET /class.php HTTP/1.1" 404 36924 "-" "-"
74.248.158.250 - - [25/Jun/2026:08:02:37 -0400] "GET /znar.php HTTP/1.1" 404 36924 "-" "-"
74.248.158.250 - - [25/Jun/2026:08:02:39 -0400] "GET /link.php HTTP/1.1" 404 36924 "-" "-"
74.248.158.250 - - [25/Jun/2026:08:02:41 -0400] "GET /xa.php HTTP/1.1" 404 36924 "-" "-"
74.248.158.250 - - [25/Jun/2026:08:02:42 -0400] "GET /xll.asp HTTP/1.1" 404 36924 "-" "-"
74.248.158.250 - - [25/Jun/2026:08:02:44 -0400] "GET /class14.php HTTP/1.1" 404 36924 "-" "-"
74.248.158.250 - - [25/Jun/2026:08:02:45 -0400] "GET /ctex1.php HTTP/1.1" 404 36924 "-" "-"
74.248.158.250 - - [25/Jun/2026:08:02:47 -0400] "GET /wp-blink.php HTTP/1.1" 404 36924 "-" "-"
74.248.158.250 - - [25/Jun/2026:08:02:49 -0400] "GET /wp-head.php HTTP/1.1" 404 36924 "-" "-"
74.248.158.250 - - [25/Jun/2026:08:02:50 -0400] "GET /spurwing.php HTTP/1.1" 404 36924 "-" "-"
74.248.158.250 - - [25/Jun/2026:08:02:52 -0400] "GET /root.php HTTP/1.1" 404 36924 "-" "-"
74.248.158.250 - - [25/Jun/2026:08:02:54 -0400] "GET /auu.php HTTP/1.1" 404 36924 "-" "-"
74.248.158.250 - - [25/Jun/2026:08:02:56 -0400] "GET /miru1.php HTTP/1.1" 404 36924 "-" "-"
74.248.158.250 - - [25/Jun/2026:08:02:57 -0400] "GET /wp-monkonas.php HTTP/1.1" 404 36924 "-" "-"
74.248.158.250 - - [25/Jun/2026:08:02:59 -0400] "GET /cr7.php HTTP/1.1" 404 36924 "-" "-"
74.248.158.250 - - [25/Jun/2026:08:03:01 -0400] "GET /ovaaotqdq.php HTTP/1.1" 404 36924 "-" "-"
74.248.158.250 - - [25/Jun/2026:08:03:03 -0400] "GET /wax.php HTTP/1.1" 404 36924 "-" "-"
74.248.158.250 - - [25/Jun/2026:08:03:04 -0400] "GET /shadow.php HTTP/1.1" 404 36924 "-" "-"
74.248.158.250 - - [25/Jun/2026:08:03:06 -0400] "GET /cream1.php HTTP/1.1" 404 36924 "-" "-"
74.248.158.250 - - [25/Jun/2026:08:03:07 -0400] "GET /wgvsn.php HTTP/1.1" 404 36924 "-" "-"
74.248.158.250 - - [25/Jun/2026:08:03:09 -0400] "GET /lufix.php HTTP/1.1" 404 36924 "-" "-"
74.248.158.250 - - [25/Jun/2026:08:03:11 -0400] "GET /2P.php HTTP/1.1" 404 36924 "-" "-"
74.248.158.250 - - [25/Jun/2026:08:03:13 -0400] "GET /2P.update.php HTTP/1.1" 404 36924 "-" "-"
74.248.158.250 - - [25/Jun/2026:08:03:15 -0400] "GET /db.php HTTP/1.1" 404 36924 "-" "-"
74.248.158.250 - - [25/Jun/2026:08:03:16 -0400] "GET /rrdbtjru.php HTTP/1.1" 404 36924 "-" "-"
74.248.158.250 - - [25/Jun/2026:08:03:17 -0400] "GET /feed.php HTTP/1.1" 404 36924 "-" "-"
74.248.158.250 - - [25/Jun/2026:08:03:19 -0400] "GET /Sfn2kmdefault.php HTTP/1.1" 404 36924 "-" "-"
74.248.158.250 - - [25/Jun/2026:08:03:21 -0400] "GET /iKScdefault.php HTTP/1.1" 404 36924 "-" "-"
74.248.158.250 - - [25/Jun/2026:08:03:22 -0400] "GET /bawal.php HTTP/1.1" 404 36924 "-" "-"
74.248.158.250 - - [25/Jun/2026:08:03:24 -0400] "GET /BDKR28.php HTTP/1.1" 404 36924 "-" "-"
74.248.158.250 - - [25/Jun/2026:08:03:25 -0400] "GET /odf7udtspqtpxzyxmw2rcCdefault.php HTTP/1.1" 404 36924 "-" "-"
74.248.158.250 - - [25/Jun/2026:08:03:27 -0400] "GET /iQps3ldefault.php HTTP/1.1" 404 36924 "-" "-"
74.248.158.250 - - [25/Jun/2026:08:03:29 -0400] "GET /xxa.php HTTP/1.1" 404 36924 "-" "-"
74.248.158.250 - - [25/Jun/2026:08:03:31 -0400] "GET /dxipc.php HTTP/1.1" 404 36924 "-" "-"
74.248.158.250 - - [25/Jun/2026:08:03:33 -0400] "GET /class-t.api.php HTTP/1.1" 404 36924 "-" "-"
74.248.158.250 - - [25/Jun/2026:08:03:35 -0400] "GET /wp-ws68.php HTTP/1.1" 404 36924 "-" "-"
199.250.200.62 - - [25/Jun/2026:08:05:03 -0400] "GET /?wpl_do_cronjobs=1 HTTP/1.1" 200 - "-" "Wget/1.14 (linux-gnu)"
199.250.200.62 - - [25/Jun/2026:08:06:01 -0400] "GET /?rets_import_cron_job=1 HTTP/1.1" 200 - "-" "Wget/1.14 (linux-gnu)"
199.250.200.62 - - [25/Jun/2026:08:10:01 -0400] "GET /?wpl_do_cronjobs=1 HTTP/1.1" 200 - "-" "Wget/1.14 (linux-gnu)"
199.250.200.62 - - [25/Jun/2026:08:12:01 -0400] "GET /?rets_import_cron_job=1 HTTP/1.1" 200 - "-" "Wget/1.14 (linux-gnu)"
199.250.200.62 - - [25/Jun/2026:08:15:02 -0400] "GET /?wpl_do_cronjobs=1 HTTP/1.1" 200 - "-" "Wget/1.14 (linux-gnu)"
199.250.200.62 - - [25/Jun/2026:08:15:02 -0400] "GET /?rets_purge_cron_job=1 HTTP/1.1" 500 2749 "-" "Wget/1.14 (linux-gnu)"
199.250.200.62 - - [25/Jun/2026:08:18:01 -0400] "GET /?rets_import_cron_job=1 HTTP/1.1" 200 - "-" "Wget/1.14 (linux-gnu)"
199.250.200.62 - - [25/Jun/2026:08:20:01 -0400] "GET /?wpl_do_cronjobs=1 HTTP/1.1" 200 - "-" "Wget/1.14 (linux-gnu)"
216.244.66.239 - - [25/Jun/2026:08:21:12 -0400] "GET /robots.txt HTTP/1.1" 200 112 "-" "Mozilla/5.0 (compatible; DotBot/1.2; +https://opensiteexplorer.org/dotbot; help@moz.com)"
199.250.200.62 - - [25/Jun/2026:08:24:01 -0400] "GET /?rets_import_cron_job=1 HTTP/1.1" 200 - "-" "Wget/1.14 (linux-gnu)"
199.250.200.62 - - [25/Jun/2026:08:25:01 -0400] "GET /?wpl_do_cronjobs=1 HTTP/1.1" 200 - "-" "Wget/1.14 (linux-gnu)"
216.244.66.239 - - [25/Jun/2026:08:29:10 -0400] "GET /properties/jason_picht/?limit=6&wplorderby=p.pic_numb&wplorder=ASC&wplpage=235 HTTP/1.1" 200 123505 "-" "Mozilla/5.0 (compatible; DotBot/1.2; +https://opensiteexplorer.org/dotbot; help@moz.com)"
199.250.200.62 - - [25/Jun/2026:08:30:01 -0400] "GET /?rets_import_cron_job=1 HTTP/1.1" 200 - "-" "Wget/1.14 (linux-gnu)"
199.250.200.62 - - [25/Jun/2026:08:30:01 -0400] "GET /?wpl_do_cronjobs=1 HTTP/1.1" 200 - "-" "Wget/1.14 (linux-gnu)"
199.250.200.62 - - [25/Jun/2026:08:30:01 -0400] "GET /?rets_purge_cron_job=1 HTTP/1.1" 500 2749 "-" "Wget/1.14 (linux-gnu)"
199.250.200.62 - - [25/Jun/2026:08:35:06 -0400] "GET /?wpl_do_cronjobs=1 HTTP/1.1" 200 - "-" "Wget/1.14 (linux-gnu)"
199.250.200.62 - - [25/Jun/2026:08:36:01 -0400] "GET /?rets_import_cron_job=1 HTTP/1.1" 200 - "-" "Wget/1.14 (linux-gnu)"
51.75.236.143 - - [25/Jun/2026:08:36:58 -0400] "GET /robots.txt HTTP/1.1" 301 - "-" "Mozilla/5.0 (compatible; AhrefsBot/7.0; +http://ahrefs.com/robot/)"
51.75.236.143 - - [25/Jun/2026:08:36:59 -0400] "GET /robots.txt HTTP/1.1" 200 112 "-" "Mozilla/5.0 (compatible; AhrefsBot/7.0; +http://ahrefs.com/robot/)"
142.44.233.251 - - [25/Jun/2026:08:37:01 -0400] "GET / HTTP/1.1" 301 - "-" "Mozilla/5.0 (compatible; AhrefsBot/7.0; +http://ahrefs.com/robot/)"
199.250.200.62 - - [25/Jun/2026:08:40:01 -0400] "GET /?wpl_do_cronjobs=1 HTTP/1.1" 200 - "-" "Wget/1.14 (linux-gnu)"
199.250.200.62 - - [25/Jun/2026:08:42:01 -0400] "GET /?rets_import_cron_job=1 HTTP/1.1" 200 - "-" "Wget/1.14 (linux-gnu)"
199.250.200.62 - - [25/Jun/2026:08:45:02 -0400] "GET /?rets_purge_cron_job=1 HTTP/1.1" 500 2749 "-" "Wget/1.14 (linux-gnu)"
199.250.200.62 - - [25/Jun/2026:08:45:02 -0400] "GET /?wpl_do_cronjobs=1 HTTP/1.1" 200 - "-" "Wget/1.14 (linux-gnu)"
199.250.200.62 - - [25/Jun/2026:08:48:01 -0400] "GET /?rets_import_cron_job=1 HTTP/1.1" 200 - "-" "Wget/1.14 (linux-gnu)"
43.164.0.96 - - [25/Jun/2026:08:48:41 -0400] "GET / HTTP/1.1" 301 - "-" "Mozilla/5.0 (iPhone; CPU iPhone OS 13_2_3 like Mac OS X) AppleWebKit/605.1.15 (KHTML, like Gecko) Version/13.0.3 Mobile/15E148 Safari/604.1"
199.250.200.62 - - [25/Jun/2026:08:50:01 -0400] "GET /?wpl_do_cronjobs=1 HTTP/1.1" 200 - "-" "Wget/1.14 (linux-gnu)"
199.250.200.62 - - [25/Jun/2026:08:54:01 -0400] "GET /?rets_import_cron_job=1 HTTP/1.1" 200 - "-" "Wget/1.14 (linux-gnu)"
199.250.200.62 - - [25/Jun/2026:08:55:01 -0400] "GET /?wpl_do_cronjobs=1 HTTP/1.1" 200 - "-" "Wget/1.14 (linux-gnu)"
199.250.200.62 - - [25/Jun/2026:09:00:02 -0400] "GET /?rets_import_cron_job=1 HTTP/1.1" 200 - "-" "Wget/1.14 (linux-gnu)"
199.250.200.62 - - [25/Jun/2026:09:00:03 -0400] "GET /?rets_purge_cron_job=1 HTTP/1.1" 500 2749 "-" "Wget/1.14 (linux-gnu)"
199.250.200.62 - - [25/Jun/2026:09:00:02 -0400] "GET /?wpl_do_cronjobs=1 HTTP/1.1" 200 - "-" "Wget/1.14 (linux-gnu)"
199.250.200.62 - - [25/Jun/2026:09:05:07 -0400] "GET /?wpl_do_cronjobs=1 HTTP/1.1" 200 - "-" "Wget/1.14 (linux-gnu)"
199.250.200.62 - - [25/Jun/2026:09:06:01 -0400] "GET /?rets_import_cron_job=1 HTTP/1.1" 200 - "-" "Wget/1.14 (linux-gnu)"
216.244.66.239 - - [25/Jun/2026:09:06:04 -0400] "GET /robots.txt HTTP/1.1" 200 112 "-" "Mozilla/5.0 (compatible; DotBot/1.2; +https://opensiteexplorer.org/dotbot; help@moz.com)"
199.250.200.62 - - [25/Jun/2026:09:10:02 -0400] "GET /?wpl_do_cronjobs=1 HTTP/1.1" 200 - "-" "Wget/1.14 (linux-gnu)"
199.250.200.62 - - [25/Jun/2026:09:12:02 -0400] "GET /?rets_import_cron_job=1 HTTP/1.1" 200 - "-" "Wget/1.14 (linux-gnu)"
216.244.66.239 - - [25/Jun/2026:09:13:50 -0400] "GET /properties/jason_picht/?wplorderby=p.add_date&wplorder=DESC&limit=12&wplpage=130 HTTP/1.1" 200 145962 "-" "Mozilla/5.0 (compatible; DotBot/1.2; +https://opensiteexplorer.org/dotbot; help@moz.com)"
199.250.200.62 - - [25/Jun/2026:09:15:01 -0400] "GET /?rets_purge_cron_job=1 HTTP/1.1" 500 2749 "-" "Wget/1.14 (linux-gnu)"
199.250.200.62 - - [25/Jun/2026:09:15:01 -0400] "GET /?wpl_do_cronjobs=1 HTTP/1.1" 200 - "-" "Wget/1.14 (linux-gnu)"
199.250.200.62 - - [25/Jun/2026:09:18:01 -0400] "GET /?rets_import_cron_job=1 HTTP/1.1" 200 - "-" "Wget/1.14 (linux-gnu)"
199.250.200.62 - - [25/Jun/2026:09:20:01 -0400] "GET /?wpl_do_cronjobs=1 HTTP/1.1" 200 - "-" "Wget/1.14 (linux-gnu)"
199.250.200.62 - - [25/Jun/2026:09:24:01 -0400] "GET /?rets_import_cron_job=1 HTTP/1.1" 200 - "-" "Wget/1.14 (linux-gnu)"
199.250.200.62 - - [25/Jun/2026:09:25:10 -0400] "GET /?wpl_do_cronjobs=1 HTTP/1.1" 200 - "-" "Wget/1.14 (linux-gnu)"
199.250.200.62 - - [25/Jun/2026:09:30:01 -0400] "GET /?rets_import_cron_job=1 HTTP/1.1" 200 - "-" "Wget/1.14 (linux-gnu)"
199.250.200.62 - - [25/Jun/2026:09:30:01 -0400] "GET /?wpl_do_cronjobs=1 HTTP/1.1" 200 - "-" "Wget/1.14 (linux-gnu)"
199.250.200.62 - - [25/Jun/2026:09:30:01 -0400] "GET /?rets_purge_cron_job=1 HTTP/1.1" 500 2749 "-" "Wget/1.14 (linux-gnu)"
199.250.200.62 - - [25/Jun/2026:09:35:02 -0400] "GET /?wpl_do_cronjobs=1 HTTP/1.1" 200 - "-" "Wget/1.14 (linux-gnu)"
199.250.200.62 - - [25/Jun/2026:09:36:01 -0400] "GET /?rets_import_cron_job=1 HTTP/1.1" 200 - "-" "Wget/1.14 (linux-gnu)"
201.141.27.241 - - [25/Jun/2026:09:37:07 -0400] "GET /search-tallahassee-mls/?wplpage=111 HTTP/1.1" 200 148245 "-" "Mozilla/5.0 (Macintosh; Intel Mac OS X 15_4_1) AppleWebKit/537.36 (KHTML, like Gecko) Chrome/127.0.6533.17 Safari/537.36"
199.250.200.62 - - [25/Jun/2026:09:40:01 -0400] "GET /?wpl_do_cronjobs=1 HTTP/1.1" 200 - "-" "Wget/1.14 (linux-gnu)"
199.250.200.62 - - [25/Jun/2026:09:42:01 -0400] "GET /?rets_import_cron_job=1 HTTP/1.1" 200 - "-" "Wget/1.14 (linux-gnu)"
199.250.200.62 - - [25/Jun/2026:09:45:03 -0400] "GET /?rets_purge_cron_job=1 HTTP/1.1" 500 2749 "-" "Wget/1.14 (linux-gnu)"
199.250.200.62 - - [25/Jun/2026:09:45:04 -0400] "GET /?wpl_do_cronjobs=1 HTTP/1.1" 200 - "-" "Wget/1.14 (linux-gnu)"
199.250.200.62 - - [25/Jun/2026:09:48:01 -0400] "GET /?rets_import_cron_job=1 HTTP/1.1" 200 - "-" "Wget/1.14 (linux-gnu)"
199.250.200.62 - - [25/Jun/2026:09:50:02 -0400] "GET /?wpl_do_cronjobs=1 HTTP/1.1" 200 - "-" "Wget/1.14 (linux-gnu)"
216.244.66.239 - - [25/Jun/2026:09:50:09 -0400] "GET /robots.txt HTTP/1.1" 200 112 "-" "Mozilla/5.0 (compatible; DotBot/1.2; +https://opensiteexplorer.org/dotbot; help@moz.com)"
43.140.37.167 - - [25/Jun/2026:09:53:59 -0400] "GET / HTTP/1.1" 301 - "-" "Mozilla/5.0 (iPhone; CPU iPhone OS 13_2_3 like Mac OS X) AppleWebKit/605.1.15 (KHTML, like Gecko) Version/13.0.3 Mobile/15E148 Safari/604.1"
199.250.200.62 - - [25/Jun/2026:09:54:01 -0400] "GET /?rets_import_cron_job=1 HTTP/1.1" 200 - "-" "Wget/1.14 (linux-gnu)"
199.250.200.62 - - [25/Jun/2026:09:55:01 -0400] "GET /?wpl_do_cronjobs=1 HTTP/1.1" 200 - "-" "Wget/1.14 (linux-gnu)"
199.250.200.62 - - [25/Jun/2026:10:00:04 -0400] "GET /?wpl_do_cronjobs=1 HTTP/1.1" 200 - "-" "Wget/1.14 (linux-gnu)"
199.250.200.62 - - [25/Jun/2026:10:00:04 -0400] "GET /?rets_purge_cron_job=1 HTTP/1.1" 500 2749 "-" "Wget/1.14 (linux-gnu)"
199.250.200.62 - - [25/Jun/2026:10:00:05 -0400] "GET /?rets_import_cron_job=1 HTTP/1.1" 200 - "-" "Wget/1.14 (linux-gnu)"
216.244.66.239 - - [25/Jun/2026:10:00:22 -0400] "GET /properties/27942-/ HTTP/1.1" 200 40135 "-" "Mozilla/5.0 (compatible; DotBot/1.2; +https://opensiteexplorer.org/dotbot; help@moz.com)"
220.181.51.118 - - [25/Jun/2026:10:02:56 -0400] "GET / HTTP/1.1" 301 - "-" "Mozilla/5.0 (Windows NT 10.0; WOW64) AppleWebKit/537.36 (KHTML, like Gecko) Chrome/48.0.2564.116 Safari/537.36"
199.250.200.62 - - [25/Jun/2026:10:05:01 -0400] "GET /?wpl_do_cronjobs=1 HTTP/1.1" 200 - "-" "Wget/1.14 (linux-gnu)"
199.250.200.62 - - [25/Jun/2026:10:06:02 -0400] "GET /?rets_import_cron_job=1 HTTP/1.1" 200 - "-" "Wget/1.14 (linux-gnu)"
199.250.200.62 - - [25/Jun/2026:10:10:01 -0400] "GET /?wpl_do_cronjobs=1 HTTP/1.1" 200 - "-" "Wget/1.14 (linux-gnu)"
199.250.200.62 - - [25/Jun/2026:10:12:01 -0400] "GET /?rets_import_cron_job=1 HTTP/1.1" 200 - "-" "Wget/1.14 (linux-gnu)"
130.94.18.46 - - [25/Jun/2026:10:13:00 -0400] "POST /wp-admin/admin-ajax.php HTTP/1.1" 200 468 "-" "Mozilla/5.0 (Windows NT 10.0; rv:128.0 ) Gecko/20100101 Firefox/128.0"
130.94.18.161 - - [25/Jun/2026:10:14:24 -0400] "GET /wp-content/plugins/formidable/readme.txt HTTP/1.1" 200 79636 "-" "Mozilla/5.0 (Knoppix; Linux x86_64) AppleWebKit/537.36 (KHTML, like Gecko) Chrome/126.0.0.0 Safari/537.36"
220.181.51.116 - - [25/Jun/2026:10:14:37 -0400] "GET / HTTP/1.1" 301 - "-" "Mozilla/5.0 (Windows NT 10.0; WOW64) AppleWebKit/537.36 (KHTML, like Gecko) Chrome/48.0.2564.116 Safari/537.36"
199.250.200.62 - - [25/Jun/2026:10:15:01 -0400] "GET /?wpl_do_cronjobs=1 HTTP/1.1" 200 - "-" "Wget/1.14 (linux-gnu)"
199.250.200.62 - - [25/Jun/2026:10:15:01 -0400] "GET /?rets_purge_cron_job=1 HTTP/1.1" 500 2749 "-" "Wget/1.14 (linux-gnu)"
199.250.200.62 - - [25/Jun/2026:10:18:01 -0400] "GET /?rets_import_cron_job=1 HTTP/1.1" 200 - "-" "Wget/1.14 (linux-gnu)"
3.89.170.186 - - [25/Jun/2026:10:19:12 -0400] "GET /search-tallahassee-mls/?wplpage=93 HTTP/1.1" 200 159985 "-" "Mozilla/5.0 AppleWebKit/537.36 (KHTML, like Gecko; compatible; Amazonbot/0.1; +https://developer.amazon.com/support/amazonbot) Chrome/119.0.6045.214 Safari/537.36"
199.250.200.62 - - [25/Jun/2026:10:20:01 -0400] "GET /?wpl_do_cronjobs=1 HTTP/1.1" 200 - "-" "Wget/1.14 (linux-gnu)"
199.250.200.62 - - [25/Jun/2026:10:24:01 -0400] "GET /?rets_import_cron_job=1 HTTP/1.1" 200 - "-" "Wget/1.14 (linux-gnu)"
199.250.200.62 - - [25/Jun/2026:10:25:02 -0400] "GET /?wpl_do_cronjobs=1 HTTP/1.1" 200 - "-" "Wget/1.14 (linux-gnu)"
199.250.200.62 - - [25/Jun/2026:10:25:10 -0400] "GET /.well-known/acme-challenge/SMROQ2P3_8V36UR5CJY80GMRLCHKRJ96 HTTP/1.1" 200 64 "-" "Cpanel-HTTP-Client/1.0"
199.250.200.62 - - [25/Jun/2026:10:25:10 -0400] "GET /.well-known/acme-challenge/ULSNDGO15KUXLBMUIRT8052_MDYFD2YN HTTP/1.1" 200 64 "-" "Cpanel-HTTP-Client/1.0"
199.250.200.62 - - [25/Jun/2026:10:30:03 -0400] "GET /?wpl_do_cronjobs=1 HTTP/1.1" 200 - "-" "Wget/1.14 (linux-gnu)"
199.250.200.62 - - [25/Jun/2026:10:30:02 -0400] "GET /?rets_purge_cron_job=1 HTTP/1.1" 500 2749 "-" "Wget/1.14 (linux-gnu)"
199.250.200.62 - - [25/Jun/2026:10:30:04 -0400] "GET /?rets_import_cron_job=1 HTTP/1.1" 200 - "-" "Wget/1.14 (linux-gnu)"
17.246.19.207 - - [25/Jun/2026:10:34:06 -0400] "GET /robots.txt HTTP/1.1" 200 112 "-" "Mozilla/5.0 (Macintosh; Intel Mac OS X 10_15_7) AppleWebKit/605.1.15 (KHTML, like Gecko) Version/17.4 Safari/605.1.15 (Applebot/0.1; +http://www.apple.com/go/applebot)"
17.246.19.207 - - [25/Jun/2026:10:34:07 -0400] "GET /search-tallahassee-mls/?wplpage=110 HTTP/1.1" 200 155115 "-" "Mozilla/5.0 (Macintosh; Intel Mac OS X 10_15_7) AppleWebKit/605.1.15 (KHTML, like Gecko) Version/17.4 Safari/605.1.15 (Applebot/0.1; +http://www.apple.com/go/applebot)"
199.250.200.62 - - [25/Jun/2026:10:35:01 -0400] "GET /?wpl_do_cronjobs=1 HTTP/1.1" 200 - "-" "Wget/1.14 (linux-gnu)"
199.250.200.62 - - [25/Jun/2026:10:36:01 -0400] "GET /?rets_import_cron_job=1 HTTP/1.1" 200 - "-" "Wget/1.14 (linux-gnu)"
17.246.23.208 - - [25/Jun/2026:10:38:37 -0400] "GET /wp-content/plugins/formidable/css/formidableforms.css?ver=629028 HTTP/1.1" 200 121147 "http://jasonpicht.com/search-tallahassee-mls/?wplpage=110" "Mozilla/5.0 (Macintosh; Intel Mac OS X 10_15_7) AppleWebKit/605.1.15 (KHTML, like Gecko) Version/17.4 Safari/605.1.15 (Applebot/0.1; +http://www.apple.com/go/applebot)"
17.246.23.208 - - [25/Jun/2026:10:38:38 -0400] "GET /wp-includes/css/classic-themes.min.css?ver=6.2.9 HTTP/1.1" 200 291 "http://jasonpicht.com/search-tallahassee-mls/?wplpage=110" "Mozilla/5.0 (Macintosh; Intel Mac OS X 10_15_7) AppleWebKit/605.1.15 (KHTML, like Gecko) Version/17.4 Safari/605.1.15 (Applebot/0.1; +http://www.apple.com/go/applebot)"
17.246.23.208 - - [25/Jun/2026:10:38:39 -0400] "GET /wp-content/themes/Divi/style.css?ver=6.2.9 HTTP/1.1" 200 823431 "http://jasonpicht.com/search-tallahassee-mls/?wplpage=110" "Mozilla/5.0 (Macintosh; Intel Mac OS X 10_15_7) AppleWebKit/605.1.15 (KHTML, like Gecko) Version/17.4 Safari/605.1.15 (Applebot/0.1; +http://www.apple.com/go/applebot)"
17.246.23.208 - - [25/Jun/2026:10:38:41 -0400] "GET /wp-content/plugins/real-estate-listing-realtyna-wpl-pro/assets/css/frontend.css?ver=6.2.9 HTTP/1.1" 200 561195 "http://jasonpicht.com/search-tallahassee-mls/?wplpage=110" "Mozilla/5.0 (Macintosh; Intel Mac OS X 10_15_7) AppleWebKit/605.1.15 (KHTML, like Gecko) Version/17.4 Safari/605.1.15 (Applebot/0.1; +http://www.apple.com/go/applebot)"
17.246.23.208 - - [25/Jun/2026:10:38:42 -0400] "GET /wp-content/themes/JPicht/style.css?ver=4.8.2 HTTP/1.1" 200 320 "http://jasonpicht.com/search-tallahassee-mls/?wplpage=110" "Mozilla/5.0 (Macintosh; Intel Mac OS X 10_15_7) AppleWebKit/605.1.15 (KHTML, like Gecko) Version/17.4 Safari/605.1.15 (Applebot/0.1; +http://www.apple.com/go/applebot)"
17.246.23.208 - - [25/Jun/2026:10:38:44 -0400] "GET /wp-includes/css/dist/block-library/style.min.css?ver=6.2.9 HTTP/1.1" 200 97517 "http://jasonpicht.com/search-tallahassee-mls/?wplpage=110" "Mozilla/5.0 (Macintosh; Intel Mac OS X 10_15_7) AppleWebKit/605.1.15 (KHTML, like Gecko) Version/17.4 Safari/605.1.15 (Applebot/0.1; +http://www.apple.com/go/applebot)"
17.246.23.208 - - [25/Jun/2026:10:38:45 -0400] "GET /wp-includes/css/dashicons.min.css?ver=6.2.9 HTTP/1.1" 200 59016 "http://jasonpicht.com/search-tallahassee-mls/?wplpage=110" "Mozilla/5.0 (Macintosh; Intel Mac OS X 10_15_7) AppleWebKit/605.1.15 (KHTML, like Gecko) Version/17.4 Safari/605.1.15 (Applebot/0.1; +http://www.apple.com/go/applebot)"
17.246.23.208 - - [25/Jun/2026:10:38:47 -0400] "GET /wp-includes/js/jquery/jquery-migrate.min.js?ver=3.4.0 HTTP/1.1" 200 13424 "http://jasonpicht.com/search-tallahassee-mls/?wplpage=110" "Mozilla/5.0 (Macintosh; Intel Mac OS X 10_15_7) AppleWebKit/605.1.15 (KHTML, like Gecko) Version/17.4 Safari/605.1.15 (Applebot/0.1; +http://www.apple.com/go/applebot)"
17.246.23.208 - - [25/Jun/2026:10:38:48 -0400] "GET /wp-content/plugins/real-estate-listing-realtyna-wpl-pro/assets/js/frontend.min.js?ver=6.2.9 HTTP/1.1" 200 24964 "http://jasonpicht.com/search-tallahassee-mls/?wplpage=110" "Mozilla/5.0 (Macintosh; Intel Mac OS X 10_15_7) AppleWebKit/605.1.15 (KHTML, like Gecko) Version/17.4 Safari/605.1.15 (Applebot/0.1; +http://www.apple.com/go/applebot)"
17.246.23.208 - - [25/Jun/2026:10:38:50 -0400] "GET /wp-content/plugins/real-estate-listing-realtyna-wpl-pro/assets/js/libraries/wpl.handlebars.min.js?ver=6.2.9 HTTP/1.1" 200 65466 "http://jasonpicht.com/search-tallahassee-mls/?wplpage=110" "Mozilla/5.0 (Macintosh; Intel Mac OS X 10_15_7) AppleWebKit/605.1.15 (KHTML, like Gecko) Version/17.4 Safari/605.1.15 (Applebot/0.1; +http://www.apple.com/go/applebot)"
17.246.23.208 - - [25/Jun/2026:10:38:51 -0400] "GET /wp-content/et-cache/511/et-core-unified-511-17812585940269.min.css HTTP/1.1" 200 13115 "http://jasonpicht.com/search-tallahassee-mls/?wplpage=110" "Mozilla/5.0 (Macintosh; Intel Mac OS X 10_15_7) AppleWebKit/605.1.15 (KHTML, like Gecko) Version/17.4 Safari/605.1.15 (Applebot/0.1; +http://www.apple.com/go/applebot)"
17.246.23.208 - - [25/Jun/2026:10:38:53 -0400] "GET /wp-content/plugins/shortcodes-ultimate/includes/css/shortcodes.css?ver=5.9.6 HTTP/1.1" 200 47030 "http://jasonpicht.com/search-tallahassee-mls/?wplpage=110" "Mozilla/5.0 (Macintosh; Intel Mac OS X 10_15_7) AppleWebKit/605.1.15 (KHTML, like Gecko) Version/17.4 Safari/605.1.15 (Applebot/0.1; +http://www.apple.com/go/applebot)"
17.246.23.208 - - [25/Jun/2026:10:38:54 -0400] "GET /wp-content/plugins/shortcodes-ultimate/includes/css/icons.css?ver=1.1.5 HTTP/1.1" 200 33935 "http://jasonpicht.com/search-tallahassee-mls/?wplpage=110" "Mozilla/5.0 (Macintosh; Intel Mac OS X 10_15_7) AppleWebKit/605.1.15 (KHTML, like Gecko) Version/17.4 Safari/605.1.15 (Applebot/0.1; +http://www.apple.com/go/applebot)"
17.246.23.208 - - [25/Jun/2026:10:38:55 -0400] "GET /wp-includes/js/jquery/ui/core.min.js?ver=1.13.2 HTTP/1.1" 200 21438 "http://jasonpicht.com/search-tallahassee-mls/?wplpage=110" "Mozilla/5.0 (Macintosh; Intel Mac OS X 10_15_7) AppleWebKit/605.1.15 (KHTML, like Gecko) Version/17.4 Safari/605.1.15 (Applebot/0.1; +http://www.apple.com/go/applebot)"
17.246.23.208 - - [25/Jun/2026:10:38:57 -0400] "GET /wp-includes/js/jquery/ui/mouse.min.js?ver=1.13.2 HTTP/1.1" 200 3402 "http://jasonpicht.com/search-tallahassee-mls/?wplpage=110" "Mozilla/5.0 (Macintosh; Intel Mac OS X 10_15_7) AppleWebKit/605.1.15 (KHTML, like Gecko) Version/17.4 Safari/605.1.15 (Applebot/0.1; +http://www.apple.com/go/applebot)"
17.246.23.208 - - [25/Jun/2026:10:38:58 -0400] "GET /wp-includes/js/jquery/ui/sortable.min.js?ver=1.13.2 HTTP/1.1" 200 25449 "http://jasonpicht.com/search-tallahassee-mls/?wplpage=110" "Mozilla/5.0 (Macintosh; Intel Mac OS X 10_15_7) AppleWebKit/605.1.15 (KHTML, like Gecko) Version/17.4 Safari/605.1.15 (Applebot/0.1; +http://www.apple.com/go/applebot)"
17.246.23.208 - - [25/Jun/2026:10:39:00 -0400] "GET /wp-content/plugins/real-estate-listing-realtyna-wpl-pro/assets/js/libraries/realtyna/realtyna.min.js?ver=6.2.9 HTTP/1.1" 200 96995 "http://jasonpicht.com/search-tallahassee-mls/?wplpage=110" "Mozilla/5.0 (Macintosh; Intel Mac OS X 10_15_7) AppleWebKit/605.1.15 (KHTML, like Gecko) Version/17.4 Safari/605.1.15 (Applebot/0.1; +http://www.apple.com/go/applebot)"
17.246.23.208 - - [25/Jun/2026:10:39:01 -0400] "GET /wp-content/themes/Divi/js/custom.unified.js?ver=4.8.2 HTTP/1.1" 200 495891 "http://jasonpicht.com/search-tallahassee-mls/?wplpage=110" "Mozilla/5.0 (Macintosh; Intel Mac OS X 10_15_7) AppleWebKit/605.1.15 (KHTML, like Gecko) Version/17.4 Safari/605.1.15 (Applebot/0.1; +http://www.apple.com/go/applebot)"
17.246.23.208 - - [25/Jun/2026:10:39:03 -0400] "GET /wp-content/themes/Divi/core/admin/js/common.js?ver=4.8.2 HTTP/1.1" 200 1360 "http://jasonpicht.com/search-tallahassee-mls/?wplpage=110" "Mozilla/5.0 (Macintosh; Intel Mac OS X 10_15_7) AppleWebKit/605.1.15 (KHTML, like Gecko) Version/17.4 Safari/605.1.15 (Applebot/0.1; +http://www.apple.com/go/applebot)"
17.246.23.208 - - [25/Jun/2026:10:39:04 -0400] "GET /wp-includes/js/jquery/ui/slider.min.js?ver=1.13.2 HTTP/1.1" 200 10728 "http://jasonpicht.com/search-tallahassee-mls/?wplpage=110" "Mozilla/5.0 (Macintosh; Intel Mac OS X 10_15_7) AppleWebKit/605.1.15 (KHTML, like Gecko) Version/17.4 Safari/605.1.15 (Applebot/0.1; +http://www.apple.com/go/applebot)"
17.246.23.208 - - [25/Jun/2026:10:39:06 -0400] "GET /wp-includes/js/jquery/ui/datepicker.min.js?ver=1.13.2 HTTP/1.1" 200 36729 "http://jasonpicht.com/search-tallahassee-mls/?wplpage=110" "Mozilla/5.0 (Macintosh; Intel Mac OS X 10_15_7) AppleWebKit/605.1.15 (KHTML, like Gecko) Version/17.4 Safari/605.1.15 (Applebot/0.1; +http://www.apple.com/go/applebot)"
17.246.23.208 - - [25/Jun/2026:10:39:07 -0400] "GET /wp-content/plugins/real-estate-listing-realtyna-wpl-pro/assets/packages/jquery.ui/checkbox/jquery.checkbox.min.js?ver=6.2.9 HTTP/1.1" 200 2323 "http://jasonpicht.com/search-tallahassee-mls/?wplpage=110" "Mozilla/5.0 (Macintosh; Intel Mac OS X 10_15_7) AppleWebKit/605.1.15 (KHTML, like Gecko) Version/17.4 Safari/605.1.15 (Applebot/0.1; +http://www.apple.com/go/applebot)"
17.246.23.208 - - [25/Jun/2026:10:39:08 -0400] "GET /wp-includes/js/jquery/jquery.min.js?ver=3.6.4 HTTP/1.1" 200 89815 "http://jasonpicht.com/search-tallahassee-mls/?wplpage=110" "Mozilla/5.0 (Macintosh; Intel Mac OS X 10_15_7) AppleWebKit/605.1.15 (KHTML, like Gecko) Version/17.4 Safari/605.1.15 (Applebot/0.1; +http://www.apple.com/go/applebot)"
199.250.200.62 - - [25/Jun/2026:10:40:01 -0400] "GET /?wpl_do_cronjobs=1 HTTP/1.1" 200 - "-" "Wget/1.14 (linux-gnu)"
199.250.200.62 - - [25/Jun/2026:10:42:01 -0400] "GET /?rets_import_cron_job=1 HTTP/1.1" 200 - "-" "Wget/1.14 (linux-gnu)"
199.250.200.62 - - [25/Jun/2026:10:45:01 -0400] "GET /?wpl_do_cronjobs=1 HTTP/1.1" 200 - "-" "Wget/1.14 (linux-gnu)"
199.250.200.62 - - [25/Jun/2026:10:45:01 -0400] "GET /?rets_purge_cron_job=1 HTTP/1.1" 500 2749 "-" "Wget/1.14 (linux-gnu)"
199.250.200.62 - - [25/Jun/2026:10:48:01 -0400] "GET /?rets_import_cron_job=1 HTTP/1.1" 200 - "-" "Wget/1.14 (linux-gnu)"
199.250.200.62 - - [25/Jun/2026:10:50:04 -0400] "GET /?wpl_do_cronjobs=1 HTTP/1.1" 200 - "-" "Wget/1.14 (linux-gnu)"
199.250.200.62 - - [25/Jun/2026:10:54:01 -0400] "GET /?rets_import_cron_job=1 HTTP/1.1" 200 - "-" "Wget/1.14 (linux-gnu)"
199.250.200.62 - - [25/Jun/2026:10:55:01 -0400] "GET /?wpl_do_cronjobs=1 HTTP/1.1" 200 - "-" "Wget/1.14 (linux-gnu)"
199.250.200.62 - - [25/Jun/2026:11:00:01 -0400] "GET /?wpl_do_cronjobs=1 HTTP/1.1" 200 - "-" "Wget/1.14 (linux-gnu)"
199.250.200.62 - - [25/Jun/2026:11:00:01 -0400] "GET /?rets_import_cron_job=1 HTTP/1.1" 200 - "-" "Wget/1.14 (linux-gnu)"
199.250.200.62 - - [25/Jun/2026:11:00:01 -0400] "GET /?rets_purge_cron_job=1 HTTP/1.1" 500 2749 "-" "Wget/1.14 (linux-gnu)"
199.250.200.62 - - [25/Jun/2026:11:05:01 -0400] "GET /?wpl_do_cronjobs=1 HTTP/1.1" 200 - "-" "Wget/1.14 (linux-gnu)"
199.250.200.62 - - [25/Jun/2026:11:06:01 -0400] "GET /?rets_import_cron_job=1 HTTP/1.1" 200 - "-" "Wget/1.14 (linux-gnu)"
88.89.67.235 - - [25/Jun/2026:11:06:43 -0400] "GET /robots.txt HTTP/1.1" 200 112 "-" "Mozilla/5.0 (compatible; MJ12bot/v1.4.8; http://mj12bot.com/)"
88.89.67.235 - - [25/Jun/2026:11:06:46 -0400] "GET /properties/1306-/ HTTP/1.1" 200 40130 "-" "Mozilla/5.0 (compatible; MJ12bot/v1.4.8; http://mj12bot.com/)"
88.89.67.235 - - [25/Jun/2026:11:06:53 -0400] "GET /properties/1393-/ HTTP/1.1" 200 40130 "-" "Mozilla/5.0 (compatible; MJ12bot/v1.4.8; http://mj12bot.com/)"
88.89.67.235 - - [25/Jun/2026:11:06:56 -0400] "GET /properties/1422-/ HTTP/1.1" 200 40130 "-" "Mozilla/5.0 (compatible; MJ12bot/v1.4.8; http://mj12bot.com/)"
88.89.67.235 - - [25/Jun/2026:11:06:59 -0400] "GET /properties/1433-/ HTTP/1.1" 200 40130 "-" "Mozilla/5.0 (compatible; MJ12bot/v1.4.8; http://mj12bot.com/)"
88.89.67.235 - - [25/Jun/2026:11:07:06 -0400] "GET /properties/1437-/ HTTP/1.1" 200 40130 "-" "Mozilla/5.0 (compatible; MJ12bot/v1.4.8; http://mj12bot.com/)"
88.89.67.235 - - [25/Jun/2026:11:07:09 -0400] "GET /properties/1450-/ HTTP/1.1" 200 40130 "-" "Mozilla/5.0 (compatible; MJ12bot/v1.4.8; http://mj12bot.com/)"
88.89.67.235 - - [25/Jun/2026:11:07:20 -0400] "GET /properties/1812-/ HTTP/1.1" 200 40130 "-" "Mozilla/5.0 (compatible; MJ12bot/v1.4.8; http://mj12bot.com/)"
88.89.67.235 - - [25/Jun/2026:11:07:54 -0400] "GET /properties/2016-/ HTTP/1.1" 200 40130 "-" "Mozilla/5.0 (compatible; MJ12bot/v1.4.8; http://mj12bot.com/)"
199.250.200.62 - - [25/Jun/2026:11:10:01 -0400] "GET /?wpl_do_cronjobs=1 HTTP/1.1" 200 - "-" "Wget/1.14 (linux-gnu)"
199.250.200.62 - - [25/Jun/2026:11:12:01 -0400] "GET /?rets_import_cron_job=1 HTTP/1.1" 200 - "-" "Wget/1.14 (linux-gnu)"
51.68.111.241 - - [25/Jun/2026:11:13:35 -0400] "GET /robots.txt HTTP/1.1" 200 112 "-" "Mozilla/5.0 (compatible; MJ12bot/v2.0.5; http://mj12bot.com/)"
51.68.111.241 - - [25/Jun/2026:11:13:36 -0400] "GET / HTTP/1.1" 301 - "-" "Mozilla/5.0 (compatible; MJ12bot/v2.0.5; http://mj12bot.com/)"
199.250.200.62 - - [25/Jun/2026:11:15:01 -0400] "GET /?wpl_do_cronjobs=1 HTTP/1.1" 200 - "-" "Wget/1.14 (linux-gnu)"
199.250.200.62 - - [25/Jun/2026:11:15:01 -0400] "GET /?rets_purge_cron_job=1 HTTP/1.1" 500 2749 "-" "Wget/1.14 (linux-gnu)"
103.46.186.90 - - [25/Jun/2026:11:17:10 -0400] "GET /wp-json/wp/v2/posts HTTP/1.1" 200 23878 "-" "Mozilla/5.0 (Windows NT 10.0; Win64; x64) AppleWebKit/537.36 (KHTML, like Gecko) Chrome/120.0.0.0 Safari/537.36"
199.250.200.62 - - [25/Jun/2026:11:18:04 -0400] "GET /?rets_import_cron_job=1 HTTP/1.1" 200 - "-" "Wget/1.14 (linux-gnu)"
216.244.66.239 - - [25/Jun/2026:11:19:26 -0400] "GET /robots.txt HTTP/1.1" 200 112 "-" "Mozilla/5.0 (compatible; DotBot/1.2; +https://opensiteexplorer.org/dotbot; help@moz.com)"
199.250.200.62 - - [25/Jun/2026:11:20:01 -0400] "GET /?wpl_do_cronjobs=1 HTTP/1.1" 200 - "-" "Wget/1.14 (linux-gnu)"
199.250.200.62 - - [25/Jun/2026:11:24:01 -0400] "GET /?rets_import_cron_job=1 HTTP/1.1" 200 - "-" "Wget/1.14 (linux-gnu)"
199.250.200.62 - - [25/Jun/2026:11:25:02 -0400] "GET /?wpl_do_cronjobs=1 HTTP/1.1" 200 - "-" "Wget/1.14 (linux-gnu)"
216.244.66.239 - - [25/Jun/2026:11:29:23 -0400] "GET /properties/27089-/ HTTP/1.1" 200 40135 "-" "Mozilla/5.0 (compatible; DotBot/1.2; +https://opensiteexplorer.org/dotbot; help@moz.com)"
216.244.66.239 - - [25/Jun/2026:11:29:29 -0400] "GET /properties/46189-/ HTTP/1.1" 200 40135 "-" "Mozilla/5.0 (compatible; DotBot/1.2; +https://opensiteexplorer.org/dotbot; help@moz.com)"
119.249.100.111 - - [25/Jun/2026:11:29:36 -0400] "GET / HTTP/1.1" 301 - "-" "Mozilla/5.0 (Windows NT 10.0; WOW64) AppleWebKit/537.36 (KHTML, like Gecko) Chrome/48.0.2564.116 Safari/537.36"
199.250.200.62 - - [25/Jun/2026:11:30:01 -0400] "GET /?rets_import_cron_job=1 HTTP/1.1" 200 - "-" "Wget/1.14 (linux-gnu)"
199.250.200.62 - - [25/Jun/2026:11:30:01 -0400] "GET /?wpl_do_cronjobs=1 HTTP/1.1" 200 - "-" "Wget/1.14 (linux-gnu)"
199.250.200.62 - - [25/Jun/2026:11:30:01 -0400] "GET /?rets_purge_cron_job=1 HTTP/1.1" 500 2749 "-" "Wget/1.14 (linux-gnu)"
199.250.200.62 - - [25/Jun/2026:11:35:02 -0400] "GET /?wpl_do_cronjobs=1 HTTP/1.1" 200 - "-" "Wget/1.14 (linux-gnu)"
94.74.126.203 - - [25/Jun/2026:11:35:09 -0400] "GET /ip HTTP/1.1" 404 36928 "-" "Mozilla/5.0 (Macintosh; Intel Mac OS X 10_15_7) AppleWebKit/537.36 (KHTML, like Gecko) Chrome/114.0.0.0 Safari/537.36"
111.119.211.201 - - [25/Jun/2026:11:35:09 -0400] "GET /ip HTTP/1.1" 404 36928 "-" "Mozilla/5.0 (Macintosh; Intel Mac OS X 10_15_7) AppleWebKit/537.36 (KHTML, like Gecko) Chrome/114.0.0.0 Safari/537.36"
46.250.169.187 - - [25/Jun/2026:11:35:09 -0400] "GET /ip HTTP/1.1" 404 36928 "-" "Mozilla/5.0 (Macintosh; Intel Mac OS X 10_15_7) AppleWebKit/537.36 (KHTML, like Gecko) Chrome/114.0.0.0 Safari/537.36"
190.92.247.130 - - [25/Jun/2026:11:35:11 -0400] "GET /ip HTTP/1.1" 404 36928 "-" "Mozilla/5.0 (Macintosh; Intel Mac OS X 10_15_7) AppleWebKit/537.36 (KHTML, like Gecko) Chrome/114.0.0.0 Safari/537.36"
188.239.58.191 - - [25/Jun/2026:11:35:11 -0400] "GET /ip HTTP/1.1" 404 36928 "-" "Mozilla/5.0 (Macintosh; Intel Mac OS X 10_15_7) AppleWebKit/537.36 (KHTML, like Gecko) Chrome/114.0.0.0 Safari/537.36"
46.250.173.127 - - [25/Jun/2026:11:35:12 -0400] "GET /ip HTTP/1.1" 404 36928 "-" "Mozilla/5.0 (Macintosh; Intel Mac OS X 10_15_7) AppleWebKit/537.36 (KHTML, like Gecko) Chrome/114.0.0.0 Safari/537.36"
199.250.200.62 - - [25/Jun/2026:11:36:01 -0400] "GET /?rets_import_cron_job=1 HTTP/1.1" 200 - "-" "Wget/1.14 (linux-gnu)"
199.250.200.62 - - [25/Jun/2026:11:40:01 -0400] "GET /?wpl_do_cronjobs=1 HTTP/1.1" 200 - "-" "Wget/1.14 (linux-gnu)"
199.250.200.62 - - [25/Jun/2026:11:42:01 -0400] "GET /?rets_import_cron_job=1 HTTP/1.1" 200 - "-" "Wget/1.14 (linux-gnu)"
199.250.200.62 - - [25/Jun/2026:11:45:01 -0400] "GET /?wpl_do_cronjobs=1 HTTP/1.1" 200 - "-" "Wget/1.14 (linux-gnu)"
199.250.200.62 - - [25/Jun/2026:11:45:02 -0400] "GET /?rets_purge_cron_job=1 HTTP/1.1" 500 2749 "-" "Wget/1.14 (linux-gnu)"
199.250.200.62 - - [25/Jun/2026:11:48:01 -0400] "GET /?rets_import_cron_job=1 HTTP/1.1" 200 - "-" "Wget/1.14 (linux-gnu)"
159.138.140.187 - - [25/Jun/2026:11:48:31 -0400] "GET /ip HTTP/1.1" 404 36928 "-" "Mozilla/5.0 (Macintosh; Intel Mac OS X 10_15_7) AppleWebKit/537.36 (KHTML, like Gecko) Chrome/114.0.0.0 Safari/537.36"
190.92.221.118 - - [25/Jun/2026:11:48:31 -0400] "GET /ip HTTP/1.1" 404 36928 "-" "Mozilla/5.0 (Macintosh; Intel Mac OS X 10_15_7) AppleWebKit/537.36 (KHTML, like Gecko) Chrome/114.0.0.0 Safari/537.36"
46.250.173.127 - - [25/Jun/2026:11:48:32 -0400] "GET /ip HTTP/1.1" 404 36928 "-" "Mozilla/5.0 (Macintosh; Intel Mac OS X 10_15_7) AppleWebKit/537.36 (KHTML, like Gecko) Chrome/114.0.0.0 Safari/537.36"
199.250.200.62 - - [25/Jun/2026:11:50:01 -0400] "GET /?wpl_do_cronjobs=1 HTTP/1.1" 200 - "-" "Wget/1.14 (linux-gnu)"
199.250.200.62 - - [25/Jun/2026:11:54:01 -0400] "GET /?rets_import_cron_job=1 HTTP/1.1" 200 - "-" "Wget/1.14 (linux-gnu)"
199.250.200.62 - - [25/Jun/2026:11:55:03 -0400] "GET /?wpl_do_cronjobs=1 HTTP/1.1" 200 - "-" "Wget/1.14 (linux-gnu)"
199.250.200.62 - - [25/Jun/2026:12:00:08 -0400] "GET /?wpl_do_cronjobs=1 HTTP/1.1" 200 - "-" "Wget/1.14 (linux-gnu)"
199.250.200.62 - - [25/Jun/2026:12:00:08 -0400] "GET /?rets_import_cron_job=1 HTTP/1.1" 200 - "-" "Wget/1.14 (linux-gnu)"
199.250.200.62 - - [25/Jun/2026:12:00:09 -0400] "GET /?rets_purge_cron_job=1 HTTP/1.1" 500 2749 "-" "Wget/1.14 (linux-gnu)"
199.250.200.62 - - [25/Jun/2026:12:00:08 -0400] "GET /?rets_cron_job=1&rets_cron_job_type=offline HTTP/1.1" 200 - "-" "Wget/1.14 (linux-gnu)"
114.119.138.32 - - [25/Jun/2026:12:01:29 -0400] "GET /robots.txt HTTP/1.1" 301 - "http://www.jasonpicht.com/robots.txt" "Mozilla/5.0 (Windows NT 10.0; Win64; x64) AppleWebKit/537.36 (KHTML, like Gecko) Chrome/148.0.0.0 Safari/537.36"
114.119.138.32 - - [25/Jun/2026:12:01:31 -0400] "GET /robots.txt HTTP/1.1" 403 112 "http://www.jasonpicht.com/robots.txt" "Mozilla/5.0 (Windows NT 10.0; Win64; x64) AppleWebKit/537.36 (KHTML, like Gecko) Chrome/148.0.0.0 Safari/537.36"
199.250.200.62 - - [25/Jun/2026:12:05:01 -0400] "GET /?wpl_do_cronjobs=1 HTTP/1.1" 200 - "-" "Wget/1.14 (linux-gnu)"
199.250.200.62 - - [25/Jun/2026:12:06:01 -0400] "GET /?rets_import_cron_job=1 HTTP/1.1" 200 - "-" "Wget/1.14 (linux-gnu)"
199.250.200.62 - - [25/Jun/2026:12:10:01 -0400] "GET /?wpl_do_cronjobs=1 HTTP/1.1" 200 - "-" "Wget/1.14 (linux-gnu)"
199.250.200.62 - - [25/Jun/2026:12:12:01 -0400] "GET /?rets_import_cron_job=1 HTTP/1.1" 200 - "-" "Wget/1.14 (linux-gnu)"
199.250.200.62 - - [25/Jun/2026:12:15:01 -0400] "GET /?wpl_do_cronjobs=1 HTTP/1.1" 200 - "-" "Wget/1.14 (linux-gnu)"
199.250.200.62 - - [25/Jun/2026:12:15:01 -0400] "GET /?rets_purge_cron_job=1 HTTP/1.1" 500 2749 "-" "Wget/1.14 (linux-gnu)"
199.250.200.62 - - [25/Jun/2026:12:18:01 -0400] "GET /?rets_import_cron_job=1 HTTP/1.1" 200 - "-" "Wget/1.14 (linux-gnu)"
199.250.200.62 - - [25/Jun/2026:12:20:01 -0400] "GET /?wpl_do_cronjobs=1 HTTP/1.1" 200 - "-" "Wget/1.14 (linux-gnu)"
199.250.200.62 - - [25/Jun/2026:12:24:01 -0400] "GET /?rets_import_cron_job=1 HTTP/1.1" 200 - "-" "Wget/1.14 (linux-gnu)"
199.250.200.62 - - [25/Jun/2026:12:25:01 -0400] "GET /?wpl_do_cronjobs=1 HTTP/1.1" 200 - "-" "Wget/1.14 (linux-gnu)"
199.250.200.62 - - [25/Jun/2026:12:30:02 -0400] "GET /?rets_purge_cron_job=1 HTTP/1.1" 500 2749 "-" "Wget/1.14 (linux-gnu)"
199.250.200.62 - - [25/Jun/2026:12:30:05 -0400] "GET /?wpl_do_cronjobs=1 HTTP/1.1" 200 - "-" "Wget/1.14 (linux-gnu)"
199.250.200.62 - - [25/Jun/2026:12:30:06 -0400] "GET /?rets_import_cron_job=1 HTTP/1.1" 200 - "-" "Wget/1.14 (linux-gnu)"
64.31.3.126 - - [25/Jun/2026:12:31:44 -0400] "GET / HTTP/1.0" 301 - "http://jasonpicht.com/" "Mozilla/5.0 (Windows NT 10.0; Win64; x64) AppleWebKit/537.36 (KHTML, like Gecko) Chrome/130.0.0.0 Safari/537.36 CCleaner/130.0.0.0"
64.31.3.126 - - [25/Jun/2026:12:31:44 -0400] "GET / HTTP/1.0" 301 - "http://jasonpicht.com/" "Mozilla/5.0 (Windows NT 10.0; Win64; x64) AppleWebKit/537.36 (KHTML, like Gecko) Chrome/130.0.0.0 Safari/537.36"
64.31.3.126 - - [25/Jun/2026:12:31:44 -0400] "GET / HTTP/1.0" 301 - "http://jasonpicht.com/" "Mozilla/5.0 (Windows NT 10.0; Win64; x64) AppleWebKit/537.36 (KHTML, like Gecko) Chrome/129.0.0.0 Safari/537.36"
199.250.200.62 - - [25/Jun/2026:12:35:01 -0400] "GET /?wpl_do_cronjobs=1 HTTP/1.1" 200 - "-" "Wget/1.14 (linux-gnu)"
199.250.200.62 - - [25/Jun/2026:12:36:03 -0400] "GET /?rets_import_cron_job=1 HTTP/1.1" 200 - "-" "Wget/1.14 (linux-gnu)"
199.250.200.62 - - [25/Jun/2026:12:40:01 -0400] "GET /?wpl_do_cronjobs=1 HTTP/1.1" 200 - "-" "Wget/1.14 (linux-gnu)"
199.250.200.62 - - [25/Jun/2026:12:42:01 -0400] "GET /?rets_import_cron_job=1 HTTP/1.1" 200 - "-" "Wget/1.14 (linux-gnu)"
199.250.200.62 - - [25/Jun/2026:12:45:01 -0400] "GET /?rets_purge_cron_job=1 HTTP/1.1" 500 2749 "-" "Wget/1.14 (linux-gnu)"
199.250.200.62 - - [25/Jun/2026:12:45:01 -0400] "GET /?wpl_do_cronjobs=1 HTTP/1.1" 200 - "-" "Wget/1.14 (linux-gnu)"
216.244.66.239 - - [25/Jun/2026:12:47:31 -0400] "GET /robots.txt HTTP/1.1" 200 112 "-" "Mozilla/5.0 (compatible; DotBot/1.2; +https://opensiteexplorer.org/dotbot; help@moz.com)"
199.250.200.62 - - [25/Jun/2026:12:48:01 -0400] "GET /?rets_import_cron_job=1 HTTP/1.1" 200 - "-" "Wget/1.14 (linux-gnu)"
3.89.170.186 - - [25/Jun/2026:12:49:36 -0400] "GET / HTTP/1.1" 301 - "-" "Mozilla/5.0 AppleWebKit/537.36 (KHTML, like Gecko; compatible; Amazonbot/0.1; +https://developer.amazon.com/support/amazonbot) Chrome/119.0.6045.214 Safari/537.36"
199.250.200.62 - - [25/Jun/2026:12:50:01 -0400] "GET /?wpl_do_cronjobs=1 HTTP/1.1" 200 - "-" "Wget/1.14 (linux-gnu)"
65.108.2.171 - - [25/Jun/2026:12:51:42 -0400] "GET /robots.txt HTTP/1.1" 200 112 "-" "Mozilla/5.0 (compatible; MJ12bot/v1.4.8; http://mj12bot.com/)"
65.108.2.171 - - [25/Jun/2026:12:51:44 -0400] "GET /properties/1782-/ HTTP/1.1" 200 40130 "-" "Mozilla/5.0 (compatible; MJ12bot/v1.4.8; http://mj12bot.com/)"
65.108.2.171 - - [25/Jun/2026:12:51:55 -0400] "GET /properties/3569-/ HTTP/1.1" 200 40130 "-" "Mozilla/5.0 (compatible; MJ12bot/v1.4.8; http://mj12bot.com/)"
65.108.2.171 - - [25/Jun/2026:12:53:18 -0400] "GET /properties/3783-/ HTTP/1.1" 200 40130 "-" "Mozilla/5.0 (compatible; MJ12bot/v1.4.8; http://mj12bot.com/)"
216.244.66.239 - - [25/Jun/2026:12:53:30 -0400] "GET /properties/56127-%240/ HTTP/1.1" 200 72530 "-" "Mozilla/5.0 (compatible; DotBot/1.2; +https://opensiteexplorer.org/dotbot; help@moz.com)"
65.108.2.171 - - [25/Jun/2026:12:53:56 -0400] "GET /properties/3807-/ HTTP/1.1" 200 40130 "-" "Mozilla/5.0 (compatible; MJ12bot/v1.4.8; http://mj12bot.com/)"
199.250.200.62 - - [25/Jun/2026:12:54:01 -0400] "GET /?rets_import_cron_job=1 HTTP/1.1" 200 - "-" "Wget/1.14 (linux-gnu)"
65.108.2.171 - - [25/Jun/2026:12:54:52 -0400] "GET /properties/3814-/ HTTP/1.1" 200 40130 "-" "Mozilla/5.0 (compatible; MJ12bot/v1.4.8; http://mj12bot.com/)"
199.250.200.62 - - [25/Jun/2026:12:55:01 -0400] "GET /?wpl_do_cronjobs=1 HTTP/1.1" 200 - "-" "Wget/1.14 (linux-gnu)"
65.108.2.171 - - [25/Jun/2026:12:55:36 -0400] "GET /properties/3838-/ HTTP/1.1" 200 40130 "-" "Mozilla/5.0 (compatible; MJ12bot/v1.4.8; http://mj12bot.com/)"
65.108.2.171 - - [25/Jun/2026:12:55:46 -0400] "GET /properties/3891-/ HTTP/1.1" 200 40130 "-" "Mozilla/5.0 (compatible; MJ12bot/v1.4.8; http://mj12bot.com/)"
65.108.2.171 - - [25/Jun/2026:12:55:48 -0400] "GET /properties/3902-/ HTTP/1.1" 200 40130 "-" "Mozilla/5.0 (compatible; MJ12bot/v1.4.8; http://mj12bot.com/)"
216.244.66.239 - - [25/Jun/2026:12:56:19 -0400] "GET /properties/24405-/ HTTP/1.1" 200 40135 "-" "Mozilla/5.0 (compatible; DotBot/1.2; +https://opensiteexplorer.org/dotbot; help@moz.com)"
216.244.66.239 - - [25/Jun/2026:12:58:15 -0400] "GET /?limit=18&wplpage=2 HTTP/1.1" 301 - "-" "Mozilla/5.0 (compatible; DotBot/1.2; +https://opensiteexplorer.org/dotbot; help@moz.com)"
216.244.66.239 - - [25/Jun/2026:12:58:19 -0400] "GET /properties/24374-/ HTTP/1.1" 200 40135 "-" "Mozilla/5.0 (compatible; DotBot/1.2; +https://opensiteexplorer.org/dotbot; help@moz.com)"
199.250.200.62 - - [25/Jun/2026:13:00:02 -0400] "GET /?rets_purge_cron_job=1 HTTP/1.1" 500 2749 "-" "Wget/1.14 (linux-gnu)"
199.250.200.62 - - [25/Jun/2026:13:00:02 -0400] "GET /?wpl_do_cronjobs=1 HTTP/1.1" 200 - "-" "Wget/1.14 (linux-gnu)"
199.250.200.62 - - [25/Jun/2026:13:00:02 -0400] "GET /?rets_import_cron_job=1 HTTP/1.1" 200 - "-" "Wget/1.14 (linux-gnu)"
199.250.200.62 - - [25/Jun/2026:13:05:01 -0400] "GET /?wpl_do_cronjobs=1 HTTP/1.1" 200 - "-" "Wget/1.14 (linux-gnu)"
199.250.200.62 - - [25/Jun/2026:13:06:01 -0400] "GET /?rets_import_cron_job=1 HTTP/1.1" 200 - "-" "Wget/1.14 (linux-gnu)"
199.250.200.62 - - [25/Jun/2026:13:10:04 -0400] "GET /?wpl_do_cronjobs=1 HTTP/1.1" 200 - "-" "Wget/1.14 (linux-gnu)"
199.250.200.62 - - [25/Jun/2026:13:12:01 -0400] "GET /?rets_import_cron_job=1 HTTP/1.1" 200 - "-" "Wget/1.14 (linux-gnu)"
199.250.200.62 - - [25/Jun/2026:13:15:01 -0400] "GET /?wpl_do_cronjobs=1 HTTP/1.1" 200 - "-" "Wget/1.14 (linux-gnu)"
199.250.200.62 - - [25/Jun/2026:13:15:02 -0400] "GET /?rets_purge_cron_job=1 HTTP/1.1" 500 2749 "-" "Wget/1.14 (linux-gnu)"
199.250.200.62 - - [25/Jun/2026:13:18:01 -0400] "GET /?rets_import_cron_job=1 HTTP/1.1" 200 - "-" "Wget/1.14 (linux-gnu)"
199.250.200.62 - - [25/Jun/2026:13:20:01 -0400] "GET /?wpl_do_cronjobs=1 HTTP/1.1" 200 - "-" "Wget/1.14 (linux-gnu)"
199.250.200.62 - - [25/Jun/2026:13:24:01 -0400] "GET /?rets_import_cron_job=1 HTTP/1.1" 200 - "-" "Wget/1.14 (linux-gnu)"
199.250.200.62 - - [25/Jun/2026:13:25:01 -0400] "GET /?wpl_do_cronjobs=1 HTTP/1.1" 200 - "-" "Wget/1.14 (linux-gnu)"
199.250.200.62 - - [25/Jun/2026:13:25:10 -0400] "GET /.well-known/acme-challenge/GBVI4NPBAADIOB9DKYNVY_F2GY81-T-P HTTP/1.1" 200 64 "-" "Cpanel-HTTP-Client/1.0"
199.250.200.62 - - [25/Jun/2026:13:25:10 -0400] "GET /.well-known/acme-challenge/P6JZOOVALMNUUI6TH9PMPST-_JSX5NQ6 HTTP/1.1" 200 64 "-" "Cpanel-HTTP-Client/1.0"
199.250.200.62 - - [25/Jun/2026:13:30:04 -0400] "GET /?rets_import_cron_job=1 HTTP/1.1" 200 - "-" "Wget/1.14 (linux-gnu)"
199.250.200.62 - - [25/Jun/2026:13:30:06 -0400] "GET /?wpl_do_cronjobs=1 HTTP/1.1" 200 - "-" "Wget/1.14 (linux-gnu)"
199.250.200.62 - - [25/Jun/2026:13:30:06 -0400] "GET /?rets_purge_cron_job=1 HTTP/1.1" 500 2749 "-" "Wget/1.14 (linux-gnu)"
199.250.200.62 - - [25/Jun/2026:13:35:01 -0400] "GET /?wpl_do_cronjobs=1 HTTP/1.1" 200 - "-" "Wget/1.14 (linux-gnu)"
199.250.200.62 - - [25/Jun/2026:13:36:01 -0400] "GET /?rets_import_cron_job=1 HTTP/1.1" 200 - "-" "Wget/1.14 (linux-gnu)"
43.165.126.130 - - [25/Jun/2026:13:36:30 -0400] "GET / HTTP/1.1" 301 - "-" "Mozilla/5.0 (iPhone; CPU iPhone OS 13_2_3 like Mac OS X) AppleWebKit/605.1.15 (KHTML, like Gecko) Version/13.0.3 Mobile/15E148 Safari/604.1"
147.135.213.153 - - [25/Jun/2026:13:36:38 -0400] "GET /robots.txt HTTP/1.1" 200 112 "-" "Mozilla/5.0 (compatible; MJ12bot/v1.4.8; http://mj12bot.com/)"
147.135.213.153 - - [25/Jun/2026:13:36:40 -0400] "GET /properties/4009-/ HTTP/1.1" 200 40130 "-" "Mozilla/5.0 (compatible; MJ12bot/v1.4.8; http://mj12bot.com/)"
147.135.213.153 - - [25/Jun/2026:13:36:51 -0400] "GET /properties/4020-/ HTTP/1.1" 200 40130 "-" "Mozilla/5.0 (compatible; MJ12bot/v1.4.8; http://mj12bot.com/)"
199.250.200.62 - - [25/Jun/2026:13:40:01 -0400] "GET /?wpl_do_cronjobs=1 HTTP/1.1" 200 - "-" "Wget/1.14 (linux-gnu)"
199.250.200.62 - - [25/Jun/2026:13:42:01 -0400] "GET /?rets_import_cron_job=1 HTTP/1.1" 200 - "-" "Wget/1.14 (linux-gnu)"
199.250.200.62 - - [25/Jun/2026:13:45:05 -0400] "GET /?wpl_do_cronjobs=1 HTTP/1.1" 200 - "-" "Wget/1.14 (linux-gnu)"
199.250.200.62 - - [25/Jun/2026:13:45:05 -0400] "GET /?rets_purge_cron_job=1 HTTP/1.1" 500 2749 "-" "Wget/1.14 (linux-gnu)"
199.250.200.62 - - [25/Jun/2026:13:48:02 -0400] "GET /?rets_import_cron_job=1 HTTP/1.1" 200 - "-" "Wget/1.14 (linux-gnu)"
199.250.200.62 - - [25/Jun/2026:13:50:01 -0400] "GET /?wpl_do_cronjobs=1 HTTP/1.1" 200 - "-" "Wget/1.14 (linux-gnu)"
199.250.200.62 - - [25/Jun/2026:13:54:01 -0400] "GET /?rets_import_cron_job=1 HTTP/1.1" 200 - "-" "Wget/1.14 (linux-gnu)"
199.250.200.62 - - [25/Jun/2026:13:55:01 -0400] "GET /?wpl_do_cronjobs=1 HTTP/1.1" 200 - "-" "Wget/1.14 (linux-gnu)"
199.250.200.62 - - [25/Jun/2026:14:00:03 -0400] "GET /?rets_import_cron_job=1 HTTP/1.1" 200 - "-" "Wget/1.14 (linux-gnu)"
199.250.200.62 - - [25/Jun/2026:14:00:04 -0400] "GET /?wpl_do_cronjobs=1 HTTP/1.1" 200 - "-" "Wget/1.14 (linux-gnu)"
199.250.200.62 - - [25/Jun/2026:14:00:04 -0400] "GET /?rets_purge_cron_job=1 HTTP/1.1" 500 2749 "-" "Wget/1.14 (linux-gnu)"
34.26.190.237 - - [25/Jun/2026:14:01:19 -0400] "HEAD / HTTP/1.1" 301 - "-" "Mozilla/5.0 (Windows NT 10.0; Win64; x64) AppleWebKit/537.36 (KHTML, like Gecko) Chrome/127.0.6534.42 Safari/537.36"
34.26.190.237 - - [25/Jun/2026:14:01:21 -0400] "HEAD /wp/ HTTP/1.1" 301 - "-" "Mozilla/5.0 (Macintosh; Intel Mac OS X 14_5) AppleWebKit/605.1.15 (KHTML, like Gecko) Version/17.5 Safari/605.1.15"
34.26.190.237 - - [25/Jun/2026:14:01:22 -0400] "HEAD /wp/ HTTP/1.1" 404 - "http://www.jasonpicht.com/wp/" "Mozilla/5.0 (Macintosh; Intel Mac OS X 14_5) AppleWebKit/605.1.15 (KHTML, like Gecko) Version/17.5 Safari/605.1.15"
34.26.190.237 - - [25/Jun/2026:14:01:23 -0400] "HEAD /new/ HTTP/1.1" 301 - "-" "Mozilla/5.0 (Windows NT 10.0; Win64; x64) AppleWebKit/537.36 (KHTML, like Gecko) Chrome/125.0.6422.112 Safari/537.36 Brave/1.63.120"
34.26.190.237 - - [25/Jun/2026:14:01:24 -0400] "HEAD /new/ HTTP/1.1" 404 - "http://www.jasonpicht.com/new/" "Mozilla/5.0 (Windows NT 10.0; Win64; x64) AppleWebKit/537.36 (KHTML, like Gecko) Chrome/125.0.6422.112 Safari/537.36 Brave/1.63.120"
34.26.190.237 - - [25/Jun/2026:14:01:25 -0400] "HEAD /blog/ HTTP/1.1" 301 - "-" "Mozilla/5.0 (Linux; U; Android 10; en-US; CPH2015) AppleWebKit/537.36 (KHTML, like Gecko) UCBrowser/13.5.8.1311 Mobile Safari/537.36"
34.26.190.237 - - [25/Jun/2026:14:01:25 -0400] "HEAD /blog/ HTTP/1.1" 404 - "http://www.jasonpicht.com/blog/" "Mozilla/5.0 (Linux; U; Android 10; en-US; CPH2015) AppleWebKit/537.36 (KHTML, like Gecko) UCBrowser/13.5.8.1311 Mobile Safari/537.36"
34.26.190.237 - - [25/Jun/2026:14:01:26 -0400] "HEAD /backup/ HTTP/1.1" 301 - "-" "Mozilla/5.0 (Windows NT 10.0; Win64; x64) AppleWebKit/537.36 (KHTML, like Gecko) Chrome/127.0.6534.42 Safari/537.36"
34.26.190.237 - - [25/Jun/2026:14:01:27 -0400] "HEAD /backup/ HTTP/1.1" 404 - "http://www.jasonpicht.com/backup/" "Mozilla/5.0 (Windows NT 10.0; Win64; x64) AppleWebKit/537.36 (KHTML, like Gecko) Chrome/127.0.6534.42 Safari/537.36"
34.26.190.237 - - [25/Jun/2026:14:01:28 -0400] "HEAD /wordpress/ HTTP/1.1" 301 - "-" "Mozilla/5.0 (Linux; Android 14; Xiaomi 14 Pro) AppleWebKit/537.36 (KHTML, like Gecko) Chrome/126.0.6478.33 Mobile Safari/537.36"
34.26.190.237 - - [25/Jun/2026:14:01:28 -0400] "HEAD /wordpress/ HTTP/1.1" 404 - "http://www.jasonpicht.com/wordpress/" "Mozilla/5.0 (Linux; Android 14; Xiaomi 14 Pro) AppleWebKit/537.36 (KHTML, like Gecko) Chrome/126.0.6478.33 Mobile Safari/537.36"
34.26.190.237 - - [25/Jun/2026:14:01:29 -0400] "HEAD /old/ HTTP/1.1" 301 - "-" "Mozilla/5.0 (X11; Linux x86_64; rv:127.0) Gecko/20100101 Firefox/127.0"
34.26.190.237 - - [25/Jun/2026:14:01:30 -0400] "HEAD /old/ HTTP/1.1" 404 - "http://www.jasonpicht.com/old/" "Mozilla/5.0 (X11; Linux x86_64; rv:127.0) Gecko/20100101 Firefox/127.0"
199.250.200.62 - - [25/Jun/2026:14:05:01 -0400] "GET /?wpl_do_cronjobs=1 HTTP/1.1" 200 - "-" "Wget/1.14 (linux-gnu)"
199.250.200.62 - - [25/Jun/2026:14:06:01 -0400] "GET /?rets_import_cron_job=1 HTTP/1.1" 200 - "-" "Wget/1.14 (linux-gnu)"
199.250.200.62 - - [25/Jun/2026:14:10:01 -0400] "GET /?wpl_do_cronjobs=1 HTTP/1.1" 200 - "-" "Wget/1.14 (linux-gnu)"
199.250.200.62 - - [25/Jun/2026:14:12:01 -0400] "GET /?rets_import_cron_job=1 HTTP/1.1" 200 - "-" "Wget/1.14 (linux-gnu)"

Hry